Back to Multiple platform build/check report for BioC 3.19: simplified long |
|
This page was generated on 2024-07-24 09:04 -0400 (Wed, 24 Jul 2024).
Hostname | OS | Arch (*) | R version | Installed pkgs |
---|---|---|---|---|
nebbiolo1 | Linux (Ubuntu 22.04.3 LTS) | x86_64 | 4.4.1 (2024-06-14) -- "Race for Your Life" | 4747 |
palomino7 | Windows Server 2022 Datacenter | x64 | 4.4.1 (2024-06-14 ucrt) -- "Race for Your Life" | 4489 |
merida1 | macOS 12.7.5 Monterey | x86_64 | 4.4.1 (2024-06-14) -- "Race for Your Life" | 4518 |
kjohnson1 | macOS 13.6.6 Ventura | arm64 | 4.4.1 (2024-06-14) -- "Race for Your Life" | 4467 |
Click on any hostname to see more info about the system (e.g. compilers) (*) as reported by 'uname -p', except on Windows and Mac OS X |
Package 906/2300 | Hostname | OS / Arch | INSTALL | BUILD | CHECK | BUILD BIN | ||||||||
GRaNIE 1.8.0 (landing page) Christian Arnold
| nebbiolo1 | Linux (Ubuntu 22.04.3 LTS) / x86_64 | OK | OK | WARNINGS | |||||||||
palomino7 | Windows Server 2022 Datacenter / x64 | OK | OK | WARNINGS | OK | |||||||||
merida1 | macOS 12.7.5 Monterey / x86_64 | OK | OK | WARNINGS | OK | |||||||||
kjohnson1 | macOS 13.6.6 Ventura / arm64 | OK | OK | WARNINGS | OK | |||||||||
To the developers/maintainers of the GRaNIE package: - Allow up to 24 hours (and sometimes 48 hours) for your latest push to git@git.bioconductor.org:packages/GRaNIE.git to reflect on this report. See Troubleshooting Build Report for more information. - Use the following Renviron settings to reproduce errors and warnings. - If 'R CMD check' started to fail recently on the Linux builder(s) over a missing dependency, add the missing dependency to 'Suggests:' in your DESCRIPTION file. See Renviron.bioc for more information. |
Package: GRaNIE |
Version: 1.8.0 |
Command: E:\biocbuild\bbs-3.19-bioc\R\bin\R.exe CMD check --no-multiarch --install=check:GRaNIE.install-out.txt --library=E:\biocbuild\bbs-3.19-bioc\R\library --no-vignettes --timings GRaNIE_1.8.0.tar.gz |
StartedAt: 2024-07-22 02:39:37 -0400 (Mon, 22 Jul 2024) |
EndedAt: 2024-07-22 02:49:56 -0400 (Mon, 22 Jul 2024) |
EllapsedTime: 618.7 seconds |
RetCode: 0 |
Status: WARNINGS |
CheckDir: GRaNIE.Rcheck |
Warnings: 2 |
############################################################################## ############################################################################## ### ### Running command: ### ### E:\biocbuild\bbs-3.19-bioc\R\bin\R.exe CMD check --no-multiarch --install=check:GRaNIE.install-out.txt --library=E:\biocbuild\bbs-3.19-bioc\R\library --no-vignettes --timings GRaNIE_1.8.0.tar.gz ### ############################################################################## ############################################################################## * using log directory 'E:/biocbuild/bbs-3.19-bioc/meat/GRaNIE.Rcheck' * using R version 4.4.1 (2024-06-14 ucrt) * using platform: x86_64-w64-mingw32 * R was compiled by gcc.exe (GCC) 13.2.0 GNU Fortran (GCC) 13.2.0 * running under: Windows Server 2022 x64 (build 20348) * using session charset: UTF-8 * using option '--no-vignettes' * checking for file 'GRaNIE/DESCRIPTION' ... OK * this is package 'GRaNIE' version '1.8.0' * package encoding: UTF-8 * checking package namespace information ... OK * checking package dependencies ... OK * checking if this is a source package ... OK * checking if there is a namespace ... OK * checking for hidden files and directories ... OK * checking for portable file names ... OK * checking whether package 'GRaNIE' can be installed ... WARNING Found the following significant warnings: Warning: replacing previous import 'GenomicRanges::windows' by 'grDevices::windows' when loading 'GRaNIE' See 'E:/biocbuild/bbs-3.19-bioc/meat/GRaNIE.Rcheck/00install.out' for details. * checking installed package size ... OK * checking package directory ... OK * checking 'build' directory ... OK * checking DESCRIPTION meta-information ... OK * checking top-level files ... OK * checking for left-over files ... OK * checking index information ... OK * checking package subdirectories ... OK * checking code files for non-ASCII characters ... OK * checking R files for syntax errors ... OK * checking whether the package can be loaded ... OK * checking whether the package can be loaded with stated dependencies ... OK * checking whether the package can be unloaded cleanly ... OK * checking whether the namespace can be loaded with stated dependencies ... OK * checking whether the namespace can be unloaded cleanly ... OK * checking whether startup messages can be suppressed ... OK * checking dependencies in R code ... WARNING Missing or unexported object: 'AnnotationHub::getAnnotationHub' * checking S3 generic/method consistency ... OK * checking replacement functions ... OK * checking foreign function calls ... OK * checking R code for possible problems ... NOTE .getAnnotationHub: no visible global function definition for 'is' .performIHW: no visible binding for global variable 'adj_pvalue' .retrieveAnnotationData: no visible global function definition for 'is' Undefined global functions or variables: adj_pvalue is Consider adding importFrom("methods", "is") to your NAMESPACE file (and ensure that your DESCRIPTION Imports field contains 'methods'). * checking Rd files ... NOTE checkRd: (-1) addData.Rd:36: Lost braces; missing escapes or markup? 36 | The required format must be {chr}:{start}-{end}", with {chr} denoting the abbreviated chromosome name, and {start} and {end} the begin and end | ^ checkRd: (-1) addData.Rd:36: Lost braces; missing escapes or markup? 36 | The required format must be {chr}:{start}-{end}", with {chr} denoting the abbreviated chromosome name, and {start} and {end} the begin and end | ^ checkRd: (-1) addData.Rd:36: Lost braces; missing escapes or markup? 36 | The required format must be {chr}:{start}-{end}", with {chr} denoting the abbreviated chromosome name, and {start} and {end} the begin and end | ^ checkRd: (-1) addData.Rd:36: Lost braces; missing escapes or markup? 36 | The required format must be {chr}:{start}-{end}", with {chr} denoting the abbreviated chromosome name, and {start} and {end} the begin and end | ^ checkRd: (-1) addData.Rd:36: Lost braces; missing escapes or markup? 36 | The required format must be {chr}:{start}-{end}", with {chr} denoting the abbreviated chromosome name, and {start} and {end} the begin and end | ^ checkRd: (-1) addData.Rd:36: Lost braces; missing escapes or markup? 36 | The required format must be {chr}:{start}-{end}", with {chr} denoting the abbreviated chromosome name, and {start} and {end} the begin and end | ^ * checking Rd metadata ... OK * checking Rd cross-references ... OK * checking for missing documentation entries ... OK * checking for code/documentation mismatches ... OK * checking Rd \usage sections ... OK * checking Rd contents ... OK * checking for unstated dependencies in examples ... OK * checking files in 'vignettes' ... OK * checking examples ... OK Examples with CPU (user + system) or elapsed time > 5s user system elapsed generateStatsSummary 8.98 0.37 9.81 addConnections_TF_peak 6.46 1.94 11.95 addSNPData 7.29 0.58 21.51 plotDiagnosticPlots_peakGene 6.48 0.20 7.09 calculateCommunitiesEnrichment 4.95 0.21 6.74 plotPCA_all 4.23 0.33 5.03 * checking for unstated dependencies in vignettes ... OK * checking package vignettes ... OK * checking running R code from vignettes ... SKIPPED * checking re-building of vignette outputs ... SKIPPED * checking PDF version of manual ... OK * DONE Status: 2 WARNINGs, 2 NOTEs See 'E:/biocbuild/bbs-3.19-bioc/meat/GRaNIE.Rcheck/00check.log' for details.
GRaNIE.Rcheck/00install.out
############################################################################## ############################################################################## ### ### Running command: ### ### E:\biocbuild\bbs-3.19-bioc\R\bin\R.exe CMD INSTALL GRaNIE ### ############################################################################## ############################################################################## * installing to library 'E:/biocbuild/bbs-3.19-bioc/R/library' * installing *source* package 'GRaNIE' ... ** using staged installation ** R ** byte-compile and prepare package for lazy loading Warning: replacing previous import 'GenomicRanges::windows' by 'grDevices::windows' when loading 'GRaNIE' ** help *** installing help indices *** copying figures ** building package indices ** installing vignettes ** testing if installed package can be loaded from temporary location Warning: replacing previous import 'GenomicRanges::windows' by 'grDevices::windows' when loading 'GRaNIE' ** testing if installed package can be loaded from final location Warning: replacing previous import 'GenomicRanges::windows' by 'grDevices::windows' when loading 'GRaNIE' ** testing if installed package keeps a record of temporary installation path * DONE (GRaNIE)
GRaNIE.Rcheck/GRaNIE-Ex.timings
name | user | system | elapsed | |
AR_classification_wrapper | 0 | 0 | 0 | |
addConnections_TF_peak | 6.46 | 1.94 | 11.95 | |
addConnections_peak_gene | 3.49 | 0.11 | 4.03 | |
addData | 0 | 0 | 0 | |
addSNPData | 7.29 | 0.58 | 21.51 | |
addTFBS | 0 | 0 | 0 | |
add_TF_gene_correlation | 2.38 | 0.16 | 2.97 | |
add_featureVariation | 0 | 0 | 0 | |
build_eGRN_graph | 2.36 | 0.11 | 3.62 | |
calculateCommunitiesEnrichment | 4.95 | 0.21 | 6.74 | |
calculateCommunitiesStats | 2.14 | 0.16 | 2.68 | |
calculateGeneralEnrichment | 2.83 | 0.13 | 3.35 | |
calculateTFEnrichment | 2.58 | 0.17 | 3.20 | |
changeOutputDirectory | 3.31 | 0.14 | 3.89 | |
deleteIntermediateData | 2.24 | 0.11 | 2.72 | |
filterConnectionsForPlotting | 2.46 | 0.06 | 2.95 | |
filterData | 3.07 | 0.09 | 3.57 | |
filterGRNAndConnectGenes | 2.42 | 0.07 | 2.92 | |
generateStatsSummary | 8.98 | 0.37 | 9.81 | |
getCounts | 2.33 | 0.14 | 2.90 | |
getGRNConnections | 2.10 | 0.11 | 2.60 | |
getGRNSummary | 3.10 | 0.13 | 3.71 | |
getParameters | 3.33 | 0.18 | 3.93 | |
getTopNodes | 1.97 | 0.13 | 2.50 | |
initializeGRN | 0.03 | 0.01 | 0.04 | |
loadExampleObject | 2.11 | 0.13 | 2.68 | |
nGenes | 3.39 | 0.06 | 3.85 | |
nPeaks | 1.89 | 0.14 | 2.44 | |
nTFs | 2.10 | 0.06 | 2.60 | |
overlapPeaksAndTFBS | 2.09 | 0.08 | 2.61 | |
performAllNetworkAnalyses | 0 | 0 | 0 | |
plotCommunitiesEnrichment | 3.97 | 0.25 | 4.64 | |
plotCommunitiesStats | 3.64 | 0.19 | 4.27 | |
plotCorrelations | 3.81 | 0.14 | 4.43 | |
plotDiagnosticPlots_TFPeaks | 4.02 | 0.17 | 4.63 | |
plotDiagnosticPlots_peakGene | 6.48 | 0.20 | 7.09 | |
plotGeneralEnrichment | 2.13 | 0.08 | 2.58 | |
plotGeneralGraphStats | 3.50 | 0.12 | 4.08 | |
plotPCA_all | 4.23 | 0.33 | 5.03 | |
plotTFEnrichment | 2.80 | 0.11 | 3.50 | |
plot_stats_connectionSummary | 3.05 | 0.53 | 3.38 | |
visualizeGRN | 4.40 | 0.25 | 4.92 | |