Back to Multiple platform build/check report for BioC 3.19: simplified long |
|
This page was generated on 2024-07-24 09:06 -0400 (Wed, 24 Jul 2024).
Hostname | OS | Arch (*) | R version | Installed pkgs |
---|---|---|---|---|
nebbiolo1 | Linux (Ubuntu 22.04.3 LTS) | x86_64 | 4.4.1 (2024-06-14) -- "Race for Your Life" | 4747 |
palomino7 | Windows Server 2022 Datacenter | x64 | 4.4.1 (2024-06-14 ucrt) -- "Race for Your Life" | 4489 |
merida1 | macOS 12.7.5 Monterey | x86_64 | 4.4.1 (2024-06-14) -- "Race for Your Life" | 4518 |
kjohnson1 | macOS 13.6.6 Ventura | arm64 | 4.4.1 (2024-06-14) -- "Race for Your Life" | 4467 |
Click on any hostname to see more info about the system (e.g. compilers) (*) as reported by 'uname -p', except on Windows and Mac OS X |
Package 906/2300 | Hostname | OS / Arch | INSTALL | BUILD | CHECK | BUILD BIN | ||||||||
GRaNIE 1.8.0 (landing page) Christian Arnold
| nebbiolo1 | Linux (Ubuntu 22.04.3 LTS) / x86_64 | OK | OK | WARNINGS | |||||||||
palomino7 | Windows Server 2022 Datacenter / x64 | OK | OK | WARNINGS | OK | |||||||||
merida1 | macOS 12.7.5 Monterey / x86_64 | OK | OK | WARNINGS | OK | |||||||||
kjohnson1 | macOS 13.6.6 Ventura / arm64 | OK | OK | WARNINGS | OK | |||||||||
To the developers/maintainers of the GRaNIE package: - Allow up to 24 hours (and sometimes 48 hours) for your latest push to git@git.bioconductor.org:packages/GRaNIE.git to reflect on this report. See Troubleshooting Build Report for more information. - Use the following Renviron settings to reproduce errors and warnings. - If 'R CMD check' started to fail recently on the Linux builder(s) over a missing dependency, add the missing dependency to 'Suggests:' in your DESCRIPTION file. See Renviron.bioc for more information. |
Package: GRaNIE |
Version: 1.8.0 |
Command: /Library/Frameworks/R.framework/Resources/bin/R CMD check --install=check:GRaNIE.install-out.txt --library=/Library/Frameworks/R.framework/Resources/library --no-vignettes --timings GRaNIE_1.8.0.tar.gz |
StartedAt: 2024-07-22 06:07:09 -0400 (Mon, 22 Jul 2024) |
EndedAt: 2024-07-22 06:24:43 -0400 (Mon, 22 Jul 2024) |
EllapsedTime: 1054.2 seconds |
RetCode: 0 |
Status: WARNINGS |
CheckDir: GRaNIE.Rcheck |
Warnings: 1 |
############################################################################## ############################################################################## ### ### Running command: ### ### /Library/Frameworks/R.framework/Resources/bin/R CMD check --install=check:GRaNIE.install-out.txt --library=/Library/Frameworks/R.framework/Resources/library --no-vignettes --timings GRaNIE_1.8.0.tar.gz ### ############################################################################## ############################################################################## * using log directory ‘/Users/biocbuild/bbs-3.19-bioc/meat/GRaNIE.Rcheck’ * using R version 4.4.1 (2024-06-14) * using platform: x86_64-apple-darwin20 * R was compiled by Apple clang version 14.0.0 (clang-1400.0.29.202) GNU Fortran (GCC) 12.2.0 * running under: macOS Monterey 12.7.5 * using session charset: UTF-8 * using option ‘--no-vignettes’ * checking for file ‘GRaNIE/DESCRIPTION’ ... OK * this is package ‘GRaNIE’ version ‘1.8.0’ * package encoding: UTF-8 * checking package namespace information ... OK * checking package dependencies ... OK * checking if this is a source package ... OK * checking if there is a namespace ... OK * checking for hidden files and directories ... OK * checking for portable file names ... OK * checking for sufficient/correct file permissions ... OK * checking whether package ‘GRaNIE’ can be installed ... OK * checking installed package size ... OK * checking package directory ... OK * checking ‘build’ directory ... OK * checking DESCRIPTION meta-information ... OK * checking top-level files ... OK * checking for left-over files ... OK * checking index information ... OK * checking package subdirectories ... OK * checking code files for non-ASCII characters ... OK * checking R files for syntax errors ... OK * checking whether the package can be loaded ... OK * checking whether the package can be loaded with stated dependencies ... OK * checking whether the package can be unloaded cleanly ... OK * checking whether the namespace can be loaded with stated dependencies ... OK * checking whether the namespace can be unloaded cleanly ... OK * checking whether startup messages can be suppressed ... OK * checking dependencies in R code ... WARNING Missing or unexported object: 'AnnotationHub::getAnnotationHub' * checking S3 generic/method consistency ... OK * checking replacement functions ... OK * checking foreign function calls ... OK * checking R code for possible problems ... NOTE .getAnnotationHub: no visible global function definition for 'is' .performIHW: no visible binding for global variable 'adj_pvalue' .retrieveAnnotationData: no visible global function definition for 'is' Undefined global functions or variables: adj_pvalue is Consider adding importFrom("methods", "is") to your NAMESPACE file (and ensure that your DESCRIPTION Imports field contains 'methods'). * checking Rd files ... NOTE checkRd: (-1) addData.Rd:36: Lost braces; missing escapes or markup? 36 | The required format must be {chr}:{start}-{end}", with {chr} denoting the abbreviated chromosome name, and {start} and {end} the begin and end | ^ checkRd: (-1) addData.Rd:36: Lost braces; missing escapes or markup? 36 | The required format must be {chr}:{start}-{end}", with {chr} denoting the abbreviated chromosome name, and {start} and {end} the begin and end | ^ checkRd: (-1) addData.Rd:36: Lost braces; missing escapes or markup? 36 | The required format must be {chr}:{start}-{end}", with {chr} denoting the abbreviated chromosome name, and {start} and {end} the begin and end | ^ checkRd: (-1) addData.Rd:36: Lost braces; missing escapes or markup? 36 | The required format must be {chr}:{start}-{end}", with {chr} denoting the abbreviated chromosome name, and {start} and {end} the begin and end | ^ checkRd: (-1) addData.Rd:36: Lost braces; missing escapes or markup? 36 | The required format must be {chr}:{start}-{end}", with {chr} denoting the abbreviated chromosome name, and {start} and {end} the begin and end | ^ checkRd: (-1) addData.Rd:36: Lost braces; missing escapes or markup? 36 | The required format must be {chr}:{start}-{end}", with {chr} denoting the abbreviated chromosome name, and {start} and {end} the begin and end | ^ * checking Rd metadata ... OK * checking Rd cross-references ... OK * checking for missing documentation entries ... OK * checking for code/documentation mismatches ... OK * checking Rd \usage sections ... OK * checking Rd contents ... OK * checking for unstated dependencies in examples ... OK * checking files in ‘vignettes’ ... OK * checking examples ... OK Examples with CPU (user + system) or elapsed time > 5s user system elapsed generateStatsSummary 13.621 0.237 18.263 addSNPData 9.111 0.378 13.240 plotDiagnosticPlots_peakGene 9.248 0.180 12.222 addConnections_TF_peak 7.337 1.397 11.673 plotDiagnosticPlots_TFPeaks 6.602 0.159 8.788 visualizeGRN 6.507 0.163 9.109 plotCommunitiesEnrichment 6.150 0.245 8.208 calculateCommunitiesEnrichment 6.029 0.177 8.210 plotPCA_all 5.794 0.189 8.093 getGRNSummary 5.706 0.136 7.837 plotCommunitiesStats 5.501 0.098 7.306 plotGeneralGraphStats 5.169 0.097 7.078 plotCorrelations 5.026 0.146 6.887 plotTFEnrichment 4.519 0.105 6.391 plot_stats_connectionSummary 4.488 0.122 6.228 nGenes 4.317 0.123 6.127 changeOutputDirectory 4.288 0.097 6.163 addConnections_peak_gene 4.164 0.101 5.914 calculateTFEnrichment 4.067 0.093 6.055 calculateGeneralEnrichment 3.721 0.141 5.820 getCounts 3.225 0.100 5.023 * checking for unstated dependencies in vignettes ... OK * checking package vignettes ... OK * checking running R code from vignettes ... SKIPPED * checking re-building of vignette outputs ... SKIPPED * checking PDF version of manual ... OK * DONE Status: 1 WARNING, 2 NOTEs See ‘/Users/biocbuild/bbs-3.19-bioc/meat/GRaNIE.Rcheck/00check.log’ for details.
GRaNIE.Rcheck/00install.out
############################################################################## ############################################################################## ### ### Running command: ### ### /Library/Frameworks/R.framework/Resources/bin/R CMD INSTALL GRaNIE ### ############################################################################## ############################################################################## * installing to library ‘/Library/Frameworks/R.framework/Versions/4.4-x86_64/Resources/library’ * installing *source* package ‘GRaNIE’ ... ** using staged installation ** R ** byte-compile and prepare package for lazy loading ** help *** installing help indices *** copying figures ** building package indices ** installing vignettes ** testing if installed package can be loaded from temporary location ** testing if installed package can be loaded from final location ** testing if installed package keeps a record of temporary installation path * DONE (GRaNIE)
GRaNIE.Rcheck/GRaNIE-Ex.timings
name | user | system | elapsed | |
AR_classification_wrapper | 0.000 | 0.000 | 0.001 | |
addConnections_TF_peak | 7.337 | 1.397 | 11.673 | |
addConnections_peak_gene | 4.164 | 0.101 | 5.914 | |
addData | 0.001 | 0.001 | 0.001 | |
addSNPData | 9.111 | 0.378 | 13.240 | |
addTFBS | 0.000 | 0.000 | 0.001 | |
add_TF_gene_correlation | 2.893 | 0.089 | 4.233 | |
add_featureVariation | 0 | 0 | 0 | |
build_eGRN_graph | 2.947 | 0.091 | 4.312 | |
calculateCommunitiesEnrichment | 6.029 | 0.177 | 8.210 | |
calculateCommunitiesStats | 2.969 | 0.132 | 4.257 | |
calculateGeneralEnrichment | 3.721 | 0.141 | 5.820 | |
calculateTFEnrichment | 4.067 | 0.093 | 6.055 | |
changeOutputDirectory | 4.288 | 0.097 | 6.163 | |
deleteIntermediateData | 2.926 | 0.077 | 4.161 | |
filterConnectionsForPlotting | 3.110 | 0.086 | 4.385 | |
filterData | 3.679 | 0.093 | 4.949 | |
filterGRNAndConnectGenes | 3.014 | 0.079 | 4.223 | |
generateStatsSummary | 13.621 | 0.237 | 18.263 | |
getCounts | 3.225 | 0.100 | 5.023 | |
getGRNConnections | 3.078 | 0.098 | 4.818 | |
getGRNSummary | 5.706 | 0.136 | 7.837 | |
getParameters | 2.941 | 0.079 | 4.209 | |
getTopNodes | 3.150 | 0.081 | 4.431 | |
initializeGRN | 0.043 | 0.004 | 0.059 | |
loadExampleObject | 3.057 | 0.103 | 4.357 | |
nGenes | 4.317 | 0.123 | 6.127 | |
nPeaks | 2.912 | 0.072 | 4.099 | |
nTFs | 3.010 | 0.080 | 4.274 | |
overlapPeaksAndTFBS | 2.895 | 0.071 | 3.973 | |
performAllNetworkAnalyses | 0.001 | 0.000 | 0.001 | |
plotCommunitiesEnrichment | 6.150 | 0.245 | 8.208 | |
plotCommunitiesStats | 5.501 | 0.098 | 7.306 | |
plotCorrelations | 5.026 | 0.146 | 6.887 | |
plotDiagnosticPlots_TFPeaks | 6.602 | 0.159 | 8.788 | |
plotDiagnosticPlots_peakGene | 9.248 | 0.180 | 12.222 | |
plotGeneralEnrichment | 3.516 | 0.081 | 4.815 | |
plotGeneralGraphStats | 5.169 | 0.097 | 7.078 | |
plotPCA_all | 5.794 | 0.189 | 8.093 | |
plotTFEnrichment | 4.519 | 0.105 | 6.391 | |
plot_stats_connectionSummary | 4.488 | 0.122 | 6.228 | |
visualizeGRN | 6.507 | 0.163 | 9.109 | |