Back to Multiple platform build/check report for BioC 3.19: simplified long |
|
This page was generated on 2024-07-24 09:07 -0400 (Wed, 24 Jul 2024).
Hostname | OS | Arch (*) | R version | Installed pkgs |
---|---|---|---|---|
nebbiolo1 | Linux (Ubuntu 22.04.3 LTS) | x86_64 | 4.4.1 (2024-06-14) -- "Race for Your Life" | 4747 |
palomino7 | Windows Server 2022 Datacenter | x64 | 4.4.1 (2024-06-14 ucrt) -- "Race for Your Life" | 4489 |
merida1 | macOS 12.7.5 Monterey | x86_64 | 4.4.1 (2024-06-14) -- "Race for Your Life" | 4518 |
kjohnson1 | macOS 13.6.6 Ventura | arm64 | 4.4.1 (2024-06-14) -- "Race for Your Life" | 4467 |
Click on any hostname to see more info about the system (e.g. compilers) (*) as reported by 'uname -p', except on Windows and Mac OS X |
Package 906/2300 | Hostname | OS / Arch | INSTALL | BUILD | CHECK | BUILD BIN | ||||||||
GRaNIE 1.8.0 (landing page) Christian Arnold
| nebbiolo1 | Linux (Ubuntu 22.04.3 LTS) / x86_64 | OK | OK | WARNINGS | |||||||||
palomino7 | Windows Server 2022 Datacenter / x64 | OK | OK | WARNINGS | OK | |||||||||
merida1 | macOS 12.7.5 Monterey / x86_64 | OK | OK | WARNINGS | OK | |||||||||
kjohnson1 | macOS 13.6.6 Ventura / arm64 | OK | OK | WARNINGS | OK | |||||||||
To the developers/maintainers of the GRaNIE package: - Allow up to 24 hours (and sometimes 48 hours) for your latest push to git@git.bioconductor.org:packages/GRaNIE.git to reflect on this report. See Troubleshooting Build Report for more information. - Use the following Renviron settings to reproduce errors and warnings. - If 'R CMD check' started to fail recently on the Linux builder(s) over a missing dependency, add the missing dependency to 'Suggests:' in your DESCRIPTION file. See Renviron.bioc for more information. |
Package: GRaNIE |
Version: 1.8.0 |
Command: /Library/Frameworks/R.framework/Resources/bin/R CMD check --install=check:GRaNIE.install-out.txt --library=/Library/Frameworks/R.framework/Resources/library --no-vignettes --timings GRaNIE_1.8.0.tar.gz |
StartedAt: 2024-07-22 22:57:41 -0400 (Mon, 22 Jul 2024) |
EndedAt: 2024-07-22 23:07:03 -0400 (Mon, 22 Jul 2024) |
EllapsedTime: 561.2 seconds |
RetCode: 0 |
Status: WARNINGS |
CheckDir: GRaNIE.Rcheck |
Warnings: 1 |
############################################################################## ############################################################################## ### ### Running command: ### ### /Library/Frameworks/R.framework/Resources/bin/R CMD check --install=check:GRaNIE.install-out.txt --library=/Library/Frameworks/R.framework/Resources/library --no-vignettes --timings GRaNIE_1.8.0.tar.gz ### ############################################################################## ############################################################################## * using log directory ‘/Users/biocbuild/bbs-3.19-bioc/meat/GRaNIE.Rcheck’ * using R version 4.4.1 (2024-06-14) * using platform: aarch64-apple-darwin20 * R was compiled by Apple clang version 14.0.0 (clang-1400.0.29.202) GNU Fortran (GCC) 12.2.0 * running under: macOS Ventura 13.6.6 * using session charset: UTF-8 * using option ‘--no-vignettes’ * checking for file ‘GRaNIE/DESCRIPTION’ ... OK * this is package ‘GRaNIE’ version ‘1.8.0’ * package encoding: UTF-8 * checking package namespace information ... OK * checking package dependencies ... OK * checking if this is a source package ... OK * checking if there is a namespace ... OK * checking for hidden files and directories ... OK * checking for portable file names ... OK * checking for sufficient/correct file permissions ... OK * checking whether package ‘GRaNIE’ can be installed ... OK * checking installed package size ... OK * checking package directory ... OK * checking ‘build’ directory ... OK * checking DESCRIPTION meta-information ... OK * checking top-level files ... OK * checking for left-over files ... OK * checking index information ... OK * checking package subdirectories ... OK * checking code files for non-ASCII characters ... OK * checking R files for syntax errors ... OK * checking whether the package can be loaded ... OK * checking whether the package can be loaded with stated dependencies ... OK * checking whether the package can be unloaded cleanly ... OK * checking whether the namespace can be loaded with stated dependencies ... OK * checking whether the namespace can be unloaded cleanly ... OK * checking whether startup messages can be suppressed ... OK * checking dependencies in R code ... WARNING Missing or unexported object: 'AnnotationHub::getAnnotationHub' * checking S3 generic/method consistency ... OK * checking replacement functions ... OK * checking foreign function calls ... OK * checking R code for possible problems ... NOTE .getAnnotationHub: no visible global function definition for 'is' .performIHW: no visible binding for global variable 'adj_pvalue' .retrieveAnnotationData: no visible global function definition for 'is' Undefined global functions or variables: adj_pvalue is Consider adding importFrom("methods", "is") to your NAMESPACE file (and ensure that your DESCRIPTION Imports field contains 'methods'). * checking Rd files ... NOTE checkRd: (-1) addData.Rd:36: Lost braces; missing escapes or markup? 36 | The required format must be {chr}:{start}-{end}", with {chr} denoting the abbreviated chromosome name, and {start} and {end} the begin and end | ^ checkRd: (-1) addData.Rd:36: Lost braces; missing escapes or markup? 36 | The required format must be {chr}:{start}-{end}", with {chr} denoting the abbreviated chromosome name, and {start} and {end} the begin and end | ^ checkRd: (-1) addData.Rd:36: Lost braces; missing escapes or markup? 36 | The required format must be {chr}:{start}-{end}", with {chr} denoting the abbreviated chromosome name, and {start} and {end} the begin and end | ^ checkRd: (-1) addData.Rd:36: Lost braces; missing escapes or markup? 36 | The required format must be {chr}:{start}-{end}", with {chr} denoting the abbreviated chromosome name, and {start} and {end} the begin and end | ^ checkRd: (-1) addData.Rd:36: Lost braces; missing escapes or markup? 36 | The required format must be {chr}:{start}-{end}", with {chr} denoting the abbreviated chromosome name, and {start} and {end} the begin and end | ^ checkRd: (-1) addData.Rd:36: Lost braces; missing escapes or markup? 36 | The required format must be {chr}:{start}-{end}", with {chr} denoting the abbreviated chromosome name, and {start} and {end} the begin and end | ^ * checking Rd metadata ... OK * checking Rd cross-references ... OK * checking for missing documentation entries ... OK * checking for code/documentation mismatches ... OK * checking Rd \usage sections ... OK * checking Rd contents ... OK * checking for unstated dependencies in examples ... OK * checking files in ‘vignettes’ ... OK * checking examples ... OK Examples with CPU (user + system) or elapsed time > 5s user system elapsed generateStatsSummary 8.658 0.190 9.523 addSNPData 7.385 0.274 14.696 plotDiagnosticPlots_peakGene 7.215 0.154 8.092 addConnections_TF_peak 6.030 0.736 7.482 visualizeGRN 5.906 0.118 6.470 plotPCA_all 5.600 0.150 6.229 calculateCommunitiesEnrichment 5.280 0.119 5.823 getGRNSummary 5.039 0.098 5.573 plotCorrelations 4.811 0.099 5.391 plotCommunitiesEnrichment 4.634 0.145 5.250 changeOutputDirectory 4.329 0.079 5.298 addConnections_peak_gene 4.136 0.075 5.098 * checking for unstated dependencies in vignettes ... OK * checking package vignettes ... OK * checking running R code from vignettes ... SKIPPED * checking re-building of vignette outputs ... SKIPPED * checking PDF version of manual ... OK * DONE Status: 1 WARNING, 2 NOTEs See ‘/Users/biocbuild/bbs-3.19-bioc/meat/GRaNIE.Rcheck/00check.log’ for details.
GRaNIE.Rcheck/00install.out
############################################################################## ############################################################################## ### ### Running command: ### ### /Library/Frameworks/R.framework/Resources/bin/R CMD INSTALL GRaNIE ### ############################################################################## ############################################################################## * installing to library ‘/Library/Frameworks/R.framework/Versions/4.4-arm64/Resources/library’ * installing *source* package ‘GRaNIE’ ... ** using staged installation ** R ** byte-compile and prepare package for lazy loading ** help *** installing help indices *** copying figures ** building package indices ** installing vignettes ** testing if installed package can be loaded from temporary location ** testing if installed package can be loaded from final location ** testing if installed package keeps a record of temporary installation path * DONE (GRaNIE)
GRaNIE.Rcheck/GRaNIE-Ex.timings
name | user | system | elapsed | |
AR_classification_wrapper | 0.000 | 0.000 | 0.001 | |
addConnections_TF_peak | 6.030 | 0.736 | 7.482 | |
addConnections_peak_gene | 4.136 | 0.075 | 5.098 | |
addData | 0.001 | 0.000 | 0.000 | |
addSNPData | 7.385 | 0.274 | 14.696 | |
addTFBS | 0 | 0 | 0 | |
add_TF_gene_correlation | 2.818 | 0.066 | 3.337 | |
add_featureVariation | 0 | 0 | 0 | |
build_eGRN_graph | 2.913 | 0.071 | 3.447 | |
calculateCommunitiesEnrichment | 5.280 | 0.119 | 5.823 | |
calculateCommunitiesStats | 2.923 | 0.084 | 3.435 | |
calculateGeneralEnrichment | 3.372 | 0.090 | 4.034 | |
calculateTFEnrichment | 3.612 | 0.072 | 4.446 | |
changeOutputDirectory | 4.329 | 0.079 | 5.298 | |
deleteIntermediateData | 2.920 | 0.069 | 3.695 | |
filterConnectionsForPlotting | 3.022 | 0.072 | 3.859 | |
filterData | 3.594 | 0.079 | 4.142 | |
filterGRNAndConnectGenes | 2.966 | 0.064 | 3.464 | |
generateStatsSummary | 8.658 | 0.190 | 9.523 | |
getCounts | 3.117 | 0.079 | 3.587 | |
getGRNConnections | 3.002 | 0.071 | 3.552 | |
getGRNSummary | 5.039 | 0.098 | 5.573 | |
getParameters | 2.848 | 0.060 | 3.334 | |
getTopNodes | 3.009 | 0.066 | 3.508 | |
initializeGRN | 0.020 | 0.003 | 0.022 | |
loadExampleObject | 3.103 | 0.078 | 3.636 | |
nGenes | 4.369 | 0.080 | 4.868 | |
nPeaks | 2.899 | 0.063 | 3.403 | |
nTFs | 2.992 | 0.069 | 3.492 | |
overlapPeaksAndTFBS | 2.865 | 0.061 | 3.358 | |
performAllNetworkAnalyses | 0 | 0 | 0 | |
plotCommunitiesEnrichment | 4.634 | 0.145 | 5.250 | |
plotCommunitiesStats | 4.324 | 0.083 | 4.852 | |
plotCorrelations | 4.811 | 0.099 | 5.391 | |
plotDiagnosticPlots_TFPeaks | 4.260 | 0.100 | 4.942 | |
plotDiagnosticPlots_peakGene | 7.215 | 0.154 | 8.092 | |
plotGeneralEnrichment | 3.253 | 0.080 | 3.769 | |
plotGeneralGraphStats | 4.083 | 0.083 | 4.597 | |
plotPCA_all | 5.600 | 0.150 | 6.229 | |
plotTFEnrichment | 3.848 | 0.084 | 4.344 | |
plot_stats_connectionSummary | 3.794 | 0.095 | 4.330 | |
visualizeGRN | 5.906 | 0.118 | 6.470 | |