Back to Multiple platform build/check report for BioC 3.12
A[B]CDEFGHIJKLMNOPQRSTUVWXYZ

BUILD report for BgeeCall on malbec1

This page was generated on 2021-01-17 11:49:10 -0500 (Sun, 17 Jan 2021).

TO THE DEVELOPERS/MAINTAINERS OF THE BgeeCall PACKAGE: Please make sure to use the following settings in order to reproduce any error or warning you see on this page.
Package 140/1974HostnameOS / ArchINSTALLBUILDCHECKBUILD BIN
BgeeCall 1.6.2
Julien Wollbrett
Snapshot Date: 2021-01-16 14:41:12 -0500 (Sat, 16 Jan 2021)
URL: https://git.bioconductor.org/packages/BgeeCall
Branch: RELEASE_3_12
Last Commit: 1b74dcf
Last Changed Date: 2020-12-10 05:55:05 -0500 (Thu, 10 Dec 2020)
malbec1 Linux (Ubuntu 18.04.5 LTS) / x86_64  OK [ ERROR ] skipped 
nebbiolo1 Linux (Ubuntu 20.04.1 LTS) / x86_64  OK  OK  OK 
tokay1 Windows Server 2012 R2 Standard / x64  OK  OK  OK  OK UNNEEDED, same version exists in internal repository
merida1 macOS 10.14.6 Mojave / x86_64  OK  OK  OK  OK UNNEEDED, same version exists in internal repository

Summary

Package: BgeeCall
Version: 1.6.2
Command: /home/biocbuild/bbs-3.12-bioc/R/bin/R CMD build --keep-empty-dirs --no-resave-data BgeeCall
StartedAt: 2021-01-16 17:53:44 -0500 (Sat, 16 Jan 2021)
EndedAt: 2021-01-16 17:57:31 -0500 (Sat, 16 Jan 2021)
EllapsedTime: 226.8 seconds
RetCode: 1
Status:  ERROR 
PackageFile: None
PackageFileSize: NA

Command output

##############################################################################
##############################################################################
###
### Running command:
###
###   /home/biocbuild/bbs-3.12-bioc/R/bin/R CMD build --keep-empty-dirs --no-resave-data BgeeCall
###
##############################################################################
##############################################################################


* checking for file ‘BgeeCall/DESCRIPTION’ ... OK
* preparing ‘BgeeCall’:
* checking DESCRIPTION meta-information ... OK
* installing the package to build vignettes
* creating vignettes ... ERROR
--- re-building ‘bgeecall-manual.Rmd’ using rmarkdown
using temporary cache /tmp/RtmpWNiofO/BiocFileCache
snapshotDate(): 2020-10-27
downloading 1 resources
retrieving 1 resource
loading from cache
Importing File into R ..
require("rtracklayer")
downloading 1 resources
retrieving 1 resource
Warning: download failed
  web resource path: 'https://annotationhub.bioconductor.org/fetch/57191'
  local file path: '/tmp/RtmpWNiofO/BiocFileCache/3d9f368e16f5_57191'
  reason: Internal Server Error (HTTP 500).
Warning: bfcadd() failed; resource removed
  rid: BFC4
  fpath: 'https://annotationhub.bioconductor.org/fetch/57191'
  reason: download failed
Warning: download failed
  hub path: 'https://annotationhub.bioconductor.org/fetch/57191'
  cache resource: 'AH50453 : 57191'
  reason: bfcadd() failed; see warnings()
Quitting from lines 93-101 (bgeecall-manual.Rmd) 
Error: processing vignette 'bgeecall-manual.Rmd' failed with diagnostics:
error in evaluating the argument 'con' in selecting a method for function 'import.2bit': failed to load resource
  name: AH50453
  title: Caenorhabditis_elegans.WBcel235.cdna.all.2bit
  reason: 1 resources failed to download
--- failed re-building ‘bgeecall-manual.Rmd’

SUMMARY: processing the following file failed:
  ‘bgeecall-manual.Rmd’

Error: Vignette re-building failed.
Execution halted