Back to Multiple platform build/check report for BioC 3.19: simplified long |
|
This page was generated on 2024-07-24 09:03 -0400 (Wed, 24 Jul 2024).
Hostname | OS | Arch (*) | R version | Installed pkgs |
---|---|---|---|---|
nebbiolo1 | Linux (Ubuntu 22.04.3 LTS) | x86_64 | 4.4.1 (2024-06-14) -- "Race for Your Life" | 4747 |
palomino7 | Windows Server 2022 Datacenter | x64 | 4.4.1 (2024-06-14 ucrt) -- "Race for Your Life" | 4489 |
merida1 | macOS 12.7.5 Monterey | x86_64 | 4.4.1 (2024-06-14) -- "Race for Your Life" | 4518 |
kjohnson1 | macOS 13.6.6 Ventura | arm64 | 4.4.1 (2024-06-14) -- "Race for Your Life" | 4467 |
Click on any hostname to see more info about the system (e.g. compilers) (*) as reported by 'uname -p', except on Windows and Mac OS X |
Package 348/2300 | Hostname | OS / Arch | INSTALL | BUILD | CHECK | BUILD BIN | ||||||||
ChromSCape 1.14.0 (landing page) Pacome Prompsy
| nebbiolo1 | Linux (Ubuntu 22.04.3 LTS) / x86_64 | OK | OK | WARNINGS | |||||||||
palomino7 | Windows Server 2022 Datacenter / x64 | OK | OK | WARNINGS | OK | |||||||||
merida1 | macOS 12.7.5 Monterey / x86_64 | OK | OK | WARNINGS | OK | |||||||||
kjohnson1 | macOS 13.6.6 Ventura / arm64 | OK | OK | WARNINGS | OK | |||||||||
To the developers/maintainers of the ChromSCape package: - Allow up to 24 hours (and sometimes 48 hours) for your latest push to git@git.bioconductor.org:packages/ChromSCape.git to reflect on this report. See Troubleshooting Build Report for more information. - Use the following Renviron settings to reproduce errors and warnings. - If 'R CMD check' started to fail recently on the Linux builder(s) over a missing dependency, add the missing dependency to 'Suggests:' in your DESCRIPTION file. See Renviron.bioc for more information. |
Package: ChromSCape |
Version: 1.14.0 |
Command: /home/biocbuild/bbs-3.19-bioc/R/bin/R CMD check --install=check:ChromSCape.install-out.txt --library=/home/biocbuild/bbs-3.19-bioc/R/site-library --timings ChromSCape_1.14.0.tar.gz |
StartedAt: 2024-07-21 22:43:33 -0400 (Sun, 21 Jul 2024) |
EndedAt: 2024-07-21 22:56:46 -0400 (Sun, 21 Jul 2024) |
EllapsedTime: 792.6 seconds |
RetCode: 0 |
Status: WARNINGS |
CheckDir: ChromSCape.Rcheck |
Warnings: 3 |
############################################################################## ############################################################################## ### ### Running command: ### ### /home/biocbuild/bbs-3.19-bioc/R/bin/R CMD check --install=check:ChromSCape.install-out.txt --library=/home/biocbuild/bbs-3.19-bioc/R/site-library --timings ChromSCape_1.14.0.tar.gz ### ############################################################################## ############################################################################## * using log directory ‘/home/biocbuild/bbs-3.19-bioc/meat/ChromSCape.Rcheck’ * using R version 4.4.1 (2024-06-14) * using platform: x86_64-pc-linux-gnu * R was compiled by gcc (Ubuntu 11.4.0-1ubuntu1~22.04) 11.4.0 GNU Fortran (Ubuntu 11.4.0-1ubuntu1~22.04) 11.4.0 * running under: Ubuntu 22.04.4 LTS * using session charset: UTF-8 * checking for file ‘ChromSCape/DESCRIPTION’ ... OK * this is package ‘ChromSCape’ version ‘1.14.0’ * package encoding: UTF-8 * checking package namespace information ... OK * checking package dependencies ... OK * checking if this is a source package ... OK * checking if there is a namespace ... OK * checking for hidden files and directories ... NOTE Found the following hidden files and directories: .BBSoptions These were most likely included in error. See section ‘Package structure’ in the ‘Writing R Extensions’ manual. * checking for portable file names ... OK * checking for sufficient/correct file permissions ... OK * checking whether package ‘ChromSCape’ can be installed ... OK * used C++ compiler: ‘g++ (Ubuntu 11.4.0-1ubuntu1~22.04) 11.4.0’ * checking installed package size ... OK * checking package directory ... OK * checking ‘build’ directory ... OK * checking DESCRIPTION meta-information ... OK * checking top-level files ... OK * checking for left-over files ... OK * checking index information ... OK * checking package subdirectories ... OK * checking code files for non-ASCII characters ... OK * checking R files for syntax errors ... OK * checking whether the package can be loaded ... OK * checking whether the package can be loaded with stated dependencies ... OK * checking whether the package can be unloaded cleanly ... OK * checking whether the namespace can be loaded with stated dependencies ... OK * checking whether the namespace can be unloaded cleanly ... OK * checking loading without being on the library search path ... OK * checking whether startup messages can be suppressed ... OK * checking dependencies in R code ... WARNING 'library' or 'require' call not declared from: ‘dplyr’ 'library' or 'require' call to ‘dplyr’ in package code. Please use :: or requireNamespace() instead. See section 'Suggested packages' in the 'Writing R Extensions' manual. * checking S3 generic/method consistency ... OK * checking replacement functions ... OK * checking foreign function calls ... OK * checking R code for possible problems ... NOTE bams_to_matrix_indexes: no visible binding for global variable ‘files_dir_list’ enrich_TF_ChEA3_genes: no visible binding for global variable ‘CheA3_TF_nTargets’ filter_correlated_cell_scExp: no visible binding for global variable ‘run_tsne’ generate_analysis: no visible global function definition for ‘head’ generate_analysis: no visible binding for global variable ‘k’ generate_analysis: no visible binding for global variable ‘clusterConsensus’ get_most_variable_cyto: no visible binding for global variable ‘cytoBand’ get_most_variable_cyto: no visible binding for global variable ‘Fri_cyto’ num_cell_after_QC_filt_scExp: no visible binding for global variable ‘sample_id’ num_cell_after_QC_filt_scExp: no visible binding for global variable ‘total_counts’ num_cell_scExp: no visible binding for global variable ‘sample_id’ num_cell_scExp: no visible binding for global variable ‘total_counts’ plot_correlation_PCA_scExp: no visible binding for global variable ‘Component’ plot_coverage_BigWig: no visible binding for global variable ‘molecule’ plot_coverage_BigWig: no visible binding for global variable ‘orientation’ plot_coverage_BigWig: no visible binding for global variable ‘Gene’ plot_gain_or_loss_barplots: no visible binding for global variable ‘Gain_or_Loss’ plot_gain_or_loss_barplots: no visible binding for global variable ‘ncells’ plot_gain_or_loss_barplots: no visible binding for global variable ‘cytoBand’ plot_most_contributing_features: no visible binding for global variable ‘genes’ plot_percent_active_feature_scExp: no visible binding for global variable ‘group’ plot_percent_active_feature_scExp: no visible binding for global variable ‘percent_active’ plot_pie_most_contributing_chr: no visible binding for global variable ‘absolute_value’ plot_reduced_dim_scExp: no visible binding for global variable ‘V1’ plot_reduced_dim_scExp: no visible binding for global variable ‘V2’ plot_reduced_dim_scExp: no visible binding for global variable ‘cluster’ plot_top_TF_scExp: no visible binding for global variable ‘TF’ rebin_helper: no visible binding for global variable ‘new_row’ rebin_helper: no visible binding for global variable ‘origin_value’ rebin_matrix: no visible binding for global variable ‘group’ subset_bam_call_peaks: no visible binding for global variable ‘merged_bam’ Undefined global functions or variables: CheA3_TF_nTargets Component Fri_cyto Gain_or_Loss Gene TF V1 V2 absolute_value cluster clusterConsensus cytoBand files_dir_list genes group head k merged_bam molecule ncells new_row orientation origin_value percent_active run_tsne sample_id total_counts Consider adding importFrom("utils", "head") to your NAMESPACE file. * checking Rd files ... NOTE prepare_Rd: raw_counts_to_sparse_matrix.Rd:6-8: Dropping empty section \source * checking Rd metadata ... OK * checking Rd cross-references ... OK * checking for missing documentation entries ... OK * checking for code/documentation mismatches ... WARNING Codoc mismatches from Rd file 'generate_analysis.Rd': generate_analysis Code: function(input_data_folder, analysis_name = "Analysis_1", output_directory = "./", input_data_type = c("scBED", "DenseMatrix", "SparseMatrix", "scBAM")[1], feature_count_on = c("bins", "genebody", "peaks")[1], feature_count_parameter = 50000, rebin_sparse_matrix = FALSE, ref_genome = c("hg38", "mm10")[1], run = c("filter", "CNA", "cluster", "consensus", "coverage", "DA", "GSA", "report")[c(1, 3, 5, 6, 7, 8)], min_reads_per_cell = 1000, max_quantile_read_per_cell = 99, n_top_features = 40000, norm_type = "CPM", subsample_n = NULL, exclude_regions = NULL, n_clust = NULL, corr_threshold = 99, percent_correlation = 1, maxK = 10, qval.th = 0.1, logFC.th = 1, enrichment_qval = 0.1, doBatchCorr = FALSE, batch_sels = NULL, control_samples_CNA = NULL, genes_to_plot = c("Krt8", "Krt5", "Tgfb1", "Foxq1", "Cdkn2b", "Cdkn2a", "chr7:15000000-20000000")) Docs: function(input_data_folder, analysis_name = "Analysis_1", output_directory = "./", input_data_type = c("scBED", "DenseMatrix", "SparseMatrix", "scBAM")[1], rebin_sparse_matrix = FALSE, feature_count_on = c("bins", "genebody", "peaks")[1], feature_count_parameter = 50000, ref_genome = c("hg38", "mm10")[1], run = c("filter", "CNA", "cluster", "consensus", "peak_call", "coverage", "DA", "GSA", "report")[c(1, 3, 6, 7, 8, 9)], min_reads_per_cell = 1000, max_quantile_read_per_cell = 99, n_top_features = 40000, norm_type = "CPM", subsample_n = NULL, exclude_regions = NULL, n_clust = NULL, corr_threshold = 99, percent_correlation = 1, maxK = 10, qval.th = 0.1, logFC.th = 1, enrichment_qval = 0.1, doBatchCorr = FALSE, batch_sels = NULL, control_samples_CNA = NULL, genes_to_plot = c("Krt8", "Krt5", "Tgfb1", "Foxq1", "Cdkn2b", "Cdkn2a", "chr7:15000000-20000000")) Mismatches in argument names: Position: 5 Code: feature_count_on Docs: rebin_sparse_matrix Position: 6 Code: feature_count_parameter Docs: feature_count_on Position: 7 Code: rebin_sparse_matrix Docs: feature_count_parameter Mismatches in argument default values: Name: 'run' Code: c("filter", "CNA", "cluster", "consensus", "coverage", "DA", "GSA", "report")[c(1, 3, 5, 6, 7, 8)] Docs: c("filter", "CNA", "cluster", "consensus", "peak_call", "coverage", "DA", "GSA", "report")[c(1, 3, 6, 7, 8, 9)] * checking Rd \usage sections ... WARNING Undocumented arguments in Rd file 'rebin_matrix.Rd' ‘rebin_function’ Functions with \usage entries need to have the appropriate \alias entries, and all their arguments documented. The \usage entries must correspond to syntactically valid R code. See chapter ‘Writing R documentation files’ in the ‘Writing R Extensions’ manual. * checking Rd contents ... OK * checking for unstated dependencies in examples ... OK * checking contents of ‘data’ directory ... OK * checking data for non-ASCII characters ... OK * checking data for ASCII and uncompressed saves ... OK * checking line endings in C/C++/Fortran sources/headers ... OK * checking compiled code ... NOTE Note: information on .o files is not available * checking files in ‘vignettes’ ... OK * checking examples ... OK Examples with CPU (user + system) or elapsed time > 5s user system elapsed plot_gain_or_loss_barplots 48.200 0.208 48.413 get_pathway_mat_scExp 34.962 1.327 36.297 calculate_CNA 23.825 2.783 26.608 plot_reduced_dim_scExp_CNA 23.754 0.248 24.002 calculate_gain_or_loss 22.748 0.947 23.753 calculate_logRatio_CNA 22.319 0.728 23.130 calculate_cyto_mat 21.860 1.064 22.925 get_most_variable_cyto 21.098 0.304 21.405 get_cyto_features 20.484 0.240 20.729 filter_correlated_cell_scExp 11.535 0.100 11.623 num_cell_after_cor_filt_scExp 10.723 0.127 10.833 preprocessing_filtering_and_reduction 8.913 0.004 8.911 rebin_matrix 7.217 0.472 21.453 create_scDataset_raw 7.001 0.440 7.441 import_scExp 7.071 0.020 7.092 CompareWilcox 6.700 0.330 6.957 differential_activation 5.302 0.056 5.357 CompareedgeRGLM 4.842 0.453 4.810 enrich_TF_ChEA3_scExp 1.163 0.028 5.031 * checking for unstated dependencies in ‘tests’ ... OK * checking tests ... Running ‘testthat.R’ OK * checking for unstated dependencies in vignettes ... OK * checking package vignettes ... OK * checking re-building of vignette outputs ... OK * checking PDF version of manual ... OK * DONE Status: 3 WARNINGs, 4 NOTEs See ‘/home/biocbuild/bbs-3.19-bioc/meat/ChromSCape.Rcheck/00check.log’ for details.
ChromSCape.Rcheck/00install.out
############################################################################## ############################################################################## ### ### Running command: ### ### /home/biocbuild/bbs-3.19-bioc/R/bin/R CMD INSTALL ChromSCape ### ############################################################################## ############################################################################## * installing to library ‘/home/biocbuild/bbs-3.19-bioc/R/site-library’ * installing *source* package ‘ChromSCape’ ... ** using staged installation ** libs using C++ compiler: ‘g++ (Ubuntu 11.4.0-1ubuntu1~22.04) 11.4.0’ g++ -std=gnu++17 -I"/home/biocbuild/bbs-3.19-bioc/R/include" -DNDEBUG -I'/home/biocbuild/bbs-3.19-bioc/R/site-library/Rcpp/include' -I/usr/local/include -fpic -g -O2 -Wall -c RcppExports.cpp -o RcppExports.o g++ -std=gnu++17 -I"/home/biocbuild/bbs-3.19-bioc/R/include" -DNDEBUG -I'/home/biocbuild/bbs-3.19-bioc/R/site-library/Rcpp/include' -I/usr/local/include -fpic -g -O2 -Wall -c as_dist.cpp -o as_dist.o g++ -std=gnu++17 -shared -L/home/biocbuild/bbs-3.19-bioc/R/lib -L/usr/local/lib -o ChromSCape.so RcppExports.o as_dist.o -L/home/biocbuild/bbs-3.19-bioc/R/lib -lR installing to /home/biocbuild/bbs-3.19-bioc/R/site-library/00LOCK-ChromSCape/00new/ChromSCape/libs ** R ** data ** inst ** byte-compile and prepare package for lazy loading ** help *** installing help indices ** building package indices ** installing vignettes ** testing if installed package can be loaded from temporary location ** checking absolute paths in shared objects and dynamic libraries ** testing if installed package can be loaded from final location ** testing if installed package keeps a record of temporary installation path * DONE (ChromSCape)
ChromSCape.Rcheck/tests/testthat.Rout
R version 4.4.1 (2024-06-14) -- "Race for Your Life" Copyright (C) 2024 The R Foundation for Statistical Computing Platform: x86_64-pc-linux-gnu R is free software and comes with ABSOLUTELY NO WARRANTY. You are welcome to redistribute it under certain conditions. Type 'license()' or 'licence()' for distribution details. R is a collaborative project with many contributors. Type 'contributors()' for more information and 'citation()' on how to cite R or R packages in publications. Type 'demo()' for some demos, 'help()' for on-line help, or 'help.start()' for an HTML browser interface to help. Type 'q()' to quit R. > library(testthat) > library(ChromSCape) > > test_check("ChromSCape") [ FAIL 0 | WARN 2 | SKIP 0 | PASS 11 ] [ FAIL 0 | WARN 2 | SKIP 0 | PASS 11 ] > > proc.time() user system elapsed 42.123 2.825 44.715
ChromSCape.Rcheck/ChromSCape-Ex.timings
name | user | system | elapsed | |
CheA3_TF_nTargets | 0.01 | 0.00 | 0.01 | |
CompareWilcox | 6.700 | 0.330 | 6.957 | |
CompareedgeRGLM | 4.842 | 0.453 | 4.810 | |
annotToCol2 | 0.946 | 0.024 | 0.969 | |
calculate_CNA | 23.825 | 2.783 | 26.608 | |
calculate_cyto_mat | 21.860 | 1.064 | 22.925 | |
calculate_gain_or_loss | 22.748 | 0.947 | 23.753 | |
calculate_logRatio_CNA | 22.319 | 0.728 | 23.130 | |
choose_cluster_scExp | 3.879 | 0.116 | 3.992 | |
colors_scExp | 0.478 | 0.004 | 0.486 | |
consensus_clustering_scExp | 4.085 | 0.120 | 4.201 | |
correlation_and_hierarchical_clust_scExp | 0.315 | 0.000 | 0.309 | |
create_project_folder | 0.002 | 0.000 | 0.002 | |
create_scDataset_raw | 7.001 | 0.440 | 7.441 | |
create_scExp | 0.578 | 0.024 | 0.603 | |
define_feature | 0.144 | 0.004 | 0.148 | |
detect_samples | 1.077 | 0.008 | 1.009 | |
differential_activation | 5.302 | 0.056 | 5.357 | |
differential_analysis_scExp | 2.927 | 0.016 | 2.943 | |
enrich_TF_ChEA3_genes | 0.460 | 0.096 | 1.775 | |
enrich_TF_ChEA3_scExp | 1.163 | 0.028 | 5.031 | |
exclude_features_scExp | 0.675 | 0.012 | 0.687 | |
feature_annotation_scExp | 1.644 | 0.012 | 1.657 | |
filter_correlated_cell_scExp | 11.535 | 0.100 | 11.623 | |
filter_scExp | 0.77 | 0.00 | 0.77 | |
find_clusters_louvain_scExp | 0.440 | 0.654 | 0.634 | |
find_top_features | 0.328 | 0.016 | 0.344 | |
gene_set_enrichment_analysis_scExp | 0.207 | 0.011 | 0.218 | |
generate_analysis | 0 | 0 | 0 | |
generate_coverage_tracks | 0.000 | 0.001 | 0.000 | |
generate_report | 0 | 0 | 0 | |
getExperimentNames | 0.247 | 0.010 | 0.257 | |
getMainExperiment | 0.283 | 0.016 | 0.299 | |
get_cyto_features | 20.484 | 0.240 | 20.729 | |
get_genomic_coordinates | 0.476 | 0.012 | 0.488 | |
get_most_variable_cyto | 21.098 | 0.304 | 21.405 | |
get_pathway_mat_scExp | 34.962 | 1.327 | 36.297 | |
has_genomic_coordinates | 0.909 | 0.017 | 0.926 | |
import_scExp | 7.071 | 0.020 | 7.092 | |
inter_correlation_scExp | 0.352 | 0.003 | 0.356 | |
intra_correlation_scExp | 0.343 | 0.008 | 0.352 | |
launchApp | 0.000 | 0.000 | 0.001 | |
normalize_scExp | 0.538 | 0.012 | 0.550 | |
num_cell_after_QC_filt_scExp | 0.584 | 0.000 | 0.583 | |
num_cell_after_cor_filt_scExp | 10.723 | 0.127 | 10.833 | |
num_cell_before_cor_filt_scExp | 0.21 | 0.00 | 0.21 | |
num_cell_in_cluster_scExp | 0.451 | 0.000 | 0.445 | |
num_cell_scExp | 0.504 | 0.003 | 0.508 | |
plot_cluster_consensus_scExp | 0.822 | 0.007 | 0.830 | |
plot_correlation_PCA_scExp | 1.050 | 0.001 | 1.050 | |
plot_coverage_BigWig | 0.224 | 0.004 | 0.228 | |
plot_differential_summary_scExp | 0.221 | 0.007 | 0.229 | |
plot_differential_volcano_scExp | 0.327 | 0.005 | 0.331 | |
plot_distribution_scExp | 0.387 | 0.000 | 0.388 | |
plot_gain_or_loss_barplots | 48.200 | 0.208 | 48.413 | |
plot_heatmap_scExp | 0.327 | 0.000 | 0.327 | |
plot_inter_correlation_scExp | 0.557 | 0.004 | 0.561 | |
plot_intra_correlation_scExp | 0.54 | 0.02 | 0.56 | |
plot_most_contributing_features | 0.426 | 0.004 | 0.430 | |
plot_percent_active_feature_scExp | 1.936 | 0.008 | 1.943 | |
plot_pie_most_contributing_chr | 0.305 | 0.000 | 0.304 | |
plot_reduced_dim_scExp | 3.082 | 0.012 | 3.095 | |
plot_reduced_dim_scExp_CNA | 23.754 | 0.248 | 24.002 | |
plot_top_TF_scExp | 0.443 | 0.000 | 0.443 | |
plot_violin_feature_scExp | 1.839 | 0.008 | 1.847 | |
preprocess_CPM | 0.51 | 0.02 | 0.53 | |
preprocess_RPKM | 0.558 | 0.016 | 0.573 | |
preprocess_TFIDF | 0.510 | 0.016 | 0.526 | |
preprocess_TPM | 0.564 | 0.016 | 0.580 | |
preprocess_feature_size_only | 0.535 | 0.028 | 0.563 | |
preprocessing_filtering_and_reduction | 8.913 | 0.004 | 8.911 | |
read_sparse_matrix | 0.001 | 0.000 | 0.001 | |
rebin_matrix | 7.217 | 0.472 | 21.453 | |
reduce_dims_scExp | 1.759 | 0.084 | 1.843 | |
scExp | 1.006 | 0.060 | 1.066 | |
subsample_scExp | 0.745 | 0.040 | 0.785 | |
subset_bam_call_peaks | 0.000 | 0.000 | 0.001 | |
summary_DA | 0.226 | 0.004 | 0.230 | |
swapAltExp_sameColData | 0.294 | 0.024 | 0.317 | |
table_enriched_genes_scExp | 0.219 | 0.004 | 0.223 | |
wrapper_Signac_FeatureMatrix | 0 | 0 | 0 | |