Back to Multiple platform build/check report for BioC 3.19: simplified long |
|
This page was generated on 2024-07-24 09:05 -0400 (Wed, 24 Jul 2024).
Hostname | OS | Arch (*) | R version | Installed pkgs |
---|---|---|---|---|
nebbiolo1 | Linux (Ubuntu 22.04.3 LTS) | x86_64 | 4.4.1 (2024-06-14) -- "Race for Your Life" | 4747 |
palomino7 | Windows Server 2022 Datacenter | x64 | 4.4.1 (2024-06-14 ucrt) -- "Race for Your Life" | 4489 |
merida1 | macOS 12.7.5 Monterey | x86_64 | 4.4.1 (2024-06-14) -- "Race for Your Life" | 4518 |
kjohnson1 | macOS 13.6.6 Ventura | arm64 | 4.4.1 (2024-06-14) -- "Race for Your Life" | 4467 |
Click on any hostname to see more info about the system (e.g. compilers) (*) as reported by 'uname -p', except on Windows and Mac OS X |
Package 348/2300 | Hostname | OS / Arch | INSTALL | BUILD | CHECK | BUILD BIN | ||||||||
ChromSCape 1.14.0 (landing page) Pacome Prompsy
| nebbiolo1 | Linux (Ubuntu 22.04.3 LTS) / x86_64 | OK | OK | WARNINGS | |||||||||
palomino7 | Windows Server 2022 Datacenter / x64 | OK | OK | WARNINGS | OK | |||||||||
merida1 | macOS 12.7.5 Monterey / x86_64 | OK | OK | WARNINGS | OK | |||||||||
kjohnson1 | macOS 13.6.6 Ventura / arm64 | OK | OK | WARNINGS | OK | |||||||||
To the developers/maintainers of the ChromSCape package: - Allow up to 24 hours (and sometimes 48 hours) for your latest push to git@git.bioconductor.org:packages/ChromSCape.git to reflect on this report. See Troubleshooting Build Report for more information. - Use the following Renviron settings to reproduce errors and warnings. - If 'R CMD check' started to fail recently on the Linux builder(s) over a missing dependency, add the missing dependency to 'Suggests:' in your DESCRIPTION file. See Renviron.bioc for more information. |
Package: ChromSCape |
Version: 1.14.0 |
Command: /Library/Frameworks/R.framework/Resources/bin/R CMD check --install=check:ChromSCape.install-out.txt --library=/Library/Frameworks/R.framework/Resources/library --no-vignettes --timings ChromSCape_1.14.0.tar.gz |
StartedAt: 2024-07-22 02:21:00 -0400 (Mon, 22 Jul 2024) |
EndedAt: 2024-07-22 02:54:10 -0400 (Mon, 22 Jul 2024) |
EllapsedTime: 1989.9 seconds |
RetCode: 0 |
Status: WARNINGS |
CheckDir: ChromSCape.Rcheck |
Warnings: 3 |
############################################################################## ############################################################################## ### ### Running command: ### ### /Library/Frameworks/R.framework/Resources/bin/R CMD check --install=check:ChromSCape.install-out.txt --library=/Library/Frameworks/R.framework/Resources/library --no-vignettes --timings ChromSCape_1.14.0.tar.gz ### ############################################################################## ############################################################################## * using log directory ‘/Users/biocbuild/bbs-3.19-bioc/meat/ChromSCape.Rcheck’ * using R version 4.4.1 (2024-06-14) * using platform: x86_64-apple-darwin20 * R was compiled by Apple clang version 14.0.0 (clang-1400.0.29.202) GNU Fortran (GCC) 12.2.0 * running under: macOS Monterey 12.7.5 * using session charset: UTF-8 * using option ‘--no-vignettes’ * checking for file ‘ChromSCape/DESCRIPTION’ ... OK * this is package ‘ChromSCape’ version ‘1.14.0’ * package encoding: UTF-8 * checking package namespace information ... OK * checking package dependencies ... OK * checking if this is a source package ... OK * checking if there is a namespace ... OK * checking for hidden files and directories ... NOTE Found the following hidden files and directories: .BBSoptions These were most likely included in error. See section ‘Package structure’ in the ‘Writing R Extensions’ manual. * checking for portable file names ... OK * checking for sufficient/correct file permissions ... OK * checking whether package ‘ChromSCape’ can be installed ... OK * used C++ compiler: ‘Apple clang version 14.0.0 (clang-1400.0.29.202)’ * used SDK: ‘MacOSX11.3.sdk’ * checking installed package size ... OK * checking package directory ... OK * checking ‘build’ directory ... OK * checking DESCRIPTION meta-information ... OK * checking top-level files ... OK * checking for left-over files ... OK * checking index information ... OK * checking package subdirectories ... OK * checking code files for non-ASCII characters ... OK * checking R files for syntax errors ... OK * checking whether the package can be loaded ... OK * checking whether the package can be loaded with stated dependencies ... OK * checking whether the package can be unloaded cleanly ... OK * checking whether the namespace can be loaded with stated dependencies ... OK * checking whether the namespace can be unloaded cleanly ... OK * checking whether startup messages can be suppressed ... OK * checking dependencies in R code ... WARNING 'library' or 'require' call not declared from: ‘dplyr’ 'library' or 'require' call to ‘dplyr’ in package code. Please use :: or requireNamespace() instead. See section 'Suggested packages' in the 'Writing R Extensions' manual. * checking S3 generic/method consistency ... OK * checking replacement functions ... OK * checking foreign function calls ... OK * checking R code for possible problems ... NOTE bams_to_matrix_indexes: no visible binding for global variable ‘files_dir_list’ enrich_TF_ChEA3_genes: no visible binding for global variable ‘CheA3_TF_nTargets’ filter_correlated_cell_scExp: no visible binding for global variable ‘run_tsne’ generate_analysis: no visible global function definition for ‘head’ generate_analysis: no visible binding for global variable ‘k’ generate_analysis: no visible binding for global variable ‘clusterConsensus’ get_most_variable_cyto: no visible binding for global variable ‘cytoBand’ get_most_variable_cyto: no visible binding for global variable ‘Fri_cyto’ num_cell_after_QC_filt_scExp: no visible binding for global variable ‘sample_id’ num_cell_after_QC_filt_scExp: no visible binding for global variable ‘total_counts’ num_cell_scExp: no visible binding for global variable ‘sample_id’ num_cell_scExp: no visible binding for global variable ‘total_counts’ plot_correlation_PCA_scExp: no visible binding for global variable ‘Component’ plot_coverage_BigWig: no visible binding for global variable ‘molecule’ plot_coverage_BigWig: no visible binding for global variable ‘orientation’ plot_coverage_BigWig: no visible binding for global variable ‘Gene’ plot_gain_or_loss_barplots: no visible binding for global variable ‘Gain_or_Loss’ plot_gain_or_loss_barplots: no visible binding for global variable ‘ncells’ plot_gain_or_loss_barplots: no visible binding for global variable ‘cytoBand’ plot_most_contributing_features: no visible binding for global variable ‘genes’ plot_percent_active_feature_scExp: no visible binding for global variable ‘group’ plot_percent_active_feature_scExp: no visible binding for global variable ‘percent_active’ plot_pie_most_contributing_chr: no visible binding for global variable ‘absolute_value’ plot_reduced_dim_scExp: no visible binding for global variable ‘V1’ plot_reduced_dim_scExp: no visible binding for global variable ‘V2’ plot_reduced_dim_scExp: no visible binding for global variable ‘cluster’ plot_top_TF_scExp: no visible binding for global variable ‘TF’ rebin_helper: no visible binding for global variable ‘new_row’ rebin_helper: no visible binding for global variable ‘origin_value’ rebin_matrix: no visible binding for global variable ‘group’ subset_bam_call_peaks: no visible binding for global variable ‘merged_bam’ Undefined global functions or variables: CheA3_TF_nTargets Component Fri_cyto Gain_or_Loss Gene TF V1 V2 absolute_value cluster clusterConsensus cytoBand files_dir_list genes group head k merged_bam molecule ncells new_row orientation origin_value percent_active run_tsne sample_id total_counts Consider adding importFrom("utils", "head") to your NAMESPACE file. * checking Rd files ... NOTE prepare_Rd: raw_counts_to_sparse_matrix.Rd:6-8: Dropping empty section \source * checking Rd metadata ... OK * checking Rd cross-references ... OK * checking for missing documentation entries ... OK * checking for code/documentation mismatches ... WARNING Codoc mismatches from Rd file 'generate_analysis.Rd': generate_analysis Code: function(input_data_folder, analysis_name = "Analysis_1", output_directory = "./", input_data_type = c("scBED", "DenseMatrix", "SparseMatrix", "scBAM")[1], feature_count_on = c("bins", "genebody", "peaks")[1], feature_count_parameter = 50000, rebin_sparse_matrix = FALSE, ref_genome = c("hg38", "mm10")[1], run = c("filter", "CNA", "cluster", "consensus", "coverage", "DA", "GSA", "report")[c(1, 3, 5, 6, 7, 8)], min_reads_per_cell = 1000, max_quantile_read_per_cell = 99, n_top_features = 40000, norm_type = "CPM", subsample_n = NULL, exclude_regions = NULL, n_clust = NULL, corr_threshold = 99, percent_correlation = 1, maxK = 10, qval.th = 0.1, logFC.th = 1, enrichment_qval = 0.1, doBatchCorr = FALSE, batch_sels = NULL, control_samples_CNA = NULL, genes_to_plot = c("Krt8", "Krt5", "Tgfb1", "Foxq1", "Cdkn2b", "Cdkn2a", "chr7:15000000-20000000")) Docs: function(input_data_folder, analysis_name = "Analysis_1", output_directory = "./", input_data_type = c("scBED", "DenseMatrix", "SparseMatrix", "scBAM")[1], rebin_sparse_matrix = FALSE, feature_count_on = c("bins", "genebody", "peaks")[1], feature_count_parameter = 50000, ref_genome = c("hg38", "mm10")[1], run = c("filter", "CNA", "cluster", "consensus", "peak_call", "coverage", "DA", "GSA", "report")[c(1, 3, 6, 7, 8, 9)], min_reads_per_cell = 1000, max_quantile_read_per_cell = 99, n_top_features = 40000, norm_type = "CPM", subsample_n = NULL, exclude_regions = NULL, n_clust = NULL, corr_threshold = 99, percent_correlation = 1, maxK = 10, qval.th = 0.1, logFC.th = 1, enrichment_qval = 0.1, doBatchCorr = FALSE, batch_sels = NULL, control_samples_CNA = NULL, genes_to_plot = c("Krt8", "Krt5", "Tgfb1", "Foxq1", "Cdkn2b", "Cdkn2a", "chr7:15000000-20000000")) Mismatches in argument names: Position: 5 Code: feature_count_on Docs: rebin_sparse_matrix Position: 6 Code: feature_count_parameter Docs: feature_count_on Position: 7 Code: rebin_sparse_matrix Docs: feature_count_parameter Mismatches in argument default values: Name: 'run' Code: c("filter", "CNA", "cluster", "consensus", "coverage", "DA", "GSA", "report")[c(1, 3, 5, 6, 7, 8)] Docs: c("filter", "CNA", "cluster", "consensus", "peak_call", "coverage", "DA", "GSA", "report")[c(1, 3, 6, 7, 8, 9)] * checking Rd \usage sections ... WARNING Undocumented arguments in Rd file 'rebin_matrix.Rd' ‘rebin_function’ Functions with \usage entries need to have the appropriate \alias entries, and all their arguments documented. The \usage entries must correspond to syntactically valid R code. See chapter ‘Writing R documentation files’ in the ‘Writing R Extensions’ manual. * checking Rd contents ... OK * checking for unstated dependencies in examples ... OK * checking contents of ‘data’ directory ... OK * checking data for non-ASCII characters ... OK * checking data for ASCII and uncompressed saves ... OK * checking line endings in C/C++/Fortran sources/headers ... OK * checking compiled code ... NOTE Note: information on .o files is not available * checking files in ‘vignettes’ ... OK * checking examples ... OK Examples with CPU (user + system) or elapsed time > 5s user system elapsed plot_gain_or_loss_barplots 119.089 1.138 157.675 get_pathway_mat_scExp 65.385 7.855 92.962 calculate_CNA 57.175 4.427 79.103 plot_reduced_dim_scExp_CNA 56.315 0.491 74.809 calculate_gain_or_loss 54.311 1.861 82.443 calculate_cyto_mat 53.441 2.155 75.117 calculate_logRatio_CNA 53.070 2.196 76.581 get_most_variable_cyto 53.189 0.674 74.775 get_cyto_features 49.620 0.620 69.365 differential_activation 12.878 0.098 17.811 num_cell_after_cor_filt_scExp 12.610 0.118 16.306 preprocessing_filtering_and_reduction 12.533 0.193 17.129 filter_correlated_cell_scExp 11.508 0.118 16.107 CompareedgeRGLM 10.865 0.753 14.841 create_scDataset_raw 8.614 0.707 13.000 CompareWilcox 8.053 0.785 9.797 import_scExp 7.808 0.603 10.803 choose_cluster_scExp 7.659 0.567 11.165 rebin_matrix 7.640 0.086 48.842 plot_reduced_dim_scExp 7.387 0.082 9.821 differential_analysis_scExp 6.696 0.051 9.424 consensus_clustering_scExp 5.839 0.473 8.731 plot_violin_feature_scExp 5.221 0.061 6.936 plot_percent_active_feature_scExp 5.167 0.063 6.957 reduce_dims_scExp 3.912 0.054 5.138 feature_annotation_scExp 3.832 0.092 5.386 enrich_TF_ChEA3_scExp 1.914 0.097 5.679 * checking for unstated dependencies in ‘tests’ ... OK * checking tests ... Running ‘testthat.R’ OK * checking for unstated dependencies in vignettes ... OK * checking package vignettes ... OK * checking running R code from vignettes ... SKIPPED * checking re-building of vignette outputs ... SKIPPED * checking PDF version of manual ... OK * DONE Status: 3 WARNINGs, 4 NOTEs See ‘/Users/biocbuild/bbs-3.19-bioc/meat/ChromSCape.Rcheck/00check.log’ for details.
ChromSCape.Rcheck/00install.out
############################################################################## ############################################################################## ### ### Running command: ### ### /Library/Frameworks/R.framework/Resources/bin/R CMD INSTALL ChromSCape ### ############################################################################## ############################################################################## * installing to library ‘/Library/Frameworks/R.framework/Versions/4.4-x86_64/Resources/library’ * installing *source* package ‘ChromSCape’ ... ** using staged installation ** libs using C++ compiler: ‘Apple clang version 14.0.0 (clang-1400.0.29.202)’ using SDK: ‘MacOSX11.3.sdk’ clang++ -arch x86_64 -std=gnu++17 -I"/Library/Frameworks/R.framework/Resources/include" -DNDEBUG -I'/Library/Frameworks/R.framework/Versions/4.4-x86_64/Resources/library/Rcpp/include' -I/opt/R/x86_64/include -fPIC -falign-functions=64 -Wall -g -O2 -c RcppExports.cpp -o RcppExports.o clang++ -arch x86_64 -std=gnu++17 -I"/Library/Frameworks/R.framework/Resources/include" -DNDEBUG -I'/Library/Frameworks/R.framework/Versions/4.4-x86_64/Resources/library/Rcpp/include' -I/opt/R/x86_64/include -fPIC -falign-functions=64 -Wall -g -O2 -c as_dist.cpp -o as_dist.o clang++ -arch x86_64 -std=gnu++17 -dynamiclib -Wl,-headerpad_max_install_names -undefined dynamic_lookup -L/Library/Frameworks/R.framework/Resources/lib -L/opt/R/x86_64/lib -o ChromSCape.so RcppExports.o as_dist.o -F/Library/Frameworks/R.framework/.. -framework R -Wl,-framework -Wl,CoreFoundation installing to /Library/Frameworks/R.framework/Versions/4.4-x86_64/Resources/library/00LOCK-ChromSCape/00new/ChromSCape/libs ** R ** data ** inst ** byte-compile and prepare package for lazy loading ** help *** installing help indices ** building package indices ** installing vignettes ** testing if installed package can be loaded from temporary location ** checking absolute paths in shared objects and dynamic libraries ** testing if installed package can be loaded from final location ** testing if installed package keeps a record of temporary installation path * DONE (ChromSCape)
ChromSCape.Rcheck/tests/testthat.Rout
R version 4.4.1 (2024-06-14) -- "Race for Your Life" Copyright (C) 2024 The R Foundation for Statistical Computing Platform: x86_64-apple-darwin20 R is free software and comes with ABSOLUTELY NO WARRANTY. You are welcome to redistribute it under certain conditions. Type 'license()' or 'licence()' for distribution details. R is a collaborative project with many contributors. Type 'contributors()' for more information and 'citation()' on how to cite R or R packages in publications. Type 'demo()' for some demos, 'help()' for on-line help, or 'help.start()' for an HTML browser interface to help. Type 'q()' to quit R. > library(testthat) > library(ChromSCape) > > test_check("ChromSCape") [ FAIL 0 | WARN 2 | SKIP 0 | PASS 11 ] [ FAIL 0 | WARN 2 | SKIP 0 | PASS 11 ] > > proc.time() user system elapsed 64.550 4.462 89.540
ChromSCape.Rcheck/ChromSCape-Ex.timings
name | user | system | elapsed | |
CheA3_TF_nTargets | 0.014 | 0.006 | 0.024 | |
CompareWilcox | 8.053 | 0.785 | 9.797 | |
CompareedgeRGLM | 10.865 | 0.753 | 14.841 | |
annotToCol2 | 1.935 | 0.055 | 2.617 | |
calculate_CNA | 57.175 | 4.427 | 79.103 | |
calculate_cyto_mat | 53.441 | 2.155 | 75.117 | |
calculate_gain_or_loss | 54.311 | 1.861 | 82.443 | |
calculate_logRatio_CNA | 53.070 | 2.196 | 76.581 | |
choose_cluster_scExp | 7.659 | 0.567 | 11.165 | |
colors_scExp | 0.631 | 0.012 | 0.889 | |
consensus_clustering_scExp | 5.839 | 0.473 | 8.731 | |
correlation_and_hierarchical_clust_scExp | 0.655 | 0.011 | 0.937 | |
create_project_folder | 0.002 | 0.005 | 0.007 | |
create_scDataset_raw | 8.614 | 0.707 | 13.000 | |
create_scExp | 1.487 | 0.045 | 2.085 | |
define_feature | 0.290 | 0.008 | 0.369 | |
detect_samples | 1.235 | 0.081 | 1.654 | |
differential_activation | 12.878 | 0.098 | 17.811 | |
differential_analysis_scExp | 6.696 | 0.051 | 9.424 | |
enrich_TF_ChEA3_genes | 0.960 | 0.442 | 2.871 | |
enrich_TF_ChEA3_scExp | 1.914 | 0.097 | 5.679 | |
exclude_features_scExp | 1.510 | 0.015 | 2.119 | |
feature_annotation_scExp | 3.832 | 0.092 | 5.386 | |
filter_correlated_cell_scExp | 11.508 | 0.118 | 16.107 | |
filter_scExp | 1.894 | 0.016 | 2.577 | |
find_clusters_louvain_scExp | 0.896 | 0.387 | 1.475 | |
find_top_features | 0.689 | 0.078 | 1.047 | |
gene_set_enrichment_analysis_scExp | 0.407 | 0.016 | 0.584 | |
generate_analysis | 0.000 | 0.001 | 0.001 | |
generate_coverage_tracks | 0.000 | 0.001 | 0.001 | |
generate_report | 0.000 | 0.000 | 0.001 | |
getExperimentNames | 0.476 | 0.024 | 0.684 | |
getMainExperiment | 0.584 | 0.032 | 0.856 | |
get_cyto_features | 49.620 | 0.620 | 69.365 | |
get_genomic_coordinates | 1.281 | 0.030 | 1.890 | |
get_most_variable_cyto | 53.189 | 0.674 | 74.775 | |
get_pathway_mat_scExp | 65.385 | 7.855 | 92.962 | |
has_genomic_coordinates | 2.185 | 0.033 | 2.787 | |
import_scExp | 7.808 | 0.603 | 10.803 | |
inter_correlation_scExp | 0.769 | 0.041 | 1.113 | |
intra_correlation_scExp | 0.748 | 0.033 | 0.993 | |
launchApp | 0.000 | 0.001 | 0.001 | |
normalize_scExp | 1.325 | 0.069 | 1.804 | |
num_cell_after_QC_filt_scExp | 1.508 | 0.081 | 2.079 | |
num_cell_after_cor_filt_scExp | 12.610 | 0.118 | 16.306 | |
num_cell_before_cor_filt_scExp | 0.421 | 0.014 | 0.544 | |
num_cell_in_cluster_scExp | 1.029 | 0.019 | 1.322 | |
num_cell_scExp | 1.200 | 0.015 | 1.551 | |
plot_cluster_consensus_scExp | 2.102 | 0.058 | 2.765 | |
plot_correlation_PCA_scExp | 2.469 | 0.038 | 3.289 | |
plot_coverage_BigWig | 0.406 | 0.008 | 0.529 | |
plot_differential_summary_scExp | 0.470 | 0.016 | 0.644 | |
plot_differential_volcano_scExp | 0.595 | 0.019 | 0.805 | |
plot_distribution_scExp | 0.959 | 0.038 | 1.349 | |
plot_gain_or_loss_barplots | 119.089 | 1.138 | 157.675 | |
plot_heatmap_scExp | 0.675 | 0.023 | 0.887 | |
plot_inter_correlation_scExp | 1.203 | 0.019 | 1.527 | |
plot_intra_correlation_scExp | 1.135 | 0.030 | 1.496 | |
plot_most_contributing_features | 0.888 | 0.017 | 1.152 | |
plot_percent_active_feature_scExp | 5.167 | 0.063 | 6.957 | |
plot_pie_most_contributing_chr | 0.648 | 0.013 | 0.864 | |
plot_reduced_dim_scExp | 7.387 | 0.082 | 9.821 | |
plot_reduced_dim_scExp_CNA | 56.315 | 0.491 | 74.809 | |
plot_top_TF_scExp | 1.066 | 0.021 | 1.447 | |
plot_violin_feature_scExp | 5.221 | 0.061 | 6.936 | |
preprocess_CPM | 1.366 | 0.076 | 1.905 | |
preprocess_RPKM | 1.387 | 0.064 | 1.913 | |
preprocess_TFIDF | 1.378 | 0.089 | 1.946 | |
preprocess_TPM | 1.388 | 0.072 | 1.977 | |
preprocess_feature_size_only | 1.376 | 0.100 | 1.916 | |
preprocessing_filtering_and_reduction | 12.533 | 0.193 | 17.129 | |
read_sparse_matrix | 0.001 | 0.001 | 0.002 | |
rebin_matrix | 7.640 | 0.086 | 48.842 | |
reduce_dims_scExp | 3.912 | 0.054 | 5.138 | |
scExp | 2.180 | 0.056 | 2.937 | |
subsample_scExp | 1.874 | 0.017 | 2.567 | |
subset_bam_call_peaks | 0.001 | 0.001 | 0.001 | |
summary_DA | 0.465 | 0.012 | 0.617 | |
swapAltExp_sameColData | 0.647 | 0.013 | 0.919 | |
table_enriched_genes_scExp | 0.429 | 0.010 | 0.626 | |
wrapper_Signac_FeatureMatrix | 0.000 | 0.000 | 0.001 | |