Back to Multiple platform build/check report for BioC 3.20: simplified long |
|
This page was generated on 2024-06-27 11:39 -0400 (Thu, 27 Jun 2024).
Hostname | OS | Arch (*) | R version | Installed pkgs |
---|---|---|---|---|
nebbiolo2 | Linux (Ubuntu 22.04.3 LTS) | x86_64 | 4.4.0 RC (2024-04-16 r86468) -- "Puppy Cup" | 4691 |
lconway | macOS 12.7.1 Monterey | x86_64 | 4.4.1 RC (2024-06-06 r86719) -- "Race for Your Life" | 4405 |
kjohnson3 | macOS 13.6.5 Ventura | arm64 | 4.4.1 RC (2024-06-06 r86719) -- "Race for Your Life" | 4354 |
Click on any hostname to see more info about the system (e.g. compilers) (*) as reported by 'uname -p', except on Windows and Mac OS X |
Package 764/2243 | Hostname | OS / Arch | INSTALL | BUILD | CHECK | BUILD BIN | ||||||||
gDRimport 1.3.1 (landing page) Arkadiusz Gladki
| nebbiolo2 | Linux (Ubuntu 22.04.3 LTS) / x86_64 | OK | OK | OK | |||||||||
lconway | macOS 12.7.1 Monterey / x86_64 | OK | ERROR | skipped | skipped | |||||||||
kjohnson3 | macOS 13.6.5 Ventura / arm64 | OK | ERROR | skipped | skipped | |||||||||
To the developers/maintainers of the gDRimport package: - Allow up to 24 hours (and sometimes 48 hours) for your latest push to git@git.bioconductor.org:packages/gDRimport.git to reflect on this report. See Troubleshooting Build Report for more information. - Use the following Renviron settings to reproduce errors and warnings. - If 'R CMD check' started to fail recently on the Linux builder(s) over a missing dependency, add the missing dependency to 'Suggests:' in your DESCRIPTION file. See Renviron.bioc for more information. |
Package: gDRimport |
Version: 1.3.1 |
Command: /Library/Frameworks/R.framework/Resources/bin/R CMD build --keep-empty-dirs --no-resave-data gDRimport |
StartedAt: 2024-06-26 16:46:38 -0400 (Wed, 26 Jun 2024) |
EndedAt: 2024-06-26 16:46:56 -0400 (Wed, 26 Jun 2024) |
EllapsedTime: 18.2 seconds |
RetCode: 1 |
Status: ERROR |
PackageFile: None |
PackageFileSize: NA |
############################################################################## ############################################################################## ### ### Running command: ### ### /Library/Frameworks/R.framework/Resources/bin/R CMD build --keep-empty-dirs --no-resave-data gDRimport ### ############################################################################## ############################################################################## * checking for file ‘gDRimport/DESCRIPTION’ ... OK * preparing ‘gDRimport’: * checking DESCRIPTION meta-information ... OK * installing the package to build vignettes * creating vignettes ... ERROR --- re-building ‘ConvertingMAEtoPharmacoSet.Rmd’ using rmarkdown --- finished re-building ‘ConvertingMAEtoPharmacoSet.Rmd’ --- re-building ‘ConvertingPharmacoSetToGDR.Rmd’ using rmarkdown --- finished re-building ‘ConvertingPharmacoSetToGDR.Rmd’ --- re-building ‘gDRimport.Rmd’ using rmarkdown Quitting from lines 48-61 [unnamed-chunk-3] (gDRimport.Rmd) Error: processing vignette 'gDRimport.Rmd' failed with diagnostics: There were errors reading the manifest file. Please see the logs: Error in dyn.load(file, DLLpath = DLLpath, ...): unable to load shared object '/Library/Frameworks/R.framework/Versions/4.4-arm64/Resources/library/readxl/libs/readxl.so': dlopen(/Library/Frameworks/R.framework/Versions/4.4-arm64/Resources/library/readxl/libs/readxl.so, 0x0006): Symbol not found: _iconv Referenced from: <FD6FB17B-8454-3F39-A16C-DE444F5ECD91> /Library/Frameworks/R.framework/Versions/4.4-arm64/Resources/library/readxl/libs/readxl.so Expected in: <5071C9AE-D5F8-3824-BAFF-EA562080A74A> /Library/Frameworks/R.framework/Versions/4.4-arm64/Resources/lib/libR.dylib --- failed re-building ‘gDRimport.Rmd’ SUMMARY: processing the following file failed: ‘gDRimport.Rmd’ Error: Vignette re-building failed. Execution halted