Back to Multiple platform build/check report for BioC 3.12 |
|
This page was generated on 2021-05-06 12:34:06 -0400 (Thu, 06 May 2021).
To the developers/maintainers of the TxRegInfra package: Please make sure to use the following settings in order to reproduce any error or warning you see on this page. |
Package 1917/1974 | Hostname | OS / Arch | INSTALL | BUILD | CHECK | BUILD BIN | ||||||||
VJ Carey
| malbec1 | Linux (Ubuntu 18.04.5 LTS) / x86_64 | OK | ERROR | skipped | |||||||||
tokay1 | Windows Server 2012 R2 Standard / x64 | OK | ERROR | skipped | skipped | |||||||||
merida1 | macOS 10.14.6 Mojave / x86_64 | OK | ERROR | skipped | skipped | |||||||||
Package: TxRegInfra |
Version: 1.10.0 |
Command: chmod a+r TxRegInfra -R && C:\Users\biocbuild\bbs-3.12-bioc\R\bin\R.exe CMD build --keep-empty-dirs --no-resave-data TxRegInfra |
StartedAt: 2021-05-05 23:57:49 -0400 (Wed, 05 May 2021) |
EndedAt: 2021-05-05 23:58:38 -0400 (Wed, 05 May 2021) |
EllapsedTime: 49.1 seconds |
RetCode: 1 |
Status: ERROR |
PackageFile: None |
PackageFileSize: NA |
############################################################################## ############################################################################## ### ### Running command: ### ### chmod a+r TxRegInfra -R && C:\Users\biocbuild\bbs-3.12-bioc\R\bin\R.exe CMD build --keep-empty-dirs --no-resave-data TxRegInfra ### ############################################################################## ############################################################################## * checking for file 'TxRegInfra/DESCRIPTION' ... OK * preparing 'TxRegInfra': * checking DESCRIPTION meta-information ... OK * installing the package to build vignettes * creating vignettes ... ERROR --- re-building 'TxRegInfra.Rmd' using rmarkdown Quitting from lines 43-53 (TxRegInfra.Rmd) Error: processing vignette 'TxRegInfra.Rmd' failed with diagnostics: Failed to look up SRV record "_mongodb._tcp.txregnet-kui9i.mongodb.net": DNS name does not exist. --- failed re-building 'TxRegInfra.Rmd' --- re-building 'shims.Rmd' using rmarkdown Quitting from lines 55-59 (shims.Rmd) Error: processing vignette 'shims.Rmd' failed with diagnostics: Failed to look up SRV record "_mongodb._tcp.txregnet-kui9i.mongodb.net": DNS name does not exist. --- failed re-building 'shims.Rmd' SUMMARY: processing the following files failed: 'TxRegInfra.Rmd' 'shims.Rmd' Error: Vignette re-building failed. Execution halted