Back to Multiple platform build/check report for BioC 3.19: simplified long |
|
This page was generated on 2024-07-24 09:03 -0400 (Wed, 24 Jul 2024).
Hostname | OS | Arch (*) | R version | Installed pkgs |
---|---|---|---|---|
nebbiolo1 | Linux (Ubuntu 22.04.3 LTS) | x86_64 | 4.4.1 (2024-06-14) -- "Race for Your Life" | 4747 |
palomino7 | Windows Server 2022 Datacenter | x64 | 4.4.1 (2024-06-14 ucrt) -- "Race for Your Life" | 4489 |
merida1 | macOS 12.7.5 Monterey | x86_64 | 4.4.1 (2024-06-14) -- "Race for Your Life" | 4518 |
kjohnson1 | macOS 13.6.6 Ventura | arm64 | 4.4.1 (2024-06-14) -- "Race for Your Life" | 4467 |
Click on any hostname to see more info about the system (e.g. compilers) (*) as reported by 'uname -p', except on Windows and Mac OS X |
Package 1630/2300 | Hostname | OS / Arch | INSTALL | BUILD | CHECK | BUILD BIN | ||||||||
ptairMS 1.12.0 (landing page) camille Roquencourt
| nebbiolo1 | Linux (Ubuntu 22.04.3 LTS) / x86_64 | OK | OK | WARNINGS | |||||||||
palomino7 | Windows Server 2022 Datacenter / x64 | OK | OK | WARNINGS | OK | |||||||||
merida1 | macOS 12.7.5 Monterey / x86_64 | OK | OK | WARNINGS | OK | |||||||||
kjohnson1 | macOS 13.6.6 Ventura / arm64 | OK | OK | ERROR | OK | |||||||||
To the developers/maintainers of the ptairMS package: - Allow up to 24 hours (and sometimes 48 hours) for your latest push to git@git.bioconductor.org:packages/ptairMS.git to reflect on this report. See Troubleshooting Build Report for more information. - Use the following Renviron settings to reproduce errors and warnings. - If 'R CMD check' started to fail recently on the Linux builder(s) over a missing dependency, add the missing dependency to 'Suggests:' in your DESCRIPTION file. See Renviron.bioc for more information. |
Package: ptairMS |
Version: 1.12.0 |
Command: /home/biocbuild/bbs-3.19-bioc/R/bin/R CMD check --install=check:ptairMS.install-out.txt --library=/home/biocbuild/bbs-3.19-bioc/R/site-library --timings ptairMS_1.12.0.tar.gz |
StartedAt: 2024-07-22 03:51:02 -0400 (Mon, 22 Jul 2024) |
EndedAt: 2024-07-22 04:00:58 -0400 (Mon, 22 Jul 2024) |
EllapsedTime: 596.2 seconds |
RetCode: 0 |
Status: WARNINGS |
CheckDir: ptairMS.Rcheck |
Warnings: 2 |
############################################################################## ############################################################################## ### ### Running command: ### ### /home/biocbuild/bbs-3.19-bioc/R/bin/R CMD check --install=check:ptairMS.install-out.txt --library=/home/biocbuild/bbs-3.19-bioc/R/site-library --timings ptairMS_1.12.0.tar.gz ### ############################################################################## ############################################################################## * using log directory ‘/home/biocbuild/bbs-3.19-bioc/meat/ptairMS.Rcheck’ * using R version 4.4.1 (2024-06-14) * using platform: x86_64-pc-linux-gnu * R was compiled by gcc (Ubuntu 11.4.0-1ubuntu1~22.04) 11.4.0 GNU Fortran (Ubuntu 11.4.0-1ubuntu1~22.04) 11.4.0 * running under: Ubuntu 22.04.4 LTS * using session charset: UTF-8 * checking for file ‘ptairMS/DESCRIPTION’ ... OK * this is package ‘ptairMS’ version ‘1.12.0’ * package encoding: UTF-8 * checking package namespace information ... OK * checking package dependencies ... OK * checking if this is a source package ... OK * checking if there is a namespace ... OK * checking for hidden files and directories ... OK * checking for portable file names ... OK * checking for sufficient/correct file permissions ... OK * checking whether package ‘ptairMS’ can be installed ... WARNING Found the following significant warnings: Warning: replacing previous import ‘Biobase::cache’ by ‘bit64::cache’ when loading ‘ptairMS’ See ‘/home/biocbuild/bbs-3.19-bioc/meat/ptairMS.Rcheck/00install.out’ for details. * used C++ compiler: ‘g++ (Ubuntu 11.4.0-1ubuntu1~22.04) 11.4.0’ * checking installed package size ... OK * checking package directory ... OK * checking ‘build’ directory ... OK * checking DESCRIPTION meta-information ... OK * checking top-level files ... OK * checking for left-over files ... OK * checking index information ... OK * checking package subdirectories ... OK * checking code files for non-ASCII characters ... OK * checking R files for syntax errors ... OK * checking whether the package can be loaded ... OK * checking whether the package can be loaded with stated dependencies ... OK * checking whether the package can be unloaded cleanly ... OK * checking whether the namespace can be loaded with stated dependencies ... OK * checking whether the namespace can be unloaded cleanly ... OK * checking loading without being on the library search path ... OK * checking dependencies in R code ... WARNING '::' or ':::' imports not declared from: ‘htmlwidgets’ ‘plyr’ There are ::: calls to the package's namespace in its code. A package almost never needs to use ::: for its own objects: ‘getCalibrationInfo’ ‘getPeakList’ ‘getPeaksInfo’ ‘getTimeInfo’ ‘processFileTemporalNominalMass’ ‘tofToMz’ * checking S3 generic/method consistency ... OK * checking replacement functions ... OK * checking foreign function calls ... OK * checking R code for possible problems ... OK * checking Rd files ... OK * checking Rd metadata ... OK * checking Rd cross-references ... OK * checking for missing documentation entries ... OK * checking for code/documentation mismatches ... OK * checking Rd \usage sections ... OK * checking Rd contents ... OK * checking for unstated dependencies in examples ... OK * checking line endings in C/C++/Fortran sources/headers ... OK * checking compiled code ... NOTE Note: information on .o files is not available * checking files in ‘vignettes’ ... OK * checking examples ... OK Examples with CPU (user + system) or elapsed time > 5s user system elapsed detectPeak 77.766 0.524 78.292 writeEset 15.200 0.076 15.277 alignSamples 13.935 0.383 14.329 imputeMat 13.731 0.160 13.891 impute 12.972 0.168 13.140 getPeakList 12.763 0.160 12.923 annotation 12.362 0.184 12.548 convert_to_mzML 11.590 0.332 11.920 plot 10.256 0.107 10.364 updatePtrSet 9.800 0.056 9.856 defineKnots 9.555 0.152 9.711 resetSampleMetadata 9.633 0.068 9.701 plotTIC 9.534 0.119 9.653 plotRaw 9.516 0.112 9.628 plotFeatures 9.467 0.080 9.547 setSampleMetadata 9.426 0.036 9.462 plotCalib 9.322 0.064 9.386 rmPeakList 8.862 0.052 8.913 getDirectory 8.372 0.112 8.485 importSampleMetadata 8.316 0.120 8.436 createPtrSet 8.012 0.088 8.109 exportSampleMetada 7.858 0.096 7.954 changeTimeLimits 7.795 0.132 7.928 getSampleMetadata 7.738 0.076 7.814 getFileNames 7.703 0.084 7.787 * checking for unstated dependencies in ‘tests’ ... OK * checking tests ... Running ‘testthat.R’ OK * checking for unstated dependencies in vignettes ... OK * checking package vignettes ... OK * checking re-building of vignette outputs ... OK * checking PDF version of manual ... OK * DONE Status: 2 WARNINGs, 1 NOTE See ‘/home/biocbuild/bbs-3.19-bioc/meat/ptairMS.Rcheck/00check.log’ for details.
ptairMS.Rcheck/00install.out
############################################################################## ############################################################################## ### ### Running command: ### ### /home/biocbuild/bbs-3.19-bioc/R/bin/R CMD INSTALL ptairMS ### ############################################################################## ############################################################################## * installing to library ‘/home/biocbuild/bbs-3.19-bioc/R/site-library’ * installing *source* package ‘ptairMS’ ... ** using staged installation ** libs using C++ compiler: ‘g++ (Ubuntu 11.4.0-1ubuntu1~22.04) 11.4.0’ g++ -std=gnu++17 -I"/home/biocbuild/bbs-3.19-bioc/R/include" -DNDEBUG -I'/home/biocbuild/bbs-3.19-bioc/R/site-library/Rcpp/include' -I/usr/local/include -fpic -g -O2 -Wall -c RcppExports.cpp -o RcppExports.o g++ -std=gnu++17 -I"/home/biocbuild/bbs-3.19-bioc/R/include" -DNDEBUG -I'/home/biocbuild/bbs-3.19-bioc/R/site-library/Rcpp/include' -I/usr/local/include -fpic -g -O2 -Wall -c align.cpp -o align.o g++ -std=gnu++17 -I"/home/biocbuild/bbs-3.19-bioc/R/include" -DNDEBUG -I'/home/biocbuild/bbs-3.19-bioc/R/site-library/Rcpp/include' -I/usr/local/include -fpic -g -O2 -Wall -c findEqualGreaterM.cpp -o findEqualGreaterM.o g++ -std=gnu++17 -shared -L/home/biocbuild/bbs-3.19-bioc/R/lib -L/usr/local/lib -o ptairMS.so RcppExports.o align.o findEqualGreaterM.o -L/home/biocbuild/bbs-3.19-bioc/R/lib -lR installing to /home/biocbuild/bbs-3.19-bioc/R/site-library/00LOCK-ptairMS/00new/ptairMS/libs ** R ** inst ** byte-compile and prepare package for lazy loading Warning: replacing previous import ‘Biobase::cache’ by ‘bit64::cache’ when loading ‘ptairMS’ ** help *** installing help indices ** building package indices ** installing vignettes ** testing if installed package can be loaded from temporary location Warning: replacing previous import ‘Biobase::cache’ by ‘bit64::cache’ when loading ‘ptairMS’ ** checking absolute paths in shared objects and dynamic libraries ** testing if installed package can be loaded from final location Warning: replacing previous import ‘Biobase::cache’ by ‘bit64::cache’ when loading ‘ptairMS’ ** testing if installed package keeps a record of temporary installation path * DONE (ptairMS)
ptairMS.Rcheck/tests/testthat.Rout
R version 4.4.1 (2024-06-14) -- "Race for Your Life" Copyright (C) 2024 The R Foundation for Statistical Computing Platform: x86_64-pc-linux-gnu R is free software and comes with ABSOLUTELY NO WARRANTY. You are welcome to redistribute it under certain conditions. Type 'license()' or 'licence()' for distribution details. R is a collaborative project with many contributors. Type 'contributors()' for more information and 'citation()' on how to cite R or R packages in publications. Type 'demo()' for some demos, 'help()' for on-line help, or 'help.start()' for an HTML browser interface to help. Type 'q()' to quit R. > library(testthat) > library(ptairMS) Warning message: replacing previous import 'Biobase::cache' by 'bit64::cache' when loading 'ptairMS' > > test_check("ptairMS") Control1.h5 : 3 peaks detected Control2.h5 : 3 peaks detected Specie-a1.h5 : 2 peaks detected Specie-a2.h5 : 3 peaks detected specie-b1.h5 : 4 peaks detected specie-b2.h5 : 3 peaks detected Control1.h5 : 2 peaks detected Control2.h5 : 2 peaks detected Specie-a1.h5 : 3 peaks detected Specie-a2.h5 : 3 peaks detected specie-b1.h5 : 2 peaks detected specie-b2.h5 : 3 peaks detected Control1.h5 : 4 peaks detected Control2.h5 : 5 peaks detected Specie-a1.h5 : 3 peaks detected Specie-a2.h5 : 4 peaks detected specie-b1.h5 : 5 peaks detected specie-b2.h5 : 4 peaks detected Control1.h5 : 3 peaks detected Control2.h5 : 2 peaks detected Specie-a1.h5 : 3 peaks detected Specie-a2.h5 : 3 peaks detected specie-b1.h5 : 4 peaks detected specie-b2.h5 : 4 peaks detected [ FAIL 0 | WARN 0 | SKIP 0 | PASS 59 ] > > proc.time() user system elapsed 67.919 0.911 68.821
ptairMS.Rcheck/ptairMS-Ex.timings
name | user | system | elapsed | |
LocalMaximaSG | 0.024 | 0.000 | 0.024 | |
PeakList | 0.834 | 0.093 | 0.928 | |
RunShinnyApp | 0 | 0 | 0 | |
alignSamples | 13.935 | 0.383 | 14.329 | |
annotation | 12.362 | 0.184 | 12.548 | |
calibration | 0.808 | 0.000 | 0.808 | |
changeTimeLimits | 7.795 | 0.132 | 7.928 | |
convert_to_mzML | 11.590 | 0.332 | 11.920 | |
createPtrSet | 8.012 | 0.088 | 8.109 | |
defineKnots | 9.555 | 0.152 | 9.711 | |
detectPeak | 77.766 | 0.524 | 78.292 | |
exportSampleMetada | 7.858 | 0.096 | 7.954 | |
formula2mass | 0.003 | 0.000 | 0.003 | |
getDirectory | 8.372 | 0.112 | 8.485 | |
getFileNames | 7.703 | 0.084 | 7.787 | |
getPeakList | 12.763 | 0.160 | 12.923 | |
getSampleMetadata | 7.738 | 0.076 | 7.814 | |
importSampleMetadata | 8.316 | 0.120 | 8.436 | |
impute | 12.972 | 0.168 | 13.140 | |
imputeMat | 13.731 | 0.160 | 13.891 | |
plot | 10.256 | 0.107 | 10.364 | |
plotCalib | 9.322 | 0.064 | 9.386 | |
plotFeatures | 9.467 | 0.080 | 9.547 | |
plotRaw | 9.516 | 0.112 | 9.628 | |
plotTIC | 9.534 | 0.119 | 9.653 | |
readRaw | 0.118 | 0.004 | 0.122 | |
resetSampleMetadata | 9.633 | 0.068 | 9.701 | |
rmPeakList | 8.862 | 0.052 | 8.913 | |
setSampleMetadata | 9.426 | 0.036 | 9.462 | |
timeLimits | 0.991 | 0.004 | 0.996 | |
updatePtrSet | 9.800 | 0.056 | 9.856 | |
writeEset | 15.200 | 0.076 | 15.277 | |