Back to Multiple platform build/check report for BioC 3.19: simplified long |
|
This page was generated on 2024-06-25 17:42 -0400 (Tue, 25 Jun 2024).
Hostname | OS | Arch (*) | R version | Installed pkgs |
---|---|---|---|---|
nebbiolo1 | Linux (Ubuntu 22.04.3 LTS) | x86_64 | 4.4.0 (2024-04-24) -- "Puppy Cup" | 4760 |
palomino3 | Windows Server 2022 Datacenter | x64 | 4.4.0 (2024-04-24 ucrt) -- "Puppy Cup" | 4494 |
merida1 | macOS 12.7.4 Monterey | x86_64 | 4.4.0 (2024-04-24) -- "Puppy Cup" | 4508 |
kjohnson1 | macOS 13.6.6 Ventura | arm64 | 4.4.0 (2024-04-24) -- "Puppy Cup" | 4466 |
Click on any hostname to see more info about the system (e.g. compilers) (*) as reported by 'uname -p', except on Windows and Mac OS X |
Package 1273/2300 | Hostname | OS / Arch | INSTALL | BUILD | CHECK | BUILD BIN | ||||||||
mina 1.12.0 (landing page) Rui Guan
| nebbiolo1 | Linux (Ubuntu 22.04.3 LTS) / x86_64 | OK | OK | WARNINGS | |||||||||
palomino3 | Windows Server 2022 Datacenter / x64 | OK | OK | WARNINGS | OK | |||||||||
merida1 | macOS 12.7.4 Monterey / x86_64 | OK | OK | WARNINGS | OK | |||||||||
kjohnson1 | macOS 13.6.6 Ventura / arm64 | OK | OK | WARNINGS | OK | |||||||||
To the developers/maintainers of the mina package: - Allow up to 24 hours (and sometimes 48 hours) for your latest push to git@git.bioconductor.org:packages/mina.git to reflect on this report. See Troubleshooting Build Report for more information. - Use the following Renviron settings to reproduce errors and warnings. - If 'R CMD check' started to fail recently on the Linux builder(s) over a missing dependency, add the missing dependency to 'Suggests:' in your DESCRIPTION file. See Renviron.bioc for more information. |
Package: mina |
Version: 1.12.0 |
Command: /Library/Frameworks/R.framework/Resources/bin/R CMD check --install=check:mina.install-out.txt --library=/Library/Frameworks/R.framework/Resources/library --no-vignettes --timings mina_1.12.0.tar.gz |
StartedAt: 2024-06-24 07:35:54 -0400 (Mon, 24 Jun 2024) |
EndedAt: 2024-06-24 07:43:30 -0400 (Mon, 24 Jun 2024) |
EllapsedTime: 455.9 seconds |
RetCode: 0 |
Status: WARNINGS |
CheckDir: mina.Rcheck |
Warnings: 1 |
############################################################################## ############################################################################## ### ### Running command: ### ### /Library/Frameworks/R.framework/Resources/bin/R CMD check --install=check:mina.install-out.txt --library=/Library/Frameworks/R.framework/Resources/library --no-vignettes --timings mina_1.12.0.tar.gz ### ############################################################################## ############################################################################## * using log directory ‘/Users/biocbuild/bbs-3.19-bioc/meat/mina.Rcheck’ * using R version 4.4.0 (2024-04-24) * using platform: x86_64-apple-darwin20 * R was compiled by Apple clang version 14.0.0 (clang-1400.0.29.202) GNU Fortran (GCC) 12.2.0 * running under: macOS Monterey 12.7.4 * using session charset: UTF-8 * using option ‘--no-vignettes’ * checking for file ‘mina/DESCRIPTION’ ... OK * this is package ‘mina’ version ‘1.12.0’ * package encoding: UTF-8 * checking package namespace information ... OK * checking package dependencies ... OK * checking if this is a source package ... OK * checking if there is a namespace ... OK * checking for hidden files and directories ... OK * checking for portable file names ... OK * checking for sufficient/correct file permissions ... OK * checking whether package ‘mina’ can be installed ... OK * used C++ compiler: ‘Apple clang version 14.0.0 (clang-1400.0.29.202)’ * used SDK: ‘MacOSX11.3.sdk’ * checking installed package size ... NOTE installed size is 8.0Mb sub-directories of 1Mb or more: data 7.4Mb * checking package directory ... OK * checking ‘build’ directory ... OK * checking DESCRIPTION meta-information ... OK * checking top-level files ... OK * checking for left-over files ... OK * checking index information ... OK * checking package subdirectories ... OK * checking code files for non-ASCII characters ... OK * checking R files for syntax errors ... OK * checking whether the package can be loaded ... OK * checking whether the package can be loaded with stated dependencies ... OK * checking whether the package can be unloaded cleanly ... OK * checking whether the namespace can be loaded with stated dependencies ... OK * checking whether the namespace can be unloaded cleanly ... OK * checking dependencies in R code ... OK * checking S3 generic/method consistency ... OK * checking replacement functions ... OK * checking foreign function calls ... OK * checking R code for possible problems ... NOTE sparcc: no visible binding for global variable ‘i’ net_dis_pcoa,character: no visible binding for global variable ‘y’ net_dis_pcoa,character: no visible binding for global variable ‘Group’ net_dis_plot,mina: no visible binding for global variable ‘Group1’ net_dis_plot,mina: no visible binding for global variable ‘Group2’ net_dis_plot,mina: no visible binding for global variable ‘Distance’ net_dis_plot,mina: no visible binding for global variable ‘Sig’ Undefined global functions or variables: Distance Group Group1 Group2 Sig i y * checking Rd files ... NOTE checkRd: (-1) re_format_AP.Rd:10: Lost braces; missing escapes or markup? 10 | \item{x}{an {APResult} object from \pkg{apcluster}.} | ^ * checking Rd metadata ... OK * checking Rd cross-references ... OK * checking for missing documentation entries ... OK * checking for code/documentation mismatches ... OK * checking Rd \usage sections ... OK * checking Rd contents ... OK * checking for unstated dependencies in examples ... OK * checking contents of ‘data’ directory ... OK * checking data for non-ASCII characters ... OK * checking LazyData ... WARNING LazyData DB of 7.4 MB without LazyDataCompression set See §1.1.6 of 'Writing R Extensions' * checking data for ASCII and uncompressed saves ... OK * checking line endings in C/C++/Fortran sources/headers ... OK * checking compiled code ... NOTE Note: information on .o files is not available * checking files in ‘vignettes’ ... OK * checking examples ... OK Examples with CPU (user + system) or elapsed time > 5s user system elapsed net_dis_plot 54.291 8.983 63.674 net_dis-mina 27.161 4.741 31.990 com_plot-mina 21.183 3.042 4.513 dis_stat_accessor 20.933 3.086 24.285 net_cls-mina 20.943 0.461 24.686 bs_pm-mina 13.029 1.579 14.488 net_cls 11.064 0.583 12.703 net_cls-matrix 11.264 0.283 13.331 * checking for unstated dependencies in vignettes ... OK * checking package vignettes ... OK * checking running R code from vignettes ... SKIPPED * checking re-building of vignette outputs ... SKIPPED * checking PDF version of manual ... OK * DONE Status: 1 WARNING, 4 NOTEs See ‘/Users/biocbuild/bbs-3.19-bioc/meat/mina.Rcheck/00check.log’ for details.
mina.Rcheck/00install.out
############################################################################## ############################################################################## ### ### Running command: ### ### /Library/Frameworks/R.framework/Resources/bin/R CMD INSTALL mina ### ############################################################################## ############################################################################## * installing to library ‘/Library/Frameworks/R.framework/Versions/4.4-x86_64/Resources/library’ * installing *source* package ‘mina’ ... ** using staged installation ** libs using C++ compiler: ‘Apple clang version 14.0.0 (clang-1400.0.29.202)’ using SDK: ‘MacOSX11.3.sdk’ clang++ -arch x86_64 -std=gnu++17 -I"/Library/Frameworks/R.framework/Resources/include" -DNDEBUG -I'/Library/Frameworks/R.framework/Versions/4.4-x86_64/Resources/library/Rcpp/include' -I'/Library/Frameworks/R.framework/Versions/4.4-x86_64/Resources/library/RcppParallel/include' -I'/Library/Frameworks/R.framework/Versions/4.4-x86_64/Resources/library/RcppArmadillo/include' -I/opt/R/x86_64/include -fPIC -falign-functions=64 -Wall -g -O2 -c RcppExports.cpp -o RcppExports.o clang++ -arch x86_64 -std=gnu++17 -I"/Library/Frameworks/R.framework/Resources/include" -DNDEBUG -I'/Library/Frameworks/R.framework/Versions/4.4-x86_64/Resources/library/Rcpp/include' -I'/Library/Frameworks/R.framework/Versions/4.4-x86_64/Resources/library/RcppParallel/include' -I'/Library/Frameworks/R.framework/Versions/4.4-x86_64/Resources/library/RcppArmadillo/include' -I/opt/R/x86_64/include -fPIC -falign-functions=64 -Wall -g -O2 -c cp_cor.cpp -o cp_cor.o clang++ -arch x86_64 -std=gnu++17 -dynamiclib -Wl,-headerpad_max_install_names -undefined dynamic_lookup -L/Library/Frameworks/R.framework/Resources/lib -L/opt/R/x86_64/lib -o mina.so RcppExports.o cp_cor.o -F/Library/Frameworks/R.framework/.. -framework R -Wl,-framework -Wl,CoreFoundation installing to /Library/Frameworks/R.framework/Versions/4.4-x86_64/Resources/library/00LOCK-mina/00new/mina/libs ** R ** data *** moving datasets to lazyload DB ** byte-compile and prepare package for lazy loading Creating a new generic function for ‘norm’ in package ‘mina’ ** help *** installing help indices ** building package indices ** installing vignettes ** testing if installed package can be loaded from temporary location ** checking absolute paths in shared objects and dynamic libraries ** testing if installed package can be loaded from final location ** testing if installed package keeps a record of temporary installation path * DONE (mina)
mina.Rcheck/mina-Ex.timings
name | user | system | elapsed | |
adj-matrix | 0.891 | 0.070 | 0.835 | |
adj-mina | 1.182 | 0.055 | 1.160 | |
adj | 1.293 | 0.052 | 1.268 | |
adj_method_list | 0.135 | 0.103 | 0.354 | |
bs_pm-mina | 13.029 | 1.579 | 14.488 | |
bs_pm | 2.595 | 0.304 | 3.245 | |
check_mina | 0.107 | 0.051 | 0.172 | |
check_mina_de | 0.104 | 0.046 | 0.164 | |
check_mina_qu | 0.102 | 0.048 | 0.168 | |
cls_tab | 0.107 | 0.070 | 0.185 | |
com_dis-matrix | 1.920 | 0.019 | 0.716 | |
com_dis-mina | 1.173 | 0.019 | 0.238 | |
com_dis | 1.918 | 0.046 | 0.746 | |
com_dis_list | 0.212 | 0.072 | 0.310 | |
com_plot-mina | 21.183 | 3.042 | 4.513 | |
com_plot | 0.284 | 0.015 | 0.306 | |
com_r2-mina | 2.346 | 0.037 | 1.137 | |
com_r2 | 1.524 | 0.102 | 1.234 | |
data-hmp | 0.003 | 0.004 | 0.007 | |
data-maize | 0.002 | 0.003 | 0.004 | |
des_accessor | 0.005 | 0.002 | 0.007 | |
dis_accessor | 1.322 | 0.015 | 0.156 | |
dis_stat_accessor | 20.933 | 3.086 | 24.285 | |
dmr-matrix | 2.005 | 0.020 | 0.750 | |
dmr-mina | 1.971 | 0.091 | 0.850 | |
dmr | 1.998 | 0.035 | 0.762 | |
dmr_accessor | 1.771 | 0.055 | 0.836 | |
fit_tabs-mina | 1.044 | 0.311 | 1.812 | |
fit_tabs | 1.816 | 0.226 | 2.502 | |
get_net_cls_tab-matrix-data.frame-method | 3.355 | 0.281 | 4.162 | |
get_net_cls_tab | 3.807 | 0.377 | 4.810 | |
get_r2-mat | 2.266 | 0.042 | 1.178 | |
get_r2 | 2.377 | 0.153 | 1.428 | |
get_rep-matrix | 0.449 | 0.010 | 0.564 | |
get_rep-mima | 1.352 | 0.094 | 1.782 | |
hmp_des | 0.001 | 0.002 | 0.004 | |
hmp_otu | 0.001 | 0.002 | 0.004 | |
maize_asv | 0.002 | 0.002 | 0.004 | |
maize_asv2 | 0.001 | 0.002 | 0.005 | |
maize_des | 0.002 | 0.003 | 0.004 | |
maize_des2 | 0.001 | 0.002 | 0.004 | |
mina-class | 0.002 | 0.000 | 0.003 | |
net_cls-matrix | 11.264 | 0.283 | 13.331 | |
net_cls-mina | 20.943 | 0.461 | 24.686 | |
net_cls | 11.064 | 0.583 | 12.703 | |
net_cls_tab-mina-method | 2.833 | 0.034 | 3.045 | |
net_cls_tab | 3.490 | 0.326 | 4.065 | |
net_dis-mina | 27.161 | 4.741 | 31.990 | |
net_dis | 2.526 | 0.551 | 3.082 | |
net_dis_indi | 0.000 | 0.001 | 0.001 | |
net_dis_pcoa | 0.000 | 0.001 | 0.002 | |
net_dis_plot | 54.291 | 8.983 | 63.674 | |
net_grp_cmp | 0.001 | 0.001 | 0.002 | |
net_node_cmp | 0.000 | 0.001 | 0.001 | |
norm_accessor | 0.049 | 0.001 | 0.058 | |
norm_tab-matrix | 1.645 | 0.092 | 2.032 | |
norm_tab-mina | 1.585 | 0.088 | 1.956 | |
norm_tab | 0.051 | 0.002 | 0.061 | |
norm_tab_method_list | 0.110 | 0.050 | 0.208 | |
pcoa_plot | 4.257 | 0.063 | 1.956 | |
sim_par | 0.000 | 0.001 | 0.001 | |
sparcc | 0.000 | 0.001 | 0.001 | |
tab_accessor | 0.001 | 0.002 | 0.002 | |
tina-matrix-method | 0.000 | 0.001 | 0.001 | |
tina | 0.000 | 0.001 | 0.001 | |