Back to Multiple platform build/check report for BioC 3.19: simplified long |
|
This page was generated on 2024-06-25 17:43 -0400 (Tue, 25 Jun 2024).
Hostname | OS | Arch (*) | R version | Installed pkgs |
---|---|---|---|---|
nebbiolo1 | Linux (Ubuntu 22.04.3 LTS) | x86_64 | 4.4.0 (2024-04-24) -- "Puppy Cup" | 4760 |
palomino3 | Windows Server 2022 Datacenter | x64 | 4.4.0 (2024-04-24 ucrt) -- "Puppy Cup" | 4494 |
merida1 | macOS 12.7.4 Monterey | x86_64 | 4.4.0 (2024-04-24) -- "Puppy Cup" | 4508 |
kjohnson1 | macOS 13.6.6 Ventura | arm64 | 4.4.0 (2024-04-24) -- "Puppy Cup" | 4466 |
Click on any hostname to see more info about the system (e.g. compilers) (*) as reported by 'uname -p', except on Windows and Mac OS X |
Package 859/2300 | Hostname | OS / Arch | INSTALL | BUILD | CHECK | BUILD BIN | ||||||||
ggbio 1.52.0 (landing page) Michael Lawrence
| nebbiolo1 | Linux (Ubuntu 22.04.3 LTS) / x86_64 | OK | OK | WARNINGS | |||||||||
palomino3 | Windows Server 2022 Datacenter / x64 | OK | OK | WARNINGS | OK | |||||||||
merida1 | macOS 12.7.4 Monterey / x86_64 | OK | OK | WARNINGS | OK | |||||||||
kjohnson1 | macOS 13.6.6 Ventura / arm64 | OK | OK | WARNINGS | OK | |||||||||
To the developers/maintainers of the ggbio package: - Allow up to 24 hours (and sometimes 48 hours) for your latest push to git@git.bioconductor.org:packages/ggbio.git to reflect on this report. See Troubleshooting Build Report for more information. - Use the following Renviron settings to reproduce errors and warnings. - If 'R CMD check' started to fail recently on the Linux builder(s) over a missing dependency, add the missing dependency to 'Suggests:' in your DESCRIPTION file. See Renviron.bioc for more information. |
Package: ggbio |
Version: 1.52.0 |
Command: /Library/Frameworks/R.framework/Resources/bin/R CMD check --install=check:ggbio.install-out.txt --library=/Library/Frameworks/R.framework/Resources/library --no-vignettes --timings ggbio_1.52.0.tar.gz |
StartedAt: 2024-06-24 21:16:30 -0400 (Mon, 24 Jun 2024) |
EndedAt: 2024-06-24 21:28:24 -0400 (Mon, 24 Jun 2024) |
EllapsedTime: 714.0 seconds |
RetCode: 0 |
Status: WARNINGS |
CheckDir: ggbio.Rcheck |
Warnings: 2 |
############################################################################## ############################################################################## ### ### Running command: ### ### /Library/Frameworks/R.framework/Resources/bin/R CMD check --install=check:ggbio.install-out.txt --library=/Library/Frameworks/R.framework/Resources/library --no-vignettes --timings ggbio_1.52.0.tar.gz ### ############################################################################## ############################################################################## * using log directory ‘/Users/biocbuild/bbs-3.19-bioc/meat/ggbio.Rcheck’ * using R version 4.4.0 (2024-04-24) * using platform: aarch64-apple-darwin20 * R was compiled by Apple clang version 14.0.0 (clang-1400.0.29.202) GNU Fortran (GCC) 12.2.0 * running under: macOS Ventura 13.6.6 * using session charset: UTF-8 * using option ‘--no-vignettes’ * checking for file ‘ggbio/DESCRIPTION’ ... OK * this is package ‘ggbio’ version ‘1.52.0’ * checking package namespace information ... OK * checking package dependencies ... OK * checking if this is a source package ... OK * checking if there is a namespace ... OK * checking for hidden files and directories ... OK * checking for portable file names ... OK * checking for sufficient/correct file permissions ... OK * checking whether package ‘ggbio’ can be installed ... OK * checking installed package size ... OK * checking package directory ... OK * checking ‘build’ directory ... OK * checking DESCRIPTION meta-information ... OK * checking top-level files ... OK * checking for left-over files ... OK * checking index information ... OK * checking package subdirectories ... OK * checking code files for non-ASCII characters ... OK * checking R files for syntax errors ... OK * checking whether the package can be loaded ... OK * checking whether the package can be loaded with stated dependencies ... OK * checking whether the package can be unloaded cleanly ... OK * checking whether the namespace can be loaded with stated dependencies ... OK * checking whether the namespace can be unloaded cleanly ... OK * checking whether startup messages can be suppressed ... OK * checking dependencies in R code ... NOTE ':::' call which should be '::': 'ggplot2:::set_last_plot' See the note in ?`:::` about the use of this operator. Unexported objects imported by ':::' calls: 'S4Vectors:::top_prenv' 'ggplot2:::add_ggplot' 'ggplot2:::cunion' 'ggplot2:::rescale01' See the note in ?`:::` about the use of this operator. * checking S3 generic/method consistency ... OK * checking replacement functions ... OK * checking foreign function calls ... OK * checking R code for possible problems ... NOTE .combineNames: no visible binding for global variable '.layout_circle.stats' Ideogram: no visible global function definition for 'data' Ideogram: no visible binding for global variable 'ideoCyto' getNR: no visible global function definition for 'se' getNR: no visible global function definition for 'indexProbesProcessed' getNR: no visible global function definition for 'coefs' scale_x_sequnit: no visible binding for global variable '.x' autoplot,ExpressionSet: no visible binding for global variable 'variable' autoplot,RangedSummarizedExperiment: no visible binding for global variable 'variable' autoplot,VCF: no visible binding for global variable 'stepping' autoplot,VCF: no visible binding for global variable 'value' autoplot,VRanges: no visible binding for global variable 'midpoint' autoplot,Views: no visible binding for global variable 'x' autoplot,Views: no visible binding for global variable 'value' geom_alignment,BamFile: no visible binding for global variable 'fl' geom_alignment,BamFile: no visible binding for global variable 'stepping' height,GGbio: no visible binding for global variable 'mt' height,Tracked: no visible binding for global variable 'mt' height,gg: no visible binding for global variable 'mt' layout_karyogram,GRanges: no visible binding for global variable 'gieStain' layout_karyogram,GRanges: no visible binding for global variable 'x' layout_karyogram,GRanges: no visible binding for global variable 'xend' layout_karyogram,GRanges: no visible binding for global variable 'y2' layout_karyogram,GRanges: no visible binding for global variable 'yend2' layout_karyogram,GRanges: no visible binding for global variable 'name' plotFragLength,character-GRanges: no visible binding for global variable '.fragLength' plotSpliceSum,character-EnsDb: possible error in GRangesFilter(which, condition = "overlapping"): unused argument (condition = "overlapping") stat_mismatch,GRanges: no visible binding for global variable 'sts' stat_mismatch,GRanges: no visible binding for global variable 'eds' stat_mismatch,GRanges: no visible binding for global variable 'read' Undefined global functions or variables: .fragLength .layout_circle.stats .x coefs data eds fl gieStain ideoCyto indexProbesProcessed midpoint mt name read se stepping sts value variable x xend y2 yend2 Consider adding importFrom("utils", "data") to your NAMESPACE file. * checking Rd files ... NOTE checkRd: (-1) autoplot-method.Rd:353-355: Lost braces in \itemize; meant \describe ? checkRd: (-1) autoplot-method.Rd:357-360: Lost braces in \itemize; meant \describe ? checkRd: (-1) autoplot-method.Rd:442-448: Lost braces in \itemize; meant \describe ? checkRd: (-1) autoplot-method.Rd:445: Escaped LaTeX specials: \~ checkRd: (-1) autoplot-method.Rd:449-455: Lost braces in \itemize; meant \describe ? checkRd: (-1) geom_arch-method.Rd:28: Lost braces in \itemize; meant \describe ? checkRd: (-1) geom_arch-method.Rd:29: Lost braces in \itemize; meant \describe ? checkRd: (-1) geom_arch-method.Rd:30: Lost braces in \itemize; meant \describe ? checkRd: (-1) ggplot-method.Rd:91: Lost braces in \itemize; meant \describe ? checkRd: (-1) ggplot-method.Rd:92: Lost braces in \itemize; meant \describe ? checkRd: (-1) ggplot-method.Rd:93: Lost braces in \itemize; meant \describe ? checkRd: (-1) tracks.Rd:295-302: Lost braces in \itemize; meant \describe ? checkRd: (-1) tracks.Rd:303-306: Lost braces in \itemize; meant \describe ? checkRd: (-1) tracks.Rd:307-309: Lost braces in \itemize; meant \describe ? * checking Rd metadata ... OK * checking Rd cross-references ... OK * checking for missing documentation entries ... WARNING Undocumented S4 methods: generic '+' and siglist 'Tracks,ANY' generic '+' and siglist 'Tracks,Tracks' generic '+' and siglist 'Tracks,cartesian' generic '+' and siglist 'Tracks,position_c' generic '+' and siglist 'Tracks,theme' generic '+' and siglist 'Tracks,zoom' All user-level objects in a package (including S4 classes and methods) should have documentation entries. See chapter ‘Writing R documentation files’ in the ‘Writing R Extensions’ manual. * checking for code/documentation mismatches ... WARNING Codoc mismatches from Rd file 'geom_alignment-method.Rd': \S4method{geom_alignment}{GRanges} Code: function(data, ..., xlab, ylab, main, facets = NULL, stat = c("stepping", "identity"), range.geom = c("rect", "arrowrect"), gap.geom = c("chevron", "arrow", "segment"), rect.height = NULL, group.selfish = TRUE) Docs: function(data, ..., xlab, ylab, main, facets = NULL, stat = c("stepping", "identity"), range.geom = c("rect", "arrowrect"), gap.geom = c("chevron", "arrow", "segment"), rect.height = NULL, group.selfish = TRUE, label = TRUE) Argument names in docs not in code: label Codoc mismatches from Rd file 'ggsave.Rd': ggsave Code: function(filename, plot = last_plot(), device = NULL, path = NULL, scale = 1, width = NA, height = NA, units = c("in", "cm", "mm"), dpi = 300, limitsize = TRUE, ...) Docs: function(filename, plot = last_plot(), device = default_device(filename), path = NULL, scale = 1, width = par("din")[1], height = par("din")[2], units = c("in", "cm", "mm"), dpi = 300, limitsize = TRUE, ...) Mismatches in argument default values: Name: 'device' Code: NULL Docs: default_device(filename) Name: 'width' Code: NA Docs: par("din")[1] Name: 'height' Code: NA Docs: par("din")[2] * checking Rd \usage sections ... OK * checking Rd contents ... NOTE Argument items with no description in Rd file 'autoplot-method.Rd': ‘rotate’ * checking for unstated dependencies in examples ... OK * checking line endings in Makefiles ... OK * checking for GNU extensions in Makefiles ... OK * checking include directives in Makefiles ... OK * checking sizes of PDF files under ‘inst/doc’ ... OK * checking files in ‘vignettes’ ... OK * checking examples ... OK Examples with CPU (user + system) or elapsed time > 5s user system elapsed autoplot-method 88.688 1.717 91.160 geom_alignment-method 37.400 0.763 38.300 tracks 19.845 0.214 20.076 layout_karyogram-method 16.986 0.141 18.247 plotRangesLinkedToData 14.023 0.209 14.359 stat_reduce-method 7.903 0.154 8.097 ggplot-method 7.628 0.130 8.298 plotGrandLinear 6.403 0.121 6.694 stat_aggregate-method 5.921 0.044 5.995 layout_circle-method 5.387 0.042 5.802 geom_arrow-method 5.117 0.040 5.197 * checking for unstated dependencies in ‘tests’ ... OK * checking tests ... Running ‘test-all.R’ OK * checking for unstated dependencies in vignettes ... OK * checking package vignettes ... OK * checking running R code from vignettes ... SKIPPED * checking re-building of vignette outputs ... SKIPPED * checking PDF version of manual ... OK * DONE Status: 2 WARNINGs, 4 NOTEs See ‘/Users/biocbuild/bbs-3.19-bioc/meat/ggbio.Rcheck/00check.log’ for details.
ggbio.Rcheck/00install.out
############################################################################## ############################################################################## ### ### Running command: ### ### /Library/Frameworks/R.framework/Resources/bin/R CMD INSTALL ggbio ### ############################################################################## ############################################################################## * installing to library ‘/Library/Frameworks/R.framework/Versions/4.4-arm64/Resources/library’ * installing *source* package ‘ggbio’ ... ** using staged installation ** R ** inst ** byte-compile and prepare package for lazy loading Creating a new generic function for 'rescale' in package 'ggbio' Creating a new generic function for 'xlim' in package 'ggbio' Creating a new generic function for 'geom_rect' in package 'ggbio' Creating a new generic function for 'geom_segment' in package 'ggbio' Creating a new generic function for 'geom_bar' in package 'ggbio' Creating a new generic function for 'stat_identity' in package 'ggbio' Creating a new generic function for 'stat_bin' in package 'ggbio' ** help *** installing help indices ** building package indices ** installing vignettes ** testing if installed package can be loaded from temporary location ** testing if installed package can be loaded from final location ** testing if installed package keeps a record of temporary installation path * DONE (ggbio)
ggbio.Rcheck/tests/test-all.Rout
R version 4.4.0 (2024-04-24) -- "Puppy Cup" Copyright (C) 2024 The R Foundation for Statistical Computing Platform: aarch64-apple-darwin20 R is free software and comes with ABSOLUTELY NO WARRANTY. You are welcome to redistribute it under certain conditions. Type 'license()' or 'licence()' for distribution details. R is a collaborative project with many contributors. Type 'contributors()' for more information and 'citation()' on how to cite R or R packages in publications. Type 'demo()' for some demos, 'help()' for on-line help, or 'help.start()' for an HTML browser interface to help. Type 'q()' to quit R. > library(testthat) > test_check("ggbio") Loading required package: ggbio Loading required package: BiocGenerics Attaching package: 'BiocGenerics' The following objects are masked from 'package:stats': IQR, mad, sd, var, xtabs The following objects are masked from 'package:base': Filter, Find, Map, Position, Reduce, anyDuplicated, aperm, append, as.data.frame, basename, cbind, colnames, dirname, do.call, duplicated, eval, evalq, get, grep, grepl, intersect, is.unsorted, lapply, mapply, match, mget, order, paste, pmax, pmax.int, pmin, pmin.int, rank, rbind, rownames, sapply, setdiff, table, tapply, union, unique, unsplit, which.max, which.min Loading required package: ggplot2 Need specific help about ggbio? try mailing the maintainer or visit https://lawremi.github.io/ggbio/ Attaching package: 'ggbio' The following objects are masked from 'package:ggplot2': geom_bar, geom_rect, geom_segment, ggsave, stat_bin, stat_identity, xlim [ FAIL 0 | WARN 0 | SKIP 0 | PASS 0 ] > > proc.time() user system elapsed 19.901 0.820 20.758
ggbio.Rcheck/ggbio-Ex.timings
name | user | system | elapsed | |
arrangeGrobByParsingLegend | 2.563 | 0.079 | 2.662 | |
autoplot-method | 88.688 | 1.717 | 91.160 | |
geom_alignment-method | 37.400 | 0.763 | 38.300 | |
geom_arch-method | 1.294 | 0.034 | 1.331 | |
geom_arrow-method | 5.117 | 0.040 | 5.197 | |
geom_arrowrect-method | 3.379 | 0.028 | 3.588 | |
geom_bar-method | 1.060 | 0.018 | 1.157 | |
geom_chevron-method | 4.367 | 0.039 | 4.658 | |
geom_rect-method | 3.260 | 0.030 | 3.669 | |
geom_segment-method | 3.023 | 0.028 | 3.122 | |
ggbio-class | 0.009 | 0.001 | 0.010 | |
ggplot-method | 7.628 | 0.130 | 8.298 | |
layout_circle-method | 5.387 | 0.042 | 5.802 | |
layout_karyogram-method | 16.986 | 0.141 | 18.247 | |
plotFragLength | 0.000 | 0.001 | 0.000 | |
plotGrandLinear | 6.403 | 0.121 | 6.694 | |
plotRangesLinkedToData | 14.023 | 0.209 | 14.359 | |
plotSingleChrom | 0.001 | 0.000 | 0.000 | |
plotSpliceSum | 0.000 | 0.000 | 0.001 | |
plotStackedOverview | 0.000 | 0.001 | 0.001 | |
rescale-method | 0.104 | 0.002 | 0.107 | |
scale_fill_fold_change | 0.366 | 0.011 | 0.379 | |
scale_fill_giemsa | 2.459 | 0.021 | 2.490 | |
scale_x_sequnit | 0.270 | 0.005 | 0.275 | |
stat_aggregate-method | 5.921 | 0.044 | 5.995 | |
stat_bin-method | 4.190 | 0.075 | 4.271 | |
stat_coverage-method | 2.007 | 0.028 | 2.063 | |
stat_gene-method | 0 | 0 | 0 | |
stat_identity-method | 2.607 | 0.063 | 2.681 | |
stat_reduce-method | 7.903 | 0.154 | 8.097 | |
stat_slice-method | 2.578 | 0.047 | 2.627 | |
stat_stepping-method | 2.207 | 0.020 | 2.228 | |
stat_table-method | 1.416 | 0.015 | 1.433 | |
theme | 1.400 | 0.013 | 1.415 | |
tracks | 19.845 | 0.214 | 20.076 | |