Back to Multiple platform build/check report for BioC 3.19: simplified long |
|
This page was generated on 2024-07-24 09:06 -0400 (Wed, 24 Jul 2024).
Hostname | OS | Arch (*) | R version | Installed pkgs |
---|---|---|---|---|
nebbiolo1 | Linux (Ubuntu 22.04.3 LTS) | x86_64 | 4.4.1 (2024-06-14) -- "Race for Your Life" | 4747 |
palomino7 | Windows Server 2022 Datacenter | x64 | 4.4.1 (2024-06-14 ucrt) -- "Race for Your Life" | 4489 |
merida1 | macOS 12.7.5 Monterey | x86_64 | 4.4.1 (2024-06-14) -- "Race for Your Life" | 4518 |
kjohnson1 | macOS 13.6.6 Ventura | arm64 | 4.4.1 (2024-06-14) -- "Race for Your Life" | 4467 |
Click on any hostname to see more info about the system (e.g. compilers) (*) as reported by 'uname -p', except on Windows and Mac OS X |
Package 1467/2300 | Hostname | OS / Arch | INSTALL | BUILD | CHECK | BUILD BIN | ||||||||
OmnipathR 3.12.1 (landing page) Denes Turei
| nebbiolo1 | Linux (Ubuntu 22.04.3 LTS) / x86_64 | OK | OK | ERROR | |||||||||
palomino7 | Windows Server 2022 Datacenter / x64 | OK | OK | ERROR | OK | |||||||||
merida1 | macOS 12.7.5 Monterey / x86_64 | OK | OK | ERROR | OK | |||||||||
kjohnson1 | macOS 13.6.6 Ventura / arm64 | OK | OK | ERROR | OK | |||||||||
To the developers/maintainers of the OmnipathR package: - Allow up to 24 hours (and sometimes 48 hours) for your latest push to git@git.bioconductor.org:packages/OmnipathR.git to reflect on this report. See Troubleshooting Build Report for more information. - Use the following Renviron settings to reproduce errors and warnings. - If 'R CMD check' started to fail recently on the Linux builder(s) over a missing dependency, add the missing dependency to 'Suggests:' in your DESCRIPTION file. See Renviron.bioc for more information. |
Package: OmnipathR |
Version: 3.12.1 |
Command: /Library/Frameworks/R.framework/Resources/bin/R CMD check --install=check:OmnipathR.install-out.txt --library=/Library/Frameworks/R.framework/Resources/library --no-vignettes --timings OmnipathR_3.12.1.tar.gz |
StartedAt: 2024-07-22 09:35:06 -0400 (Mon, 22 Jul 2024) |
EndedAt: 2024-07-22 10:03:19 -0400 (Mon, 22 Jul 2024) |
EllapsedTime: 1692.5 seconds |
RetCode: 1 |
Status: ERROR |
CheckDir: OmnipathR.Rcheck |
Warnings: NA |
############################################################################## ############################################################################## ### ### Running command: ### ### /Library/Frameworks/R.framework/Resources/bin/R CMD check --install=check:OmnipathR.install-out.txt --library=/Library/Frameworks/R.framework/Resources/library --no-vignettes --timings OmnipathR_3.12.1.tar.gz ### ############################################################################## ############################################################################## * using log directory ‘/Users/biocbuild/bbs-3.19-bioc/meat/OmnipathR.Rcheck’ * using R version 4.4.1 (2024-06-14) * using platform: x86_64-apple-darwin20 * R was compiled by Apple clang version 14.0.0 (clang-1400.0.29.202) GNU Fortran (GCC) 12.2.0 * running under: macOS Monterey 12.7.5 * using session charset: UTF-8 * using option ‘--no-vignettes’ * checking for file ‘OmnipathR/DESCRIPTION’ ... OK * checking extension type ... Package * this is package ‘OmnipathR’ version ‘3.12.1’ * package encoding: UTF-8 * checking package namespace information ... OK * checking package dependencies ... OK * checking if this is a source package ... OK * checking if there is a namespace ... OK * checking for hidden files and directories ... OK * checking for portable file names ... OK * checking for sufficient/correct file permissions ... OK * checking whether package ‘OmnipathR’ can be installed ... OK * checking installed package size ... OK * checking package directory ... OK * checking DESCRIPTION meta-information ... NOTE License stub is invalid DCF. * checking top-level files ... OK * checking for left-over files ... OK * checking index information ... OK * checking package subdirectories ... OK * checking code files for non-ASCII characters ... OK * checking R files for syntax errors ... OK * checking whether the package can be loaded ... OK * checking whether the package can be loaded with stated dependencies ... OK * checking whether the package can be unloaded cleanly ... OK * checking whether the namespace can be loaded with stated dependencies ... OK * checking whether the namespace can be unloaded cleanly ... OK * checking whether startup messages can be suppressed ... NOTE [2024-07-22 09:35:52] [TRACE] [OmnipathR] Reading JSON from `/Users/biocbuild/Library/Caches/OmnipathR/cache.json` (encoding: UTF-8). [2024-07-22 09:35:52] [TRACE] [OmnipathR] JSON validation successful: TRUE [2024-07-22 09:35:52] [INFO] [OmnipathR] Initialized cache: `/Users/biocbuild/Library/Caches/OmnipathR`. [2024-07-22 09:35:52] [TRACE] [OmnipathR] Running on a build server, wiping cache. [2024-07-22 09:35:52] [TRACE] [OmnipathR] Cache is at `/Users/biocbuild/Library/Caches/OmnipathR`. [2024-07-22 09:35:52] [TRACE] [OmnipathR] Contains 1 files. [2024-07-22 09:35:52] [TRACE] [OmnipathR] Cache is locked: FALSE. [2024-07-22 09:35:52] [TRACE] [OmnipathR] Reading JSON from `/Users/biocbuild/Library/Caches/OmnipathR/cache.json` (encoding: UTF-8). [2024-07-22 09:35:52] [TRACE] [OmnipathR] JSON validation successful: TRUE [2024-07-22 09:35:52] [SUCCESS] [OmnipathR] Removing all cache contents from `/Users/biocbuild/Library/Caches/OmnipathR`. [2024-07-22 09:35:53] [TRACE] [OmnipathR] Pandoc version: `2.7.3`. [2024-07-22 09:35:53] [TRACE] [OmnipathR] Reading JSON from `/Library/Frameworks/R.framework/Versions/4.4-x86_64/Resources/library/OmnipathR/db/db_def.json` (encoding: UTF-8). [2024-07-22 09:35:53] [TRACE] [OmnipathR] JSON validation successful: TRUE [2024-07-22 09:35:53] [TRACE] [OmnipathR] Reading JSON from `/Library/Frameworks/R.framework/Versions/4.4-x86_64/Resources/library/OmnipathR/internal/magic_bytes.json` (encoding: UTF-8). [2024-07-22 09:35:53] [TRACE] [OmnipathR] JSON validation successful: TRUE [2024-07-22 09:35:53] [TRACE] [OmnipathR] Reading JSON from `/Library/Frameworks/R.framework/Versions/4.4-x86_64/Resources/library/OmnipathR/internal/urls.json` (encoding: UTF-8). [2024-07-22 09:35:53] [TRACE] [OmnipathR] JSON validation successful: TRUE [2024-07-22 09:35:53] [TRACE] [OmnipathR] Reading JSON from `/Library/Frameworks/R.framework/Versions/4.4-x86_64/Resources/library/OmnipathR/internal/id_types.json` (encoding: UTF-8). [2024-07-22 09:35:53] [TRACE] [OmnipathR] JSON validation successful: TRUE [2024-07-22 09:35:53] [TRACE] [OmnipathR] Cache locked: FALSE It looks like this package (or a package it requires) has a startup message which cannot be suppressed: see ?packageStartupMessage. * checking dependencies in R code ... OK * checking S3 generic/method consistency ... OK * checking replacement functions ... OK * checking foreign function calls ... OK * checking R code for possible problems ... NOTE [2024-07-22 09:36:23] [TRACE] [OmnipathR] Reading JSON from `/Users/biocbuild/Library/Caches/OmnipathR/cache.json` (encoding: UTF-8). [2024-07-22 09:36:23] [TRACE] [OmnipathR] JSON validation successful: TRUE [2024-07-22 09:36:23] [INFO] [OmnipathR] Initialized cache: `/Users/biocbuild/Library/Caches/OmnipathR`. [2024-07-22 09:36:23] [TRACE] [OmnipathR] Running on a build server, wiping cache. [2024-07-22 09:36:23] [TRACE] [OmnipathR] Cache is at `/Users/biocbuild/Library/Caches/OmnipathR`. [2024-07-22 09:36:23] [TRACE] [OmnipathR] Contains 1 files. [2024-07-22 09:36:23] [TRACE] [OmnipathR] Cache is locked: FALSE. [2024-07-22 09:36:23] [TRACE] [OmnipathR] Reading JSON from `/Users/biocbuild/Library/Caches/OmnipathR/cache.json` (encoding: UTF-8). [2024-07-22 09:36:23] [TRACE] [OmnipathR] JSON validation successful: TRUE [2024-07-22 09:36:23] [SUCCESS] [OmnipathR] Removing all cache contents from `/Users/biocbuild/Library/Caches/OmnipathR`. [2024-07-22 09:36:23] [TRACE] [OmnipathR] Pandoc version: `2.7.3`. [2024-07-22 09:36:23] [TRACE] [OmnipathR] Reading JSON from `/Library/Frameworks/R.framework/Versions/4.4-x86_64/Resources/library/OmnipathR/db/db_def.json` (encoding: UTF-8). [2024-07-22 09:36:23] [TRACE] [OmnipathR] JSON validation successful: TRUE [2024-07-22 09:36:23] [TRACE] [OmnipathR] Reading JSON from `/Library/Frameworks/R.framework/Versions/4.4-x86_64/Resources/library/OmnipathR/internal/magic_bytes.json` (encoding: UTF-8). [2024-07-22 09:36:23] [TRACE] [OmnipathR] JSON validation successful: TRUE [2024-07-22 09:36:23] [TRACE] [OmnipathR] Reading JSON from `/Library/Frameworks/R.framework/Versions/4.4-x86_64/Resources/library/OmnipathR/internal/urls.json` (encoding: UTF-8). [2024-07-22 09:36:24] [TRACE] [OmnipathR] JSON validation successful: TRUE [2024-07-22 09:36:24] [TRACE] [OmnipathR] Reading JSON from `/Library/Frameworks/R.framework/Versions/4.4-x86_64/Resources/library/OmnipathR/internal/id_types.json` (encoding: UTF-8). [2024-07-22 09:36:24] [TRACE] [OmnipathR] JSON validation successful: TRUE [2024-07-22 09:36:24] [TRACE] [OmnipathR] Cache locked: FALSE * checking Rd files ... OK * checking Rd metadata ... OK * checking Rd cross-references ... OK * checking for missing documentation entries ... WARNING Undocumented code objects: ‘oma_pairwise_translated’ All user-level objects in a package should have documentation entries. See chapter ‘Writing R documentation files’ in the ‘Writing R Extensions’ manual. * checking for code/documentation mismatches ... OK * checking Rd \usage sections ... OK * checking Rd contents ... OK * checking for unstated dependencies in examples ... OK * checking R/sysdata.rda ... OK * checking files in ‘vignettes’ ... OK * checking examples ... ERROR Running examples in ‘OmnipathR-Ex.R’ failed The error most likely occurred in: > base::assign(".ptime", proc.time(), pos = "CheckExEnv") > ### Name: organism_for > ### Title: Make sure the resource supports the organism and it has the ID > ### Aliases: organism_for > > ### ** Examples > > organism_for(10116, 'chalmers-gem') [1] "Rat" > # [1] "Rat" > organism_for(6239, 'chalmers-gem') Error in organism_for(6239, "chalmers-gem") : Organism `6239` (common_name: `Caenorhabditis elegans (Nematode, N2)`; common_name: `Caenorhabditis elegans (Nematode, N2)`) is not supported by resource `chalmers-gem`. Supported organisms: Human, Mouse, Rat, Zebrafish, Drosophila melanogaster (Fruit fly), Caenorhabditis elegans (PRJNA13758). Execution halted * checking for unstated dependencies in ‘tests’ ... OK * checking tests ... Running ‘testthat.R’ OK * checking for unstated dependencies in vignettes ... OK * checking package vignettes ... OK * checking running R code from vignettes ... SKIPPED * checking re-building of vignette outputs ... SKIPPED * checking PDF version of manual ... OK * DONE Status: 1 ERROR, 1 WARNING, 3 NOTEs See ‘/Users/biocbuild/bbs-3.19-bioc/meat/OmnipathR.Rcheck/00check.log’ for details.
OmnipathR.Rcheck/00install.out
############################################################################## ############################################################################## ### ### Running command: ### ### /Library/Frameworks/R.framework/Resources/bin/R CMD INSTALL OmnipathR ### ############################################################################## ############################################################################## * installing to library ‘/Library/Frameworks/R.framework/Versions/4.4-x86_64/Resources/library’ * installing *source* package ‘OmnipathR’ ... ** using staged installation ** R ** inst ** byte-compile and prepare package for lazy loading ** help *** installing help indices *** copying figures ** building package indices ** installing vignettes ** testing if installed package can be loaded from temporary location [2024-07-21 16:05:03] [TRACE] [OmnipathR] Reading JSON from `/Users/biocbuild/Library/Caches/OmnipathR/cache.json` (encoding: UTF-8). [2024-07-21 16:05:03] [TRACE] [OmnipathR] JSON validation successful: TRUE [2024-07-21 16:05:03] [INFO] [OmnipathR] Initialized cache: `/Users/biocbuild/Library/Caches/OmnipathR`. [2024-07-21 16:05:03] [TRACE] [OmnipathR] Running on a build server, wiping cache. [2024-07-21 16:05:03] [TRACE] [OmnipathR] Cache is at `/Users/biocbuild/Library/Caches/OmnipathR`. [2024-07-21 16:05:03] [TRACE] [OmnipathR] Contains 1 files. [2024-07-21 16:05:04] [TRACE] [OmnipathR] Cache is locked: FALSE. [2024-07-21 16:05:04] [TRACE] [OmnipathR] Reading JSON from `/Users/biocbuild/Library/Caches/OmnipathR/cache.json` (encoding: UTF-8). [2024-07-21 16:05:04] [TRACE] [OmnipathR] JSON validation successful: TRUE [2024-07-21 16:05:04] [SUCCESS] [OmnipathR] Removing all cache contents from `/Users/biocbuild/Library/Caches/OmnipathR`. [2024-07-21 16:05:04] [TRACE] [OmnipathR] Pandoc version: `2.7.3`. [2024-07-21 16:05:04] [TRACE] [OmnipathR] Reading JSON from `/Library/Frameworks/R.framework/Versions/4.4-x86_64/Resources/library/00LOCK-OmnipathR/00new/OmnipathR/db/db_def.json` (encoding: UTF-8). [2024-07-21 16:05:04] [TRACE] [OmnipathR] JSON validation successful: TRUE [2024-07-21 16:05:04] [TRACE] [OmnipathR] Reading JSON from `/Library/Frameworks/R.framework/Versions/4.4-x86_64/Resources/library/00LOCK-OmnipathR/00new/OmnipathR/internal/magic_bytes.json` (encoding: UTF-8). [2024-07-21 16:05:04] [TRACE] [OmnipathR] JSON validation successful: TRUE [2024-07-21 16:05:04] [TRACE] [OmnipathR] Reading JSON from `/Library/Frameworks/R.framework/Versions/4.4-x86_64/Resources/library/00LOCK-OmnipathR/00new/OmnipathR/internal/urls.json` (encoding: UTF-8). [2024-07-21 16:05:04] [TRACE] [OmnipathR] JSON validation successful: TRUE [2024-07-21 16:05:04] [TRACE] [OmnipathR] Reading JSON from `/Library/Frameworks/R.framework/Versions/4.4-x86_64/Resources/library/00LOCK-OmnipathR/00new/OmnipathR/internal/id_types.json` (encoding: UTF-8). [2024-07-21 16:05:04] [TRACE] [OmnipathR] JSON validation successful: TRUE [2024-07-21 16:05:04] [TRACE] [OmnipathR] Cache locked: FALSE ** testing if installed package can be loaded from final location [2024-07-21 16:05:08] [TRACE] [OmnipathR] Reading JSON from `/Users/biocbuild/Library/Caches/OmnipathR/cache.json` (encoding: UTF-8). [2024-07-21 16:05:08] [TRACE] [OmnipathR] JSON validation successful: TRUE [2024-07-21 16:05:08] [INFO] [OmnipathR] Initialized cache: `/Users/biocbuild/Library/Caches/OmnipathR`. [2024-07-21 16:05:08] [TRACE] [OmnipathR] Running on a build server, wiping cache. [2024-07-21 16:05:08] [TRACE] [OmnipathR] Cache is at `/Users/biocbuild/Library/Caches/OmnipathR`. [2024-07-21 16:05:08] [TRACE] [OmnipathR] Contains 1 files. [2024-07-21 16:05:08] [TRACE] [OmnipathR] Cache is locked: FALSE. [2024-07-21 16:05:08] [TRACE] [OmnipathR] Reading JSON from `/Users/biocbuild/Library/Caches/OmnipathR/cache.json` (encoding: UTF-8). [2024-07-21 16:05:08] [TRACE] [OmnipathR] JSON validation successful: TRUE [2024-07-21 16:05:08] [SUCCESS] [OmnipathR] Removing all cache contents from `/Users/biocbuild/Library/Caches/OmnipathR`. [2024-07-21 16:05:08] [TRACE] [OmnipathR] Pandoc version: `2.7.3`. [2024-07-21 16:05:08] [TRACE] [OmnipathR] Reading JSON from `/Library/Frameworks/R.framework/Versions/4.4-x86_64/Resources/library/OmnipathR/db/db_def.json` (encoding: UTF-8). [2024-07-21 16:05:08] [TRACE] [OmnipathR] JSON validation successful: TRUE [2024-07-21 16:05:08] [TRACE] [OmnipathR] Reading JSON from `/Library/Frameworks/R.framework/Versions/4.4-x86_64/Resources/library/OmnipathR/internal/magic_bytes.json` (encoding: UTF-8). [2024-07-21 16:05:08] [TRACE] [OmnipathR] JSON validation successful: TRUE [2024-07-21 16:05:08] [TRACE] [OmnipathR] Reading JSON from `/Library/Frameworks/R.framework/Versions/4.4-x86_64/Resources/library/OmnipathR/internal/urls.json` (encoding: UTF-8). [2024-07-21 16:05:08] [TRACE] [OmnipathR] JSON validation successful: TRUE [2024-07-21 16:05:08] [TRACE] [OmnipathR] Reading JSON from `/Library/Frameworks/R.framework/Versions/4.4-x86_64/Resources/library/OmnipathR/internal/id_types.json` (encoding: UTF-8). [2024-07-21 16:05:08] [TRACE] [OmnipathR] JSON validation successful: TRUE [2024-07-21 16:05:08] [TRACE] [OmnipathR] Cache locked: FALSE ** testing if installed package keeps a record of temporary installation path * DONE (OmnipathR)
OmnipathR.Rcheck/tests/testthat.Rout
R version 4.4.1 (2024-06-14) -- "Race for Your Life" Copyright (C) 2024 The R Foundation for Statistical Computing Platform: x86_64-apple-darwin20 R is free software and comes with ABSOLUTELY NO WARRANTY. You are welcome to redistribute it under certain conditions. Type 'license()' or 'licence()' for distribution details. R is a collaborative project with many contributors. Type 'contributors()' for more information and 'citation()' on how to cite R or R packages in publications. Type 'demo()' for some demos, 'help()' for on-line help, or 'help.start()' for an HTML browser interface to help. Type 'q()' to quit R. > #!/usr/bin/env Rscript > > # > # This file is part of the `OmnipathR` R package > # > # Copyright > # 2018-2024 > # Saez Lab, Uniklinik RWTH Aachen, Heidelberg University > # > # File author(s): Alberto Valdeolivas > # Dénes Türei (turei.denes@gmail.com) > # Attila Gábor > # > # Distributed under the MIT (Expat) License. > # See accompanying file `LICENSE` or find a copy at > # https://directory.fsf.org/wiki/License:Expat > # > # Website: https://r.omnipathdb.org/ > # Git repo: https://github.com/saezlab/OmnipathR > # > > > library(testthat) > library(OmnipathR) [2024-07-22 10:02:04] [TRACE] [OmnipathR] Reading JSON from `/Users/biocbuild/Library/Caches/OmnipathR/cache.json` (encoding: UTF-8). [2024-07-22 10:02:04] [TRACE] [OmnipathR] JSON validation successful: TRUE [2024-07-22 10:02:04] [INFO] [OmnipathR] Initialized cache: `/Users/biocbuild/Library/Caches/OmnipathR`. [2024-07-22 10:02:04] [TRACE] [OmnipathR] Running on a build server, wiping cache. [2024-07-22 10:02:04] [TRACE] [OmnipathR] Cache is at `/Users/biocbuild/Library/Caches/OmnipathR`. [2024-07-22 10:02:04] [TRACE] [OmnipathR] Contains 1 files. [2024-07-22 10:02:04] [TRACE] [OmnipathR] Cache is locked: FALSE. [2024-07-22 10:02:04] [TRACE] [OmnipathR] Reading JSON from `/Users/biocbuild/Library/Caches/OmnipathR/cache.json` (encoding: UTF-8). [2024-07-22 10:02:04] [TRACE] [OmnipathR] JSON validation successful: TRUE [2024-07-22 10:02:04] [SUCCESS] [OmnipathR] Removing all cache contents from `/Users/biocbuild/Library/Caches/OmnipathR`. [2024-07-22 10:02:04] [TRACE] [OmnipathR] Pandoc version: `2.7.3`. [2024-07-22 10:02:04] [TRACE] [OmnipathR] Reading JSON from `/Library/Frameworks/R.framework/Versions/4.4-x86_64/Resources/library/OmnipathR/db/db_def.json` (encoding: UTF-8). [2024-07-22 10:02:04] [TRACE] [OmnipathR] JSON validation successful: TRUE [2024-07-22 10:02:04] [TRACE] [OmnipathR] Reading JSON from `/Library/Frameworks/R.framework/Versions/4.4-x86_64/Resources/library/OmnipathR/internal/magic_bytes.json` (encoding: UTF-8). [2024-07-22 10:02:04] [TRACE] [OmnipathR] JSON validation successful: TRUE [2024-07-22 10:02:04] [TRACE] [OmnipathR] Reading JSON from `/Library/Frameworks/R.framework/Versions/4.4-x86_64/Resources/library/OmnipathR/internal/urls.json` (encoding: UTF-8). [2024-07-22 10:02:04] [TRACE] [OmnipathR] JSON validation successful: TRUE [2024-07-22 10:02:04] [TRACE] [OmnipathR] Reading JSON from `/Library/Frameworks/R.framework/Versions/4.4-x86_64/Resources/library/OmnipathR/internal/id_types.json` (encoding: UTF-8). [2024-07-22 10:02:04] [TRACE] [OmnipathR] JSON validation successful: TRUE [2024-07-22 10:02:04] [TRACE] [OmnipathR] Cache locked: FALSE > > test_check('OmnipathR') [ FAIL 0 | WARN 1 | SKIP 0 | PASS 34 ] [ FAIL 0 | WARN 1 | SKIP 0 | PASS 34 ] > > proc.time() user system elapsed 21.680 1.632 45.412
OmnipathR.Rcheck/OmnipathR-Ex.timings
name | user | system | elapsed | |
OmnipathR | 0.000 | 0.001 | 0.002 | |
all_uniprot_acs | 0.050 | 0.004 | 0.069 | |
all_uniprots | 0.026 | 0.003 | 0.037 | |
ancestors | 0.025 | 0.002 | 0.031 | |
annotated_network | 3.013 | 0.256 | 9.886 | |
annotation_categories | 99.405 | 0.605 | 124.943 | |
biomart_query | 1.335 | 0.131 | 10.919 | |
bioplex1 | 0.026 | 0.002 | 0.036 | |
bioplex2 | 0.025 | 0.002 | 0.034 | |
bioplex3 | 0.025 | 0.002 | 0.034 | |
bioplex_all | 0.027 | 0.002 | 0.036 | |
bioplex_hct116_1 | 0.026 | 0.002 | 0.035 | |
bma_motif_es | 0.624 | 0.049 | 1.448 | |
bma_motif_vs | 0.328 | 0.010 | 0.794 | |
collectri | 308.141 | 2.941 | 386.921 | |
common_name | 0.042 | 0.001 | 0.049 | |
consensuspathdb_download | 0.001 | 0.001 | 0.001 | |
consensuspathdb_raw_table | 0.024 | 0.002 | 0.030 | |
curated_ligand_receptor_interactions | 9.691 | 0.478 | 18.437 | |
curated_ligrec_stats | 56.203 | 2.287 | 120.455 | |
database_summary | 2.703 | 0.074 | 4.543 | |
descendants | 0.027 | 0.002 | 0.038 | |
dorothea | 164.590 | 1.631 | 230.863 | |
ensembl_dataset | 0.015 | 0.000 | 0.030 | |
ensembl_id_mapping_table | 1.440 | 0.115 | 28.043 | |
ensembl_id_type | 0.004 | 0.000 | 0.016 | |
ensembl_name | 0.091 | 0.002 | 0.212 | |
ensembl_organisms | 0.282 | 0.006 | 0.683 | |
ensembl_organisms_raw | 0.355 | 0.012 | 0.905 | |
ensembl_orthology | 0.000 | 0.001 | 0.002 | |
enzsub_graph | 4.077 | 0.129 | 10.619 | |
evex_download | 0.026 | 0.003 | 0.068 | |
evidences | 0 | 0 | 0 | |
extra_attr_values | 29.658 | 0.613 | 62.574 | |
extra_attrs | 16.629 | 0.354 | 32.012 | |
extra_attrs_to_cols | 24.907 | 0.225 | 31.063 | |
filter_by_resource | 13.571 | 0.307 | 17.251 | |
filter_extra_attrs | 52.425 | 0.310 | 71.159 | |
filter_intercell | 9.005 | 0.931 | 14.709 | |
filter_intercell_network | 0.053 | 0.005 | 0.071 | |
find_all_paths | 12.317 | 0.213 | 23.611 | |
from_evidences | 0.000 | 0.001 | 0.002 | |
get_annotation_resources | 0.135 | 0.010 | 0.656 | |
get_complex_genes | 2.202 | 0.131 | 4.874 | |
get_complex_resources | 0.226 | 0.009 | 0.831 | |
get_db | 0.001 | 0.001 | 0.001 | |
get_enzsub_resources | 0.140 | 0.008 | 0.660 | |
get_interaction_resources | 0.131 | 0.011 | 0.620 | |
get_intercell_categories | 0.698 | 0.084 | 1.868 | |
get_intercell_generic_categories | 0.281 | 0.013 | 0.632 | |
get_intercell_resources | 0.131 | 0.006 | 0.617 | |
get_ontology_db | 0.025 | 0.003 | 0.060 | |
get_resources | 0.138 | 0.011 | 0.808 | |
get_signed_ptms | 12.063 | 0.159 | 24.327 | |
giant_component | 21.603 | 0.532 | 38.044 | |
go_annot_download | 15.362 | 1.549 | 19.159 | |
go_annot_slim | 0.001 | 0.002 | 0.001 | |
go_ontology_download | 0.026 | 0.003 | 0.046 | |
guide2pharma_download | 0.026 | 0.003 | 0.058 | |
harmonizome_download | 0.027 | 0.002 | 0.060 | |
has_extra_attrs | 15.849 | 0.139 | 19.246 | |
homologene_download | 0.025 | 0.002 | 0.035 | |
homologene_raw | 0.039 | 0.004 | 0.051 | |
homologene_uniprot_orthology | 0.024 | 0.002 | 0.031 | |
hpo_download | 3.571 | 0.379 | 4.806 | |
htridb_download | 0.025 | 0.003 | 0.033 | |
import_all_interactions | 4.195 | 0.199 | 6.961 | |
import_intercell_network | 0.026 | 0.003 | 0.034 | |
import_kinaseextra_interactions | 2.860 | 0.139 | 4.870 | |
import_ligrecextra_interactions | 1.254 | 0.087 | 2.705 | |
import_lncrna_mrna_interactions | 0.901 | 0.060 | 1.952 | |
import_mirnatarget_interactions | 1.846 | 0.079 | 3.298 | |
import_omnipath_annotations | 0.870 | 0.046 | 1.685 | |
import_omnipath_complexes | 1.029 | 0.064 | 2.363 | |
import_omnipath_enzsub | 2.473 | 0.023 | 3.412 | |
import_omnipath_interactions | 0.544 | 0.012 | 1.094 | |
import_omnipath_intercell | 0.891 | 0.068 | 1.532 | |
import_pathwayextra_interactions | 1.461 | 0.094 | 2.831 | |
import_post_translational_interactions | 1.498 | 0.100 | 3.178 | |
import_small_molecule_protein_interactions | 0.846 | 0.049 | 1.421 | |
import_tf_mirna_interactions | 1.407 | 0.077 | 2.820 | |
import_tf_target_interactions | 2.669 | 0.102 | 4.385 | |
import_transcriptional_interactions | 5.493 | 0.189 | 7.800 | |
inbiomap_download | 0.001 | 0.001 | 0.001 | |
inbiomap_raw | 0.000 | 0.001 | 0.004 | |
interaction_datasets | 0.073 | 0.004 | 0.093 | |
interaction_graph | 0.718 | 0.014 | 1.490 | |
interaction_types | 0.072 | 0.004 | 0.090 | |
intercell_categories | 0.107 | 0.005 | 0.135 | |
intercell_consensus_filter | 2.150 | 0.190 | 3.284 | |
is_ontology_id | 0.000 | 0.001 | 0.000 | |
is_swissprot | 0.062 | 0.004 | 0.077 | |
is_trembl | 0.062 | 0.004 | 0.073 | |
is_uniprot | 0.026 | 0.003 | 0.033 | |
kegg_info | 0.025 | 0.002 | 0.031 | |
kegg_open | 0.026 | 0.003 | 0.034 | |
kegg_pathway_annotations | 0.001 | 0.001 | 0.000 | |
kegg_pathway_download | 0.024 | 0.003 | 0.031 | |
kegg_pathway_list | 0.024 | 0.002 | 0.034 | |
kegg_pathways_download | 0.000 | 0.001 | 0.001 | |
kegg_picture | 0.146 | 0.016 | 1.452 | |
kegg_process | 0.048 | 0.003 | 0.051 | |
latin_name | 0.079 | 0.001 | 0.080 | |
load_db | 0.211 | 0.012 | 0.243 | |
ncbi_taxid | 0.086 | 0.001 | 0.096 | |
nichenet_build_model | 0.000 | 0.001 | 0.001 | |
nichenet_expression_data | 0.024 | 0.002 | 0.032 | |
nichenet_gr_network | 0.074 | 0.006 | 0.095 | |
nichenet_gr_network_evex | 0.024 | 0.002 | 0.030 | |
nichenet_gr_network_harmonizome | 0.025 | 0.003 | 0.029 | |
nichenet_gr_network_htridb | 0.024 | 0.002 | 0.033 | |
nichenet_gr_network_omnipath | 26.040 | 0.840 | 33.353 | |
nichenet_gr_network_pathwaycommons | 0.025 | 0.002 | 0.073 | |
nichenet_gr_network_regnetwork | 0.026 | 0.002 | 0.034 | |
nichenet_gr_network_remap | 0.024 | 0.003 | 0.031 | |
nichenet_gr_network_trrust | 0.022 | 0.002 | 0.024 | |
nichenet_ligand_activities | 0.000 | 0.001 | 0.002 | |
nichenet_ligand_target_links | 0.001 | 0.001 | 0.002 | |
nichenet_ligand_target_matrix | 0.000 | 0.000 | 0.001 | |
nichenet_lr_network | 0.074 | 0.006 | 0.095 | |
nichenet_lr_network_guide2pharma | 0.025 | 0.002 | 0.033 | |
nichenet_lr_network_omnipath | 0.071 | 0.005 | 0.088 | |
nichenet_lr_network_ramilowski | 0.025 | 0.002 | 0.032 | |
nichenet_main | 0.001 | 0.001 | 0.001 | |
nichenet_networks | 0.183 | 0.012 | 0.275 | |
nichenet_optimization | 0.001 | 0.001 | 0.001 | |
nichenet_remove_orphan_ligands | 0.077 | 0.006 | 0.101 | |
nichenet_results_dir | 0.000 | 0.000 | 0.002 | |
nichenet_signaling_network | 0.082 | 0.006 | 0.112 | |
nichenet_signaling_network_cpdb | 0.023 | 0.002 | 0.029 | |
nichenet_signaling_network_evex | 0.026 | 0.002 | 0.032 | |
nichenet_signaling_network_harmonizome | 0.026 | 0.002 | 0.031 | |
nichenet_signaling_network_inbiomap | 0 | 0 | 0 | |
nichenet_signaling_network_omnipath | 20.271 | 0.630 | 24.781 | |
nichenet_signaling_network_pathwaycommons | 0.026 | 0.002 | 0.064 | |
nichenet_signaling_network_vinayagam | 0.024 | 0.002 | 0.033 | |
nichenet_test | 0.000 | 0.001 | 0.001 | |
nichenet_workarounds | 0.000 | 0.001 | 0.001 | |
obo_parser | 0.211 | 0.014 | 0.322 | |
oma_code | 0.042 | 0.002 | 0.059 | |
oma_organisms | 0.113 | 0.003 | 0.140 | |
oma_pairwise | 0.024 | 0.003 | 0.030 | |
oma_pairwise_genesymbols | 0.024 | 0.002 | 0.029 | |
omnipath | 9.084 | 0.072 | 10.952 | |
omnipath_cache_autoclean | 0.000 | 0.000 | 0.001 | |
omnipath_cache_clean | 0.015 | 0.001 | 0.021 | |
omnipath_cache_clean_db | 0.206 | 0.014 | 0.273 | |
omnipath_cache_download_ready | 1.099 | 0.091 | 1.467 | |
omnipath_cache_filter_versions | 0.254 | 0.029 | 0.341 | |
omnipath_cache_get | 0.208 | 0.022 | 0.270 | |
omnipath_cache_key | 0.002 | 0.001 | 0.003 | |
omnipath_cache_latest_or_new | 0.152 | 0.016 | 0.208 | |
omnipath_cache_load | 1.059 | 0.053 | 2.166 | |
omnipath_cache_move_in | 0.364 | 0.040 | 0.527 | |
omnipath_cache_remove | 0.243 | 0.025 | 0.347 | |
omnipath_cache_save | 0.401 | 0.034 | 0.609 | |
omnipath_cache_search | 0.000 | 0.001 | 0.002 | |
omnipath_cache_set_ext | 0.188 | 0.019 | 0.244 | |
omnipath_cache_update_status | 0.220 | 0.023 | 0.287 | |
omnipath_cache_wipe | 0.000 | 0.000 | 0.001 | |
omnipath_get_config_path | 0.001 | 0.002 | 0.007 | |
omnipath_load_config | 0 | 0 | 0 | |
omnipath_log | 0 | 0 | 0 | |
omnipath_logfile | 0.001 | 0.000 | 0.002 | |
omnipath_msg | 0.014 | 0.002 | 0.018 | |
omnipath_reset_config | 0.000 | 0.001 | 0.001 | |
omnipath_save_config | 0.000 | 0.000 | 0.001 | |
omnipath_set_cachedir | 0.064 | 0.006 | 0.089 | |
omnipath_set_console_loglevel | 0.002 | 0.000 | 0.003 | |
omnipath_set_logfile_loglevel | 0.003 | 0.000 | 0.004 | |
omnipath_set_loglevel | 0.001 | 0.000 | 0.002 | |
omnipath_show_db | 0.117 | 0.001 | 0.144 | |
omnipath_unlock_cache_db | 0.001 | 0.001 | 0.001 | |
only_from | 0.000 | 0.001 | 0.001 | |
ontology_ensure_id | 0.001 | 0.001 | 0.001 | |
ontology_ensure_name | 0.001 | 0.000 | 0.003 | |
ontology_name_id | 0.001 | 0.000 | 0.002 | |