Back to Multiple platform build/check report for BioC 3.19: simplified long |
|
This page was generated on 2024-07-24 09:04 -0400 (Wed, 24 Jul 2024).
Hostname | OS | Arch (*) | R version | Installed pkgs |
---|---|---|---|---|
nebbiolo1 | Linux (Ubuntu 22.04.3 LTS) | x86_64 | 4.4.1 (2024-06-14) -- "Race for Your Life" | 4747 |
palomino7 | Windows Server 2022 Datacenter | x64 | 4.4.1 (2024-06-14 ucrt) -- "Race for Your Life" | 4489 |
merida1 | macOS 12.7.5 Monterey | x86_64 | 4.4.1 (2024-06-14) -- "Race for Your Life" | 4518 |
kjohnson1 | macOS 13.6.6 Ventura | arm64 | 4.4.1 (2024-06-14) -- "Race for Your Life" | 4467 |
Click on any hostname to see more info about the system (e.g. compilers) (*) as reported by 'uname -p', except on Windows and Mac OS X |
Package 100/2300 | Hostname | OS / Arch | INSTALL | BUILD | CHECK | BUILD BIN | ||||||||
ASpli 2.14.0 (landing page) Ariel Chernomoretz
| nebbiolo1 | Linux (Ubuntu 22.04.3 LTS) / x86_64 | OK | OK | WARNINGS | |||||||||
palomino7 | Windows Server 2022 Datacenter / x64 | OK | OK | WARNINGS | OK | |||||||||
merida1 | macOS 12.7.5 Monterey / x86_64 | OK | OK | WARNINGS | OK | |||||||||
kjohnson1 | macOS 13.6.6 Ventura / arm64 | OK | OK | WARNINGS | OK | |||||||||
To the developers/maintainers of the ASpli package: - Allow up to 24 hours (and sometimes 48 hours) for your latest push to git@git.bioconductor.org:packages/ASpli.git to reflect on this report. See Troubleshooting Build Report for more information. - Use the following Renviron settings to reproduce errors and warnings. - If 'R CMD check' started to fail recently on the Linux builder(s) over a missing dependency, add the missing dependency to 'Suggests:' in your DESCRIPTION file. See Renviron.bioc for more information. |
Package: ASpli |
Version: 2.14.0 |
Command: E:\biocbuild\bbs-3.19-bioc\R\bin\R.exe CMD check --no-multiarch --install=check:ASpli.install-out.txt --library=E:\biocbuild\bbs-3.19-bioc\R\library --no-vignettes --timings ASpli_2.14.0.tar.gz |
StartedAt: 2024-07-21 23:29:59 -0400 (Sun, 21 Jul 2024) |
EndedAt: 2024-07-21 23:49:46 -0400 (Sun, 21 Jul 2024) |
EllapsedTime: 1186.2 seconds |
RetCode: 0 |
Status: WARNINGS |
CheckDir: ASpli.Rcheck |
Warnings: 1 |
############################################################################## ############################################################################## ### ### Running command: ### ### E:\biocbuild\bbs-3.19-bioc\R\bin\R.exe CMD check --no-multiarch --install=check:ASpli.install-out.txt --library=E:\biocbuild\bbs-3.19-bioc\R\library --no-vignettes --timings ASpli_2.14.0.tar.gz ### ############################################################################## ############################################################################## * using log directory 'E:/biocbuild/bbs-3.19-bioc/meat/ASpli.Rcheck' * using R version 4.4.1 (2024-06-14 ucrt) * using platform: x86_64-w64-mingw32 * R was compiled by gcc.exe (GCC) 13.2.0 GNU Fortran (GCC) 13.2.0 * running under: Windows Server 2022 x64 (build 20348) * using session charset: UTF-8 * using option '--no-vignettes' * checking for file 'ASpli/DESCRIPTION' ... OK * checking extension type ... Package * this is package 'ASpli' version '2.14.0' * checking package namespace information ... OK * checking package dependencies ... OK * checking if this is a source package ... OK * checking if there is a namespace ... OK * checking for hidden files and directories ... OK * checking for portable file names ... OK * checking whether package 'ASpli' can be installed ... WARNING Found the following significant warnings: Warning: replacing previous import 'utils::findMatches' by 'S4Vectors::findMatches' when loading 'ASpli' See 'E:/biocbuild/bbs-3.19-bioc/meat/ASpli.Rcheck/00install.out' for details. * checking installed package size ... OK * checking package directory ... OK * checking 'build' directory ... OK * checking DESCRIPTION meta-information ... OK * checking top-level files ... OK * checking for left-over files ... OK * checking index information ... OK * checking package subdirectories ... OK * checking code files for non-ASCII characters ... OK * checking R files for syntax errors ... OK * checking whether the package can be loaded ... OK * checking whether the package can be loaded with stated dependencies ... OK * checking whether the package can be unloaded cleanly ... OK * checking whether the namespace can be loaded with stated dependencies ... OK * checking whether the namespace can be unloaded cleanly ... OK * checking dependencies in R code ... NOTE Namespace in Imports field not imported from: 'txdbmaker' All declared Imports should be used. * checking S3 generic/method consistency ... OK * checking replacement functions ... OK * checking foreign function calls ... OK * checking R code for possible problems ... OK * checking Rd files ... OK * checking Rd metadata ... OK * checking Rd cross-references ... OK * checking for missing documentation entries ... OK * checking for code/documentation mismatches ... OK * checking Rd \usage sections ... OK * checking Rd contents ... OK * checking for unstated dependencies in examples ... OK * checking sizes of PDF files under 'inst/doc' ... OK * checking installed files from 'inst/doc' ... OK * checking files in 'vignettes' ... OK * checking examples ... OK Examples with CPU (user + system) or elapsed time > 5s user system elapsed ASpli-package 152.43 0.17 153.44 exportIntegratedSignals 80.95 0.16 83.16 splicingReport 80.79 0.11 80.91 jDUreport 80.16 0.11 80.35 exportSplicingReports 79.77 0.28 80.94 integrateSignals 78.95 0.09 79.08 jCounts-methods 78.67 0.14 78.89 gbCounts 72.30 0.06 72.42 gbDUreport-method 71.83 0.08 71.92 * checking for unstated dependencies in vignettes ... OK * checking package vignettes ... OK * checking running R code from vignettes ... SKIPPED * checking re-building of vignette outputs ... SKIPPED * checking PDF version of manual ... OK * DONE Status: 1 WARNING, 1 NOTE See 'E:/biocbuild/bbs-3.19-bioc/meat/ASpli.Rcheck/00check.log' for details.
ASpli.Rcheck/00install.out
############################################################################## ############################################################################## ### ### Running command: ### ### E:\biocbuild\bbs-3.19-bioc\R\bin\R.exe CMD INSTALL ASpli ### ############################################################################## ############################################################################## * installing to library 'E:/biocbuild/bbs-3.19-bioc/R/library' * installing *source* package 'ASpli' ... ** using staged installation ** R ** inst ** byte-compile and prepare package for lazy loading Warning: replacing previous import 'utils::findMatches' by 'S4Vectors::findMatches' when loading 'ASpli' ** help *** installing help indices ** building package indices ** installing vignettes ** testing if installed package can be loaded from temporary location Warning: replacing previous import 'utils::findMatches' by 'S4Vectors::findMatches' when loading 'ASpli' ** testing if installed package can be loaded from final location Warning: replacing previous import 'utils::findMatches' by 'S4Vectors::findMatches' when loading 'ASpli' ** testing if installed package keeps a record of temporary installation path * DONE (ASpli)
ASpli.Rcheck/ASpli-Ex.timings
name | user | system | elapsed | |
ASpli-package | 152.43 | 0.17 | 153.44 | |
DUreport | 0 | 0 | 0 | |
DUreport.norm | 0 | 0 | 0 | |
DUreport.offset | 0 | 0 | 0 | |
DUreportBinSplice-method | 0 | 0 | 0 | |
acc_AS | 0 | 0 | 0 | |
acc_DU | 0 | 0 | 0 | |
acc_counts | 0 | 0 | 0 | |
acc_features | 0.24 | 0.00 | 0.23 | |
binGenome | 4.22 | 0.08 | 4.33 | |
containsJunctions-function | 0 | 0 | 0 | |
example_data | 0 | 0 | 0 | |
exportIntegratedSignals | 80.95 | 0.16 | 83.16 | |
exportSplicingReports | 79.77 | 0.28 | 80.94 | |
filterDU-method | 0 | 0 | 0 | |
filterSignals | 0 | 0 | 0 | |
gbCounts | 72.30 | 0.06 | 72.42 | |
gbDUreport-method | 71.83 | 0.08 | 71.92 | |
getConditions-function | 0 | 0 | 0 | |
integrateSignals | 78.95 | 0.09 | 79.08 | |
jCounts-methods | 78.67 | 0.14 | 78.89 | |
jDUreport | 80.16 | 0.11 | 80.35 | |
junctionDUreport | 0 | 0 | 0 | |
loadBAM | 0 | 0 | 0 | |
mergeBinDUAS-method | 0 | 0 | 0 | |
plotBins | 0 | 0 | 0 | |
plotGenomicRegions | 0 | 0 | 0 | |
rds | 0 | 0 | 0 | |
splicingReport | 80.79 | 0.11 | 80.91 | |
subset-methods | 0 | 0 | 0 | |