Back to Multiple platform build/check report for BioC 3.20: simplified long |
|
This page was generated on 2024-07-04 11:42 -0400 (Thu, 04 Jul 2024).
Hostname | OS | Arch (*) | R version | Installed pkgs |
---|---|---|---|---|
nebbiolo2 | Linux (Ubuntu 22.04.3 LTS) | x86_64 | 4.4.1 (2024-06-14) -- "Race for Your Life" | 4411 |
palomino6 | Windows Server 2022 Datacenter | x64 | 4.4.1 (2024-06-14 ucrt) -- "Race for Your Life" | 4413 |
lconway | macOS 12.7.1 Monterey | x86_64 | 4.4.1 (2024-06-14) -- "Race for Your Life" | 4395 |
kjohnson3 | macOS 13.6.5 Ventura | arm64 | 4.4.1 (2024-06-14) -- "Race for Your Life" | 4390 |
kunpeng2 | Linux (openEuler 22.03 LTS-SP1) | aarch64 | 4.4.0 (2024-04-24) -- "Puppy Cup" | 4407 |
Click on any hostname to see more info about the system (e.g. compilers) (*) as reported by 'uname -p', except on Windows and Mac OS X |
Package 1240/2243 | Hostname | OS / Arch | INSTALL | BUILD | CHECK | BUILD BIN | ||||||||
mina 1.13.0 (landing page) Rui Guan
| nebbiolo2 | Linux (Ubuntu 22.04.3 LTS) / x86_64 | OK | OK | WARNINGS | |||||||||
palomino6 | Windows Server 2022 Datacenter / x64 | OK | OK | WARNINGS | OK | |||||||||
lconway | macOS 12.7.1 Monterey / x86_64 | OK | OK | WARNINGS | OK | |||||||||
kjohnson3 | macOS 13.6.5 Ventura / arm64 | OK | OK | WARNINGS | OK | |||||||||
kunpeng2 | Linux (openEuler 22.03 LTS-SP1) / aarch64 | OK | OK | WARNINGS | ||||||||||
To the developers/maintainers of the mina package: - Allow up to 24 hours (and sometimes 48 hours) for your latest push to git@git.bioconductor.org:packages/mina.git to reflect on this report. See Troubleshooting Build Report for more information. - Use the following Renviron settings to reproduce errors and warnings. - If 'R CMD check' started to fail recently on the Linux builder(s) over a missing dependency, add the missing dependency to 'Suggests:' in your DESCRIPTION file. See Renviron.bioc for more information. |
Package: mina |
Version: 1.13.0 |
Command: /Library/Frameworks/R.framework/Resources/bin/R CMD check --install=check:mina.install-out.txt --library=/Library/Frameworks/R.framework/Resources/library --no-vignettes --timings mina_1.13.0.tar.gz |
StartedAt: 2024-07-03 21:55:52 -0400 (Wed, 03 Jul 2024) |
EndedAt: 2024-07-03 21:59:52 -0400 (Wed, 03 Jul 2024) |
EllapsedTime: 239.9 seconds |
RetCode: 0 |
Status: WARNINGS |
CheckDir: mina.Rcheck |
Warnings: 1 |
############################################################################## ############################################################################## ### ### Running command: ### ### /Library/Frameworks/R.framework/Resources/bin/R CMD check --install=check:mina.install-out.txt --library=/Library/Frameworks/R.framework/Resources/library --no-vignettes --timings mina_1.13.0.tar.gz ### ############################################################################## ############################################################################## * using log directory ‘/Users/biocbuild/bbs-3.20-bioc/meat/mina.Rcheck’ * using R version 4.4.1 (2024-06-14) * using platform: x86_64-apple-darwin20 * R was compiled by Apple clang version 14.0.0 (clang-1400.0.29.202) GNU Fortran (GCC) 12.2.0 * running under: macOS Monterey 12.7.1 * using session charset: UTF-8 * using option ‘--no-vignettes’ * checking for file ‘mina/DESCRIPTION’ ... OK * this is package ‘mina’ version ‘1.13.0’ * package encoding: UTF-8 * checking package namespace information ... OK * checking package dependencies ... OK * checking if this is a source package ... OK * checking if there is a namespace ... OK * checking for hidden files and directories ... OK * checking for portable file names ... OK * checking for sufficient/correct file permissions ... OK * checking whether package ‘mina’ can be installed ... OK * used C++ compiler: ‘Apple clang version 14.0.0 (clang-1400.0.29.202)’ * used SDK: ‘MacOSX11.3.sdk’ * checking installed package size ... NOTE installed size is 8.0Mb sub-directories of 1Mb or more: data 7.4Mb * checking package directory ... OK * checking ‘build’ directory ... OK * checking DESCRIPTION meta-information ... OK * checking top-level files ... OK * checking for left-over files ... OK * checking index information ... OK * checking package subdirectories ... OK * checking code files for non-ASCII characters ... OK * checking R files for syntax errors ... OK * checking whether the package can be loaded ... OK * checking whether the package can be loaded with stated dependencies ... OK * checking whether the package can be unloaded cleanly ... OK * checking whether the namespace can be loaded with stated dependencies ... OK * checking whether the namespace can be unloaded cleanly ... OK * checking dependencies in R code ... OK * checking S3 generic/method consistency ... OK * checking replacement functions ... OK * checking foreign function calls ... OK * checking R code for possible problems ... NOTE sparcc: no visible binding for global variable ‘i’ net_dis_pcoa,character: no visible binding for global variable ‘y’ net_dis_pcoa,character: no visible binding for global variable ‘Group’ net_dis_plot,mina: no visible binding for global variable ‘Group1’ net_dis_plot,mina: no visible binding for global variable ‘Group2’ net_dis_plot,mina: no visible binding for global variable ‘Distance’ net_dis_plot,mina: no visible binding for global variable ‘Sig’ Undefined global functions or variables: Distance Group Group1 Group2 Sig i y * checking Rd files ... NOTE checkRd: (-1) re_format_AP.Rd:10: Lost braces; missing escapes or markup? 10 | \item{x}{an {APResult} object from \pkg{apcluster}.} | ^ * checking Rd metadata ... OK * checking Rd cross-references ... OK * checking for missing documentation entries ... OK * checking for code/documentation mismatches ... OK * checking Rd \usage sections ... OK * checking Rd contents ... OK * checking for unstated dependencies in examples ... OK * checking contents of ‘data’ directory ... OK * checking data for non-ASCII characters ... OK * checking LazyData ... WARNING LazyData DB of 7.4 MB without LazyDataCompression set See §1.1.6 of 'Writing R Extensions' * checking data for ASCII and uncompressed saves ... OK * checking line endings in C/C++/Fortran sources/headers ... OK * checking compiled code ... NOTE Note: information on .o files is not available * checking files in ‘vignettes’ ... OK * checking examples ... OK Examples with CPU (user + system) or elapsed time > 5s user system elapsed net_dis_plot 35.521 38.306 36.899 net_dis-mina 18.127 21.901 18.728 dis_stat_accessor 14.363 15.773 14.529 bs_pm-mina 8.739 16.683 7.216 com_plot-mina 12.186 3.379 1.919 net_cls-mina 11.402 0.571 11.576 net_cls-matrix 6.879 0.547 6.957 net_cls 6.829 0.493 6.893 * checking for unstated dependencies in vignettes ... OK * checking package vignettes ... OK * checking running R code from vignettes ... SKIPPED * checking re-building of vignette outputs ... SKIPPED * checking PDF version of manual ... OK * DONE Status: 1 WARNING, 4 NOTEs See ‘/Users/biocbuild/bbs-3.20-bioc/meat/mina.Rcheck/00check.log’ for details.
mina.Rcheck/00install.out
############################################################################## ############################################################################## ### ### Running command: ### ### /Library/Frameworks/R.framework/Resources/bin/R CMD INSTALL mina ### ############################################################################## ############################################################################## * installing to library ‘/Library/Frameworks/R.framework/Versions/4.4-x86_64/Resources/library’ * installing *source* package ‘mina’ ... ** using staged installation ** libs using C++ compiler: ‘Apple clang version 14.0.0 (clang-1400.0.29.202)’ using SDK: ‘MacOSX11.3.sdk’ clang++ -arch x86_64 -std=gnu++17 -I"/Library/Frameworks/R.framework/Resources/include" -DNDEBUG -I'/Library/Frameworks/R.framework/Versions/4.4-x86_64/Resources/library/Rcpp/include' -I'/Library/Frameworks/R.framework/Versions/4.4-x86_64/Resources/library/RcppParallel/include' -I'/Library/Frameworks/R.framework/Versions/4.4-x86_64/Resources/library/RcppArmadillo/include' -I/opt/R/x86_64/include -fPIC -falign-functions=64 -Wall -g -O2 -c RcppExports.cpp -o RcppExports.o clang++ -arch x86_64 -std=gnu++17 -I"/Library/Frameworks/R.framework/Resources/include" -DNDEBUG -I'/Library/Frameworks/R.framework/Versions/4.4-x86_64/Resources/library/Rcpp/include' -I'/Library/Frameworks/R.framework/Versions/4.4-x86_64/Resources/library/RcppParallel/include' -I'/Library/Frameworks/R.framework/Versions/4.4-x86_64/Resources/library/RcppArmadillo/include' -I/opt/R/x86_64/include -fPIC -falign-functions=64 -Wall -g -O2 -c cp_cor.cpp -o cp_cor.o clang++ -arch x86_64 -std=gnu++17 -dynamiclib -Wl,-headerpad_max_install_names -undefined dynamic_lookup -L/Library/Frameworks/R.framework/Resources/lib -L/opt/R/x86_64/lib -o mina.so RcppExports.o cp_cor.o -F/Library/Frameworks/R.framework/.. -framework R -Wl,-framework -Wl,CoreFoundation installing to /Library/Frameworks/R.framework/Versions/4.4-x86_64/Resources/library/00LOCK-mina/00new/mina/libs ** R ** data *** moving datasets to lazyload DB ** byte-compile and prepare package for lazy loading Creating a new generic function for ‘norm’ in package ‘mina’ ** help *** installing help indices ** building package indices ** installing vignettes ** testing if installed package can be loaded from temporary location ** checking absolute paths in shared objects and dynamic libraries ** testing if installed package can be loaded from final location ** testing if installed package keeps a record of temporary installation path * DONE (mina)
mina.Rcheck/mina-Ex.timings
name | user | system | elapsed | |
adj-matrix | 0.636 | 0.236 | 0.378 | |
adj-mina | 0.991 | 0.213 | 0.750 | |
adj | 0.744 | 0.249 | 0.489 | |
adj_method_list | 0.080 | 0.166 | 0.143 | |
bs_pm-mina | 8.739 | 16.683 | 7.216 | |
bs_pm | 2.096 | 2.275 | 2.078 | |
check_mina | 0.063 | 0.022 | 0.086 | |
check_mina_de | 0.059 | 0.019 | 0.079 | |
check_mina_qu | 0.066 | 0.020 | 0.087 | |
cls_tab | 0.065 | 0.047 | 0.113 | |
com_dis-matrix | 0.511 | 0.055 | 0.282 | |
com_dis-mina | 0.301 | 0.176 | 0.070 | |
com_dis | 0.486 | 0.179 | 0.266 | |
com_dis_list | 0.105 | 0.118 | 0.165 | |
com_plot-mina | 12.186 | 3.379 | 1.919 | |
com_plot | 0.183 | 0.193 | 0.197 | |
com_r2-mina | 0.788 | 0.179 | 0.566 | |
com_r2 | 1.262 | 0.360 | 1.142 | |
data-hmp | 0.001 | 0.001 | 0.003 | |
data-maize | 0.001 | 0.001 | 0.002 | |
des_accessor | 0.003 | 0.000 | 0.003 | |
dis_accessor | 0.285 | 0.071 | 0.052 | |
dis_stat_accessor | 14.363 | 15.773 | 14.529 | |
dmr-matrix | 0.584 | 0.156 | 0.355 | |
dmr-mina | 0.577 | 0.192 | 0.350 | |
dmr | 0.598 | 0.266 | 0.438 | |
dmr_accessor | 0.588 | 0.196 | 0.355 | |
fit_tabs-mina | 0.692 | 0.181 | 0.881 | |
fit_tabs | 1.190 | 0.282 | 1.480 | |
get_net_cls_tab-matrix-data.frame-method | 1.510 | 0.357 | 1.390 | |
get_net_cls_tab | 1.779 | 0.452 | 1.707 | |
get_r2-mat | 0.731 | 0.249 | 0.527 | |
get_r2 | 0.756 | 0.233 | 0.567 | |
get_rep-matrix | 0.250 | 0.005 | 0.256 | |
get_rep-mima | 0.723 | 0.051 | 0.776 | |
hmp_des | 0.001 | 0.001 | 0.002 | |
hmp_otu | 0.001 | 0.002 | 0.002 | |
maize_asv | 0.001 | 0.002 | 0.002 | |
maize_asv2 | 0.001 | 0.001 | 0.001 | |
maize_des | 0.000 | 0.001 | 0.002 | |
maize_des2 | 0.001 | 0.001 | 0.002 | |
mina-class | 0.001 | 0.001 | 0.001 | |
net_cls-matrix | 6.879 | 0.547 | 6.957 | |
net_cls-mina | 11.402 | 0.571 | 11.576 | |
net_cls | 6.829 | 0.493 | 6.893 | |
net_cls_tab-mina-method | 1.824 | 0.204 | 1.545 | |
net_cls_tab | 1.559 | 0.373 | 1.450 | |
net_dis-mina | 18.127 | 21.901 | 18.728 | |
net_dis | 1.953 | 3.041 | 2.095 | |
net_dis_indi | 0.000 | 0.001 | 0.001 | |
net_dis_pcoa | 0.001 | 0.001 | 0.001 | |
net_dis_plot | 35.521 | 38.306 | 36.899 | |
net_grp_cmp | 0 | 0 | 0 | |
net_node_cmp | 0 | 0 | 0 | |
norm_accessor | 0.029 | 0.000 | 0.031 | |
norm_tab-matrix | 0.771 | 0.005 | 0.779 | |
norm_tab-mina | 0.709 | 0.076 | 0.789 | |
norm_tab | 0.030 | 0.001 | 0.032 | |
norm_tab_method_list | 0.065 | 0.036 | 0.119 | |
pcoa_plot | 1.240 | 0.455 | 0.848 | |
sim_par | 0 | 0 | 0 | |
sparcc | 0.000 | 0.001 | 0.000 | |
tab_accessor | 0.001 | 0.000 | 0.001 | |
tina-matrix-method | 0.000 | 0.000 | 0.001 | |
tina | 0.001 | 0.000 | 0.001 | |