Back to Multiple platform build/check report for BioC 3.20: simplified long |
|
This page was generated on 2024-07-04 11:43 -0400 (Thu, 04 Jul 2024).
Hostname | OS | Arch (*) | R version | Installed pkgs |
---|---|---|---|---|
nebbiolo2 | Linux (Ubuntu 22.04.3 LTS) | x86_64 | 4.4.1 (2024-06-14) -- "Race for Your Life" | 4411 |
palomino6 | Windows Server 2022 Datacenter | x64 | 4.4.1 (2024-06-14 ucrt) -- "Race for Your Life" | 4413 |
lconway | macOS 12.7.1 Monterey | x86_64 | 4.4.1 (2024-06-14) -- "Race for Your Life" | 4395 |
kjohnson3 | macOS 13.6.5 Ventura | arm64 | 4.4.1 (2024-06-14) -- "Race for Your Life" | 4390 |
kunpeng2 | Linux (openEuler 22.03 LTS-SP1) | aarch64 | 4.4.0 (2024-04-24) -- "Puppy Cup" | 4407 |
Click on any hostname to see more info about the system (e.g. compilers) (*) as reported by 'uname -p', except on Windows and Mac OS X |
Package 1434/2243 | Hostname | OS / Arch | INSTALL | BUILD | CHECK | BUILD BIN | ||||||||
OncoSimulR 4.7.0 (landing page) Ramon Diaz-Uriarte
| nebbiolo2 | Linux (Ubuntu 22.04.3 LTS) / x86_64 | OK | OK | OK | |||||||||
palomino6 | Windows Server 2022 Datacenter / x64 | OK | OK | OK | OK | |||||||||
lconway | macOS 12.7.1 Monterey / x86_64 | OK | OK | OK | OK | |||||||||
kjohnson3 | macOS 13.6.5 Ventura / arm64 | OK | ERROR | skipped | skipped | |||||||||
kunpeng2 | Linux (openEuler 22.03 LTS-SP1) / aarch64 | OK | OK | OK | ||||||||||
To the developers/maintainers of the OncoSimulR package: - Allow up to 24 hours (and sometimes 48 hours) for your latest push to git@git.bioconductor.org:packages/OncoSimulR.git to reflect on this report. See Troubleshooting Build Report for more information. - Use the following Renviron settings to reproduce errors and warnings. - If 'R CMD check' started to fail recently on the Linux builder(s) over a missing dependency, add the missing dependency to 'Suggests:' in your DESCRIPTION file. See Renviron.bioc for more information. |
Package: OncoSimulR |
Version: 4.7.0 |
Command: /Library/Frameworks/R.framework/Resources/bin/R CMD build --keep-empty-dirs --no-resave-data OncoSimulR |
StartedAt: 2024-07-03 19:23:38 -0400 (Wed, 03 Jul 2024) |
EndedAt: 2024-07-03 19:25:26 -0400 (Wed, 03 Jul 2024) |
EllapsedTime: 108.3 seconds |
RetCode: 1 |
Status: ERROR |
PackageFile: None |
PackageFileSize: NA |
############################################################################## ############################################################################## ### ### Running command: ### ### /Library/Frameworks/R.framework/Resources/bin/R CMD build --keep-empty-dirs --no-resave-data OncoSimulR ### ############################################################################## ############################################################################## * checking for file ‘OncoSimulR/DESCRIPTION’ ... OK * preparing ‘OncoSimulR’: * checking DESCRIPTION meta-information ... OK * cleaning src * installing the package to build vignettes * creating vignettes ... ERROR --- re-building ‘OncoSimulR.Rmd’ using rmarkdown 2024-07-03 19:24:29.129 R[46511:58919755] XType: Using static font registry. Warning: ggrepel: 12 unlabeled data points (too many overlaps). Consider increasing max.overlaps Warning: ggrepel: 103 unlabeled data points (too many overlaps). Consider increasing max.overlaps Warning: ggrepel: 7 unlabeled data points (too many overlaps). Consider increasing max.overlaps Warning: ggrepel: 20 unlabeled data points (too many overlaps). Consider increasing max.overlaps Quitting from lines 12446-12466 [exampleConst] (OncoSimulR.Rmd) Error: processing vignette 'OncoSimulR.Rmd' failed with diagnostics: An unrecoverable exception happened in the simulation of the input object.Empty object with nothing to plot. --- failed re-building ‘OncoSimulR.Rmd’ SUMMARY: processing the following file failed: ‘OncoSimulR.Rmd’ Error: Vignette re-building failed. Execution halted