Back to Multiple platform build/check report for BioC 3.19: simplified long |
|
This page was generated on 2024-06-07 20:25 -0400 (Fri, 07 Jun 2024).
Hostname | OS | Arch (*) | R version | Installed pkgs |
---|---|---|---|---|
nebbiolo1 | Linux (Ubuntu 22.04.3 LTS) | x86_64 | 4.4.0 (2024-04-24) -- "Puppy Cup" | 4755 |
palomino3 | Windows Server 2022 Datacenter | x64 | 4.4.0 (2024-04-24 ucrt) -- "Puppy Cup" | 4489 |
lconway | macOS 12.7.1 Monterey | x86_64 | 4.4.0 (2024-04-24) -- "Puppy Cup" | 4520 |
kjohnson3 | macOS 13.6.5 Ventura | arm64 | 4.4.0 (2024-04-24) -- "Puppy Cup" | 4466 |
Click on any hostname to see more info about the system (e.g. compilers) (*) as reported by 'uname -p', except on Windows and Mac OS X |
Package 1325/2300 | Hostname | OS / Arch | INSTALL | BUILD | CHECK | BUILD BIN | ||||||||
MOSim 2.0.0 (landing page) Sonia Tarazona
| nebbiolo1 | Linux (Ubuntu 22.04.3 LTS) / x86_64 | OK | ERROR | skipped | |||||||||
palomino3 | Windows Server 2022 Datacenter / x64 | OK | ERROR | skipped | skipped | |||||||||
lconway | macOS 12.7.1 Monterey / x86_64 | OK | ERROR | skipped | skipped | |||||||||
kjohnson3 | macOS 13.6.5 Ventura / arm64 | OK | ERROR | skipped | skipped | |||||||||
To the developers/maintainers of the MOSim package: - Allow up to 24 hours (and sometimes 48 hours) for your latest push to git@git.bioconductor.org:packages/MOSim.git to reflect on this report. See Troubleshooting Build Report for more information. - Use the following Renviron settings to reproduce errors and warnings. - If 'R CMD check' started to fail recently on the Linux builder(s) over a missing dependency, add the missing dependency to 'Suggests:' in your DESCRIPTION file. See Renviron.bioc for more information. |
Package: MOSim |
Version: 2.0.0 |
Command: chmod a+r MOSim -R && F:\biocbuild\bbs-3.19-bioc\R\bin\R.exe CMD build --keep-empty-dirs --no-resave-data MOSim |
StartedAt: 2024-06-05 20:51:38 -0400 (Wed, 05 Jun 2024) |
EndedAt: 2024-06-05 21:00:55 -0400 (Wed, 05 Jun 2024) |
EllapsedTime: 557.0 seconds |
RetCode: 1 |
Status: ERROR |
PackageFile: None |
PackageFileSize: NA |
############################################################################## ############################################################################## ### ### Running command: ### ### chmod a+r MOSim -R && F:\biocbuild\bbs-3.19-bioc\R\bin\R.exe CMD build --keep-empty-dirs --no-resave-data MOSim ### ############################################################################## ############################################################################## * checking for file 'MOSim/DESCRIPTION' ... OK * preparing 'MOSim': * checking DESCRIPTION meta-information ... OK * cleaning src * installing the package to build vignettes * creating vignettes ... ERROR --- re-building 'MOSim.Rnw' using knitr !!! Error: Cannot call Ghostscript: `mgs' (No such file or directory/The system cannot find the file specified)! pdfcrop: major issue: User/administrator updates are out-of-sync. !!! Error: Cannot call Ghostscript: `mgs' (No such file or directory/The system cannot find the file specified)! pdfcrop: major issue: User/administrator updates are out-of-sync. texify: major issue: User/administrator updates are out-of-sync. Warning in system(paste(shQuote(texi2dvi), if (quiet) "--quiet" else "", : running command '"C:\PROGRA~1\MiKTeX\miktex\bin\x64\texify.exe" --quiet --pdf "MOSim.tex" --max-iterations=20 -I "F:/biocbuild/bbs-3.19-bioc/R/share/texmf/tex/latex" -I "F:/biocbuild/bbs-3.19-bioc/R/share/texmf/bibtex/bst"' had status 1 Error: processing vignette 'MOSim.Rnw' failed with diagnostics: running 'texi2dvi' on 'MOSim.tex' failed LaTeX errors: MOSim.tex:124: Package xcolor Error: Undefined color `fgcolor'. See the xcolor package documentation for explanation. Type H <return> for immediate help. ... MOSim.tex:137: Package xcolor Error: Undefined color `fgcolor'. See the xcolor package documentation for explanation. Type H <return> for immediate help. ... MOSim.tex:204: Package xcolor Error: Undefined color `fgcolor'. See the xcolor package documentation for explanation. Type H <return> for immediate help. ... MOSim.tex:211: Package xcolor Error: Undefined color `fgcolor'. See the xcolor package documentation for explanation. Type H <return> for immediate help. ... MOSim.tex:272: Package xcolor Error: Undefined color `fgcolor'. See the xcolor package documentation for explanation. Type H <return> for immediate help. ... MOSim.tex:314: Package xcolor Error: Undefined color `fgcolor'. See the xcolor package documentation for explanation. Type H <return> for immediate help. ... MOSim.tex:329: Package xcolor Error: Undefined color `fgcolor'. See the xcolor package documentation for explanation. Type H <return> for immediate help. ... MOSim.tex:374: Package xcolor Error: Undefined color `fgcolor'. See the xcolor package documentation for explanation. Type H <return> for immediate help. ... MOSim.tex:409: Package xcolor Error: Undefined color `fgcolor'. See the xcolor package documentation for explanation. Type H <return> for immediate help. ... MOSim.tex:463: Package xcolor Error: Undefined color `fgcolor'. See the xcolor package documentation for explanation. Type H <return> for immediate help. ... MOSim.tex:491: Package xcolor Error: Undefined color `fgcolor'. See the xcolor package documentation for explanation. Type H <return> for immediate help. ... MOSim.tex:535: Package xcolor Error: Undefined color `fgcolor'. See the xcolor package documentation for explanation. Type H <return> for immediate help. ... MOSim.tex:552: Package xcolor Error: Undefined color `fgcolor'. See the xcolor package documentation for explanation. Type H <return> for immediate help. ... MOSim.tex:580: Package xcolor Error: Undefined color `fgcolor'. See the xcolor package documentation for explanation. Type H <return> for immediate help. ... MOSim.tex:646: Package xcolor Error: Undefined color `fgcolor'. See the xcolor package documentation for explanation. Type H <return> for immediate help. ... MOSim.tex:723: Package xcolor Error: Undefined color `fgcolor'. See the xcolor package documentation for explanation. Type H <return> for immediate help. ... MOSim.tex:749: Package xcolor Error: Undefined color `fgcolor'. See the xcolor package documentation for explanation. Type H <return> for immediate help. ... MOSim.tex:783: Package xcolor Error: Undefined color `fgcolor'. See the xcolor package documentation for explanation. Type H <return> for immediate help. ... MOSim.tex:801: Package xcolor Error: Undefined color `fgcolor'. See the xcolor package documentation for explanation. Type H <return> for immediate help. ... MOSim.tex:819: Package xcolor Error: Undefined color `fgcolor'. See the xcolor package documentation for explanation. Type H <return> for immediate help. ... MOSim.tex:858: Package xcolor Error: Undefined color `fgcolor'. See the xcolor package documentation for explanation. Type H <return> for immediate help. ... --- failed re-building 'MOSim.Rnw' --- re-building 'scMOSim.Rmd' using knitr --- finished re-building 'scMOSim.Rmd' SUMMARY: processing the following file failed: 'MOSim.Rnw' Error: Vignette re-building failed. Execution halted