Back to Multiple platform build/check report for BioC 3.19: simplified long |
|
This page was generated on 2024-06-07 20:25 -0400 (Fri, 07 Jun 2024).
Hostname | OS | Arch (*) | R version | Installed pkgs |
---|---|---|---|---|
nebbiolo1 | Linux (Ubuntu 22.04.3 LTS) | x86_64 | 4.4.0 (2024-04-24) -- "Puppy Cup" | 4755 |
palomino3 | Windows Server 2022 Datacenter | x64 | 4.4.0 (2024-04-24 ucrt) -- "Puppy Cup" | 4489 |
lconway | macOS 12.7.1 Monterey | x86_64 | 4.4.0 (2024-04-24) -- "Puppy Cup" | 4520 |
kjohnson3 | macOS 13.6.5 Ventura | arm64 | 4.4.0 (2024-04-24) -- "Puppy Cup" | 4466 |
Click on any hostname to see more info about the system (e.g. compilers) (*) as reported by 'uname -p', except on Windows and Mac OS X |
Package 507/2300 | Hostname | OS / Arch | INSTALL | BUILD | CHECK | BUILD BIN | ||||||||
DaMiRseq 2.16.0 (landing page) Mattia Chiesa
| nebbiolo1 | Linux (Ubuntu 22.04.3 LTS) / x86_64 | OK | ERROR | skipped | |||||||||
palomino3 | Windows Server 2022 Datacenter / x64 | OK | ERROR | skipped | skipped | |||||||||
lconway | macOS 12.7.1 Monterey / x86_64 | OK | ERROR | skipped | skipped | |||||||||
kjohnson3 | macOS 13.6.5 Ventura / arm64 | OK | ERROR | skipped | skipped | |||||||||
To the developers/maintainers of the DaMiRseq package: - Allow up to 24 hours (and sometimes 48 hours) for your latest push to git@git.bioconductor.org:packages/DaMiRseq.git to reflect on this report. See Troubleshooting Build Report for more information. - Use the following Renviron settings to reproduce errors and warnings. - If 'R CMD check' started to fail recently on the Linux builder(s) over a missing dependency, add the missing dependency to 'Suggests:' in your DESCRIPTION file. See Renviron.bioc for more information. |
Package: DaMiRseq |
Version: 2.16.0 |
Command: chmod a+r DaMiRseq -R && F:\biocbuild\bbs-3.19-bioc\R\bin\R.exe CMD build --keep-empty-dirs --no-resave-data DaMiRseq |
StartedAt: 2024-06-05 18:31:24 -0400 (Wed, 05 Jun 2024) |
EndedAt: 2024-06-05 18:39:42 -0400 (Wed, 05 Jun 2024) |
EllapsedTime: 497.3 seconds |
RetCode: 1 |
Status: ERROR |
PackageFile: None |
PackageFileSize: NA |
############################################################################## ############################################################################## ### ### Running command: ### ### chmod a+r DaMiRseq -R && F:\biocbuild\bbs-3.19-bioc\R\bin\R.exe CMD build --keep-empty-dirs --no-resave-data DaMiRseq ### ############################################################################## ############################################################################## * checking for file 'DaMiRseq/DESCRIPTION' ... OK * preparing 'DaMiRseq': * checking DESCRIPTION meta-information ... OK * installing the package to build vignettes * creating vignettes ... ERROR --- re-building 'DaMiRseq.Rnw' using knitr !!! Error: Cannot call Ghostscript: `mgs' (No such file or directory/The system cannot find the file specified)! pdfcrop: major issue: User/administrator updates are out-of-sync. !!! Error: Cannot call Ghostscript: `mgs' (No such file or directory/The system cannot find the file specified)! pdfcrop: major issue: User/administrator updates are out-of-sync. !!! Error: Cannot call Ghostscript: `mgs' (No such file or directory/The system cannot find the file specified)! pdfcrop: major issue: User/administrator updates are out-of-sync. !!! Error: Cannot call Ghostscript: `mgs' (No such file or directory/The system cannot find the file specified)! pdfcrop: major issue: User/administrator updates are out-of-sync. !!! Error: Cannot call Ghostscript: `mgs' (No such file or directory/The system cannot find the file specified)! pdfcrop: major issue: User/administrator updates are out-of-sync. !!! Error: Cannot call Ghostscript: `mgs' (No such file or directory/The system cannot find the file specified)! pdfcrop: major issue: User/administrator updates are out-of-sync. !!! Error: Cannot call Ghostscript: `mgs' (No such file or directory/The system cannot find the file specified)! pdfcrop: major issue: User/administrator updates are out-of-sync. !!! Error: Cannot call Ghostscript: `mgs' (No such file or directory/The system cannot find the file specified)! pdfcrop: major issue: User/administrator updates are out-of-sync. !!! Error: Cannot call Ghostscript: `mgs' (No such file or directory/The system cannot find the file specified)! pdfcrop: major issue: User/administrator updates are out-of-sync. !!! Error: Cannot call Ghostscript: `mgs' (No such file or directory/The system cannot find the file specified)! pdfcrop: major issue: User/administrator updates are out-of-sync. !!! Error: Cannot call Ghostscript: `mgs' (No such file or directory/The system cannot find the file specified)! pdfcrop: major issue: User/administrator updates are out-of-sync. !!! Error: Cannot call Ghostscript: `mgs' (No such file or directory/The system cannot find the file specified)! pdfcrop: major issue: User/administrator updates are out-of-sync. !!! Error: Cannot call Ghostscript: `mgs' (No such file or directory/The system cannot find the file specified)! pdfcrop: major issue: User/administrator updates are out-of-sync. !!! Error: Cannot call Ghostscript: `mgs' (No such file or directory/The system cannot find the file specified)! pdfcrop: major issue: User/administrator updates are out-of-sync. !!! Error: Cannot call Ghostscript: `mgs' (No such file or directory/The system cannot find the file specified)! pdfcrop: major issue: User/administrator updates are out-of-sync. !!! Error: Cannot call Ghostscript: `mgs' (No such file or directory/The system cannot find the file specified)! pdfcrop: major issue: User/administrator updates are out-of-sync. !!! Error: Cannot call Ghostscript: `mgs' (No such file or directory/The system cannot find the file specified)! pdfcrop: major issue: User/administrator updates are out-of-sync. !!! Error: Cannot call Ghostscript: `mgs' (No such file or directory/The system cannot find the file specified)! pdfcrop: major issue: User/administrator updates are out-of-sync. !!! Error: Cannot call Ghostscript: `mgs' (No such file or directory/The system cannot find the file specified)! pdfcrop: major issue: User/administrator updates are out-of-sync. !!! Error: Cannot call Ghostscript: `mgs' (No such file or directory/The system cannot find the file specified)! pdfcrop: major issue: User/administrator updates are out-of-sync. !!! Error: Cannot call Ghostscript: `mgs' (No such file or directory/The system cannot find the file specified)! pdfcrop: major issue: User/administrator updates are out-of-sync. !!! Error: Cannot call Ghostscript: `mgs' (No such file or directory/The system cannot find the file specified)! pdfcrop: major issue: User/administrator updates are out-of-sync. !!! Error: Cannot call Ghostscript: `mgs' (No such file or directory/The system cannot find the file specified)! pdfcrop: major issue: User/administrator updates are out-of-sync. !!! Error: Cannot call Ghostscript: `mgs' (No such file or directory/The system cannot find the file specified)! pdfcrop: major issue: User/administrator updates are out-of-sync. !!! Error: Cannot call Ghostscript: `mgs' (No such file or directory/The system cannot find the file specified)! pdfcrop: major issue: User/administrator updates are out-of-sync. !!! Error: Cannot call Ghostscript: `mgs' (No such file or directory/The system cannot find the file specified)! pdfcrop: major issue: User/administrator updates are out-of-sync. !!! Error: Cannot call Ghostscript: `mgs' (No such file or directory/The system cannot find the file specified)! pdfcrop: major issue: User/administrator updates are out-of-sync. !!! Error: Cannot call Ghostscript: `mgs' (No such file or directory/The system cannot find the file specified)! pdfcrop: major issue: User/administrator updates are out-of-sync. !!! Error: Cannot call Ghostscript: `mgs' (No such file or directory/The system cannot find the file specified)! pdfcrop: major issue: User/administrator updates are out-of-sync. !!! Error: Cannot call Ghostscript: `mgs' (No such file or directory/The system cannot find the file specified)! pdfcrop: major issue: User/administrator updates are out-of-sync. !!! Error: Cannot call Ghostscript: `mgs' (No such file or directory/The system cannot find the file specified)! pdfcrop: major issue: User/administrator updates are out-of-sync. !!! Error: Cannot call Ghostscript: `mgs' (No such file or directory/The system cannot find the file specified)! pdfcrop: major issue: User/administrator updates are out-of-sync. !!! Error: Cannot call Ghostscript: `mgs' (No such file or directory/The system cannot find the file specified)! pdfcrop: major issue: User/administrator updates are out-of-sync. !!! Error: Cannot call Ghostscript: `mgs' (No such file or directory/The system cannot find the file specified)! pdfcrop: major issue: User/administrator updates are out-of-sync. !!! Error: Cannot call Ghostscript: `mgs' (No such file or directory/The system cannot find the file specified)! pdfcrop: major issue: User/administrator updates are out-of-sync. !!! Error: Cannot call Ghostscript: `mgs' (No such file or directory/The system cannot find the file specified)! pdfcrop: major issue: User/administrator updates are out-of-sync. !!! Error: Cannot call Ghostscript: `mgs' (No such file or directory/The system cannot find the file specified)! pdfcrop: major issue: User/administrator updates are out-of-sync. !!! Error: Cannot call Ghostscript: `mgs' (No such file or directory/The system cannot find the file specified)! pdfcrop: major issue: User/administrator updates are out-of-sync. !!! Error: Cannot call Ghostscript: `mgs' (No such file or directory/The system cannot find the file specified)! pdfcrop: major issue: User/administrator updates are out-of-sync. !!! Error: Cannot call Ghostscript: `mgs' (No such file or directory/The system cannot find the file specified)! pdfcrop: major issue: User/administrator updates are out-of-sync. !!! Error: Cannot call Ghostscript: `mgs' (No such file or directory/The system cannot find the file specified)! pdfcrop: major issue: User/administrator updates are out-of-sync. !!! Error: Cannot call Ghostscript: `mgs' (No such file or directory/The system cannot find the file specified)! pdfcrop: major issue: User/administrator updates are out-of-sync. !!! Error: Cannot call Ghostscript: `mgs' (No such file or directory/The system cannot find the file specified)! pdfcrop: major issue: User/administrator updates are out-of-sync. !!! Error: Cannot call Ghostscript: `mgs' (No such file or directory/The system cannot find the file specified)! pdfcrop: major issue: User/administrator updates are out-of-sync. texify: major issue: User/administrator updates are out-of-sync. Error: processing vignette 'DaMiRseq.Rnw' failed with diagnostics: running 'texi2dvi' on 'DaMiRseq.tex' failed LaTeX errors: tes/DaMiRseq.tex:87: Package xcolor Error: Undefined color `fgcolor'. See the xcolor package documentation for explanation. Type H <return> for immediate help. ... tes/DaMiRseq.tex:155: Package xcolor Error: Undefined color `fgcolor'. See the xcolor package documentation for explanation. Type H <return> for immediate help. ... tes/DaMiRseq.tex:173: Package xcolor Error: Undefined color `fgcolor'. See the xcolor package documentation for explanation. Type H <return> for immediate help. ... tes/DaMiRseq.tex:217: Package xcolor Error: Undefined color `fgcolor'. See the xcolor package documentation for explanation. Type H <return> for immediate help. ... tes/DaMiRseq.tex:235: Package xcolor Error: Undefined color `fgcolor'. See the xcolor package documentation for explanation. Type H <return> for immediate help. ... tes/DaMiRseq.tex:283: Package xcolor Error: Undefined color `fgcolor'. See the xcolor package documentation for explanation. Type H <return> for immediate help. ... tes/DaMiRseq.tex:302: Package xcolor Error: Undefined color `fgcolor'. See the xcolor package documentation for explanation. Type H <return> for immediate help. ... tes/DaMiRseq.tex:330: Package xcolor Error: Undefined color `fgcolor'. See the xcolor package documentation for explanation. Type H <return> for immediate help. ... tes/DaMiRseq.tex:375: Package xcolor Error: Undefined color `fgcolor'. See the xcolor package documentation for explanation. Type H <return> for immediate help. ... tes/DaMiRseq.tex:412: Package xcolor Error: Undefined color `fgcolor'. See the xcolor package documentation for explanation. Type H <return> for immediate help. ... tes/DaMiRseq.tex:464: Package xcolor Error: Undefined color `fgcolor'. See the xcolor package documentation for explanation. Type H <return> for immediate help. ... tes/DaMiRseq.tex:514: Package xcolor Error: Undefined color `fgcolor'. See the xcolor package documentation for explanation. Type H <return> for immediate help. ... tes/DaMiRseq.tex:572: Package xcolor Error: Undefined color `fgcolor'. See the xcolor package documentation for explanation. Type H <return> for immediate help. ... tes/DaMiRseq.tex:590: Package xcolor Error: Undefined color `fgcolor'. See the xcolor package documentation for explanation. Type H <return> for immediate help. ... tes/DaMiRseq.tex:617: Package xcolor Error: Undefined color `fgcolor'. See the xcolor package documentation for explanation. Type H <return> for immediate help. ... tes/DaMiRseq.tex:642: Package xcolor Error: Undefined color `fgcolor'. See the xcolor package documentation for explanation. Type H <return> for immediate help. ... tes/DaMiRseq.tex:715: Package xcolor Error: Undefined color `fgcolor'. See the xcolor package documentation for explanation. Type H <return> for immediate help. ... tes/DaMiRseq.tex:801: Package xcolor Error: Undefined color `fgcolor'. See the xcolor package documentation for explanation. Type H <return> for immediate help. ... tes/DaMiRseq.tex:826: Package xcolor Error: Undefined color `fgcolor'. See the xcolor package documentation for explanation. Type H <return> for immediate help. ... tes/DaMiRseq.tex:852: Package xcolor Error: Undefined color `fgcolor'. See the xcolor package documentation for explanation. Type H <return> for immediate help. ... tes/DaMiRseq.tex:906: Package xcolor Error: Undefined color `fgcolor'. See the xcolor package documentation for explanation. Type H <return> for immediate help. ... tes/DaMiRseq.tex:943: Package xcolor Error: Undefined color `fgcolor'. See the xcolor package documentation for explanation. Type H <return> for immediate help. ... tes/DaMiRseq.tex:987: Package xcolor Error: Undefined color `fgcolor'. See the xcolor package documentation for explanation. Type H <return> for immediate help. ... tes/DaMiRseq.tex:1022: Package xcolor Error: Undefined color `fgcolor'. See the xcolor package documentation for explanation. Type H <return> for immediate help. ... tes/DaMiRseq.tex:1067: Package xcolor Error: Undefined color `fgcolor'. See the xcolor package documentation for explanation. Type H <return> for immediate help. ... tes/DaMiRseq.tex:1106: Package xcolor Error: Undefined color `fgcolor'. See the xcolor package documentation for explanation. Type H <return> for immediate help. ... --- failed re-building 'DaMiRseq.Rnw' SUMMARY: processing the following file failed: 'DaMiRseq.Rnw' Error: Vignette re-building failed. Execution halted