Back to Build/check report for BioC 3.14 annotations
[A]BCDEFGHIJKLMNOPQRSTUVWXYZ

This page was generated on 2022-01-19 06:00:08 -0500 (Wed, 19 Jan 2022).

HostnameOSArch (*)R versionInstalled pkgs
nebbiolo2Linux (Ubuntu 20.04.4 LTS)x86_644.1.2 (2021-11-01) -- "Bird Hippie" 4328
Click on any hostname to see more info about the system (e.g. compilers)      (*) as reported by 'uname -p', except on Windows and Mac OS X

CHECK results for alternativeSplicingEvents.hg19 on nebbiolo2


To the developers/maintainers of the alternativeSplicingEvents.hg19 package:
Make sure to use the following settings in order to reproduce any error or warning you see on this page.

raw results

Package 8/33HostnameOS / ArchINSTALLBUILDCHECK
alternativeSplicingEvents.hg19 1.1.0  (landing page)
Nuno Agostinho
Snapshot Date: 2022-01-19 02:30:01 -0500 (Wed, 19 Jan 2022)
git_url: https://git.bioconductor.org/packages/alternativeSplicingEvents.hg19
git_branch: master
git_last_commit: 2ec71ae
git_last_commit_date: 2021-02-09 11:24:54 -0500 (Tue, 09 Feb 2021)
nebbiolo2Linux (Ubuntu 20.04.4 LTS) / x86_64  OK    OK    OK  UNNEEDED, same version is already published

Summary

Package: alternativeSplicingEvents.hg19
Version: 1.1.0
Command: /home/biocbuild/bbs-3.14-bioc/R/bin/R CMD check --install=check:alternativeSplicingEvents.hg19.install-out.txt --library=/home/biocbuild/bbs-3.14-bioc/R/library --no-vignettes --timings alternativeSplicingEvents.hg19_1.1.0.tar.gz
StartedAt: 2022-01-19 03:02:22 -0500 (Wed, 19 Jan 2022)
EndedAt: 2022-01-19 03:02:23 -0500 (Wed, 19 Jan 2022)
EllapsedTime: 1.0 seconds
RetCode: 0
Status:   OK  
CheckDir: alternativeSplicingEvents.hg19.Rcheck
Warnings: 0

Command output

##############################################################################
##############################################################################
###
### Running command:
###
###   /home/biocbuild/bbs-3.14-bioc/R/bin/R CMD check --install=check:alternativeSplicingEvents.hg19.install-out.txt --library=/home/biocbuild/bbs-3.14-bioc/R/library --no-vignettes --timings alternativeSplicingEvents.hg19_1.1.0.tar.gz
###
##############################################################################
##############################################################################


* using log directory ‘/home/biocbuild/bbs-3.14-data-annotation/meat/alternativeSplicingEvents.hg19.Rcheck’
* using R version 4.1.2 (2021-11-01)
* using platform: x86_64-pc-linux-gnu (64-bit)
* using session charset: UTF-8
* using option ‘--no-vignettes’
* checking for file ‘alternativeSplicingEvents.hg19/DESCRIPTION’ ... OK
* checking extension type ... ERROR
Extensions with Type ‘Annotation package’ cannot be checked.
* DONE

Status: 1 ERROR
See
  ‘/home/biocbuild/bbs-3.14-data-annotation/meat/alternativeSplicingEvents.hg19.Rcheck/00check.log’
for details.


Installation output


Tests output


Example timings