This page was generated on 2020-01-16 13:30:55 -0500 (Thu, 16 Jan 2020).
VanillaICE 1.49.0 Robert Scharpf
Snapshot Date: 2020-01-15 16:46:30 -0500 (Wed, 15 Jan 2020) |
URL: https://git.bioconductor.org/packages/VanillaICE |
Branch: master |
Last Commit: 9b51246 |
Last Changed Date: 2019-10-29 13:34:47 -0500 (Tue, 29 Oct 2019) |
| malbec2 | Linux (Ubuntu 18.04.3 LTS) / x86_64 | OK | ERROR | skipped | | |
tokay2 | Windows Server 2012 R2 Standard / x64 | OK | ERROR | skipped | skipped | |
celaya2 | OS X 10.11.6 El Capitan / x86_64 | OK | [ ERROR ] | skipped | skipped | |
##############################################################################
##############################################################################
###
### Running command:
###
### /Library/Frameworks/R.framework/Versions/Current/Resources/bin/R CMD build --keep-empty-dirs --no-resave-data VanillaICE
###
##############################################################################
##############################################################################
* checking for file ‘VanillaICE/DESCRIPTION’ ... OK
* preparing ‘VanillaICE’:
* checking DESCRIPTION meta-information ... OK
* cleaning src
* installing the package to build vignettes
* creating vignettes ... ERROR
--- re-building ‘VanillaICE.Rnw’ using Sweave
Loading required package: BiocGenerics
Loading required package: parallel
Attaching package: ‘BiocGenerics’
The following objects are masked from ‘package:parallel’:
clusterApply, clusterApplyLB, clusterCall, clusterEvalQ,
clusterExport, clusterMap, parApply, parCapply, parLapply,
parLapplyLB, parRapply, parSapply, parSapplyLB
The following objects are masked from ‘package:stats’:
IQR, mad, sd, var, xtabs
The following objects are masked from ‘package:base’:
Filter, Find, Map, Position, Reduce, anyDuplicated,
append, as.data.frame, basename, cbind, colnames, dirname,
do.call, duplicated, eval, evalq, get, grep, grepl,
intersect, is.unsorted, lapply, mapply, match, mget,
order, paste, pmax, pmax.int, pmin, pmin.int, rank, rbind,
rownames, sapply, setdiff, sort, table, tapply, union,
unique, unsplit, which, which.max, which.min
Loading required package: GenomicRanges
Loading required package: stats4
Loading required package: S4Vectors
Attaching package: ‘S4Vectors’
The following object is masked from ‘package:base’:
expand.grid
Loading required package: IRanges
Loading required package: GenomeInfoDb
Loading required package: SummarizedExperiment
Loading required package: Biobase
Welcome to Bioconductor
Vignettes contain introductory material; view with
'browseVignettes()'. To cite Bioconductor, see
'citation("Biobase")', and for packages
'citation("pkgname")'.
Loading required package: DelayedArray
Loading required package: matrixStats
Attaching package: ‘matrixStats’
The following objects are masked from ‘package:Biobase’:
anyMissing, rowMedians
Loading required package: BiocParallel
Attaching package: ‘DelayedArray’
The following objects are masked from ‘package:matrixStats’:
colMaxs, colMins, colRanges, rowMaxs, rowMins, rowRanges
The following objects are masked from ‘package:base’:
aperm, apply, rowsum
Welcome to VanillaICE version 1.49.0
Loading required package: data.table
Attaching package: ‘data.table’
The following object is masked from ‘package:SummarizedExperiment’:
shift
The following object is masked from ‘package:GenomicRanges’:
shift
The following object is masked from ‘package:IRanges’:
shift
The following objects are masked from ‘package:S4Vectors’:
first, second
Loading required package: BSgenome
Loading required package: Biostrings
Loading required package: XVector
Attaching package: ‘Biostrings’
The following object is masked from ‘package:VanillaICE’:
deletion
The following object is masked from ‘package:base’:
strsplit
Loading required package: rtracklayer
Writing parsed files to /tmp/RtmpQpfdxz
--- finished re-building ‘VanillaICE.Rnw’
--- re-building ‘crlmmDownstream.Rnw’ using Sweave
Welcome to oligoClasses version 1.49.1
Loading required package: preprocessCore
Welcome to crlmm version 1.45.0
Attaching package: ‘crlmm’
The following object is masked from ‘package:VanillaICE’:
genotypes
Error: processing vignette 'crlmmDownstream.Rnw' failed with diagnostics:
chunk 1 (label = loadData)
Error in library(SNPchip) : there is no package called ‘SNPchip’
--- failed re-building ‘crlmmDownstream.Rnw’
SUMMARY: processing the following file failed:
‘crlmmDownstream.Rnw’
Error: Vignette re-building failed.
Execution halted