Back to Build/check report for BioC 3.14 annotations
ABCD[E]FGHIJKLMNOPQRSTUVWXYZ

This page was generated on 2022-01-19 06:00:08 -0500 (Wed, 19 Jan 2022).

HostnameOSArch (*)R versionInstalled pkgs
nebbiolo2Linux (Ubuntu 20.04.4 LTS)x86_644.1.2 (2021-11-01) -- "Bird Hippie" 4328
Click on any hostname to see more info about the system (e.g. compilers)      (*) as reported by 'uname -p', except on Windows and Mac OS X

BUILD results for EuPathDB on nebbiolo2


To the developers/maintainers of the EuPathDB package:
Make sure to use the following settings in order to reproduce any error or warning you see on this page.

raw results

Package 16/33HostnameOS / ArchINSTALLBUILDCHECK
EuPathDB 1.0.1  (landing page)
Keith Hughitt
Snapshot Date: 2022-01-19 02:30:01 -0500 (Wed, 19 Jan 2022)
git_url: https://git.bioconductor.org/packages/EuPathDB
git_branch: master
git_last_commit: 94b4c46
git_last_commit_date: 2018-11-13 11:26:46 -0500 (Tue, 13 Nov 2018)
nebbiolo2Linux (Ubuntu 20.04.4 LTS) / x86_64  OK    ERROR  skipped

Summary

Package: EuPathDB
Version: 1.0.1
Command: /home/biocbuild/bbs-3.14-bioc/R/bin/R CMD build --keep-empty-dirs --no-resave-data EuPathDB
StartedAt: 2022-01-19 03:00:53 -0500 (Wed, 19 Jan 2022)
EndedAt: 2022-01-19 03:01:33 -0500 (Wed, 19 Jan 2022)
EllapsedTime: 39.2 seconds
RetCode: 1
Status:   ERROR  
PackageFile: None
PackageFileSize: NA

Command output

##############################################################################
##############################################################################
###
### Running command:
###
###   /home/biocbuild/bbs-3.14-bioc/R/bin/R CMD build --keep-empty-dirs --no-resave-data EuPathDB
###
##############################################################################
##############################################################################


* checking for file ‘EuPathDB/DESCRIPTION’ ... OK
* preparing ‘EuPathDB’:
* checking DESCRIPTION meta-information ... OK
* installing the package to build vignettes
* creating vignettes ... ERROR
--- re-building ‘EuPathDB.Rmd’ using rmarkdown
Quitting from lines 113-115 (EuPathDB.Rmd) 
Error: processing vignette 'EuPathDB.Rmd' failed with diagnostics:
AH65089 is an OrgDb resource.
  orgDb resources are generated for specific biocversions.
  Requested resource works with biocversion: 3.8
  To find a resource appropriate for your biocversion try the following query:
      query(ah,'Leishmania major strain Friedlin genome wide annotations')
--- failed re-building ‘EuPathDB.Rmd’

SUMMARY: processing the following file failed:
  ‘EuPathDB.Rmd’

Error: Vignette re-building failed.
Execution halted