Back to Multiple platform build/check report for BioC 3.12
[A]BCDEFGHIJKLMNOPQRSTUVWXYZ

CHECK report for affy on malbec1

This page was generated on 2020-10-29 12:15:01 -0400 (Thu, 29 Oct 2020).

TO THE DEVELOPERS/MAINTAINERS OF THE affy PACKAGE: Please make sure to use the following settings in order to reproduce any error or warning you see on this page.
Package 24/1974HostnameOS / ArchINSTALLBUILDCHECKBUILD BIN
affy 1.68.0
Rafael A. Irizarry
Snapshot Date: 2020-10-28 14:42:40 -0400 (Wed, 28 Oct 2020)
URL: https://git.bioconductor.org/packages/affy
Branch: RELEASE_3_12
Last Commit: 1664399
Last Changed Date: 2020-10-27 10:22:11 -0400 (Tue, 27 Oct 2020)
malbec1 Linux (Ubuntu 18.04.4 LTS) / x86_64  OK  OK [ WARNINGS ]UNNEEDED, same version exists in internal repository
nebbiolo1 Linux (Ubuntu 20.04.1 LTS) / x86_64  OK  OK  WARNINGS 
tokay1 Windows Server 2012 R2 Standard / x64  OK  OK  WARNINGS  OK UNNEEDED, same version exists in internal repository
merida1 macOS 10.14.6 Mojave / x86_64  OK  OK  WARNINGS  OK UNNEEDED, same version exists in internal repository

Summary

Package: affy
Version: 1.68.0
Command: /home/biocbuild/bbs-3.12-bioc/R/bin/R CMD check --install=check:affy.install-out.txt --library=/home/biocbuild/bbs-3.12-bioc/R/library --no-vignettes --timings affy_1.68.0.tar.gz
StartedAt: 2020-10-28 23:42:31 -0400 (Wed, 28 Oct 2020)
EndedAt: 2020-10-28 23:45:07 -0400 (Wed, 28 Oct 2020)
EllapsedTime: 155.5 seconds
RetCode: 0
Status:  WARNINGS 
CheckDir: affy.Rcheck
Warnings: 1

Command output

##############################################################################
##############################################################################
###
### Running command:
###
###   /home/biocbuild/bbs-3.12-bioc/R/bin/R CMD check --install=check:affy.install-out.txt --library=/home/biocbuild/bbs-3.12-bioc/R/library --no-vignettes --timings affy_1.68.0.tar.gz
###
##############################################################################
##############################################################################


* using log directory ‘/home/biocbuild/bbs-3.12-bioc/meat/affy.Rcheck’
* using R version 4.0.3 (2020-10-10)
* using platform: x86_64-pc-linux-gnu (64-bit)
* using session charset: UTF-8
* using option ‘--no-vignettes’
* checking for file ‘affy/DESCRIPTION’ ... OK
* this is package ‘affy’ version ‘1.68.0’
* checking package namespace information ... OK
* checking package dependencies ... OK
* checking if this is a source package ... OK
* checking if there is a namespace ... OK
* checking for hidden files and directories ... OK
* checking for portable file names ... OK
* checking for sufficient/correct file permissions ... OK
* checking whether package ‘affy’ can be installed ... OK
* checking installed package size ... OK
* checking package directory ... OK
* checking ‘build’ directory ... OK
* checking DESCRIPTION meta-information ... OK
* checking top-level files ... OK
* checking for left-over files ... OK
* checking index information ... OK
* checking package subdirectories ... OK
* checking R files for non-ASCII characters ... OK
* checking R files for syntax errors ... OK
* checking whether the package can be loaded ... OK
* checking whether the package can be loaded with stated dependencies ... OK
* checking whether the package can be unloaded cleanly ... OK
* checking whether the namespace can be loaded with stated dependencies ... OK
* checking whether the namespace can be unloaded cleanly ... OK
* checking dependencies in R code ... NOTE
Unexported objects imported by ':::' calls:
  ‘stats:::C_loess_raw’ ‘stats:::C_lowesp’ ‘stats:::C_lowesw’
  See the note in ?`:::` about the use of this operator.
* checking S3 generic/method consistency ... OK
* checking replacement functions ... OK
* checking foreign function calls ... WARNING
Foreign function calls to a base package:
  .C(stats:::C_loess_raw, ...)
  .Fortran(stats:::C_lowesp, ...)
  .Fortran(stats:::C_lowesw, ...)
Packages should not make .C/.Call/.External/.Fortran calls to a base
package. They are not part of the API, for use only by R itself and
subject to change without notice.
* checking R code for possible problems ... OK
* checking Rd files ... OK
* checking Rd metadata ... OK
* checking Rd cross-references ... OK
* checking for missing documentation entries ... OK
* checking for code/documentation mismatches ... OK
* checking Rd \usage sections ... OK
* checking Rd contents ... OK
* checking for unstated dependencies in examples ... OK
* checking contents of ‘data’ directory ... OK
* checking data for non-ASCII characters ... OK
* checking data for ASCII and uncompressed saves ... OK
* checking line endings in shell scripts ... OK
* checking line endings in C/C++/Fortran sources/headers ... OK
* checking line endings in Makefiles ... OK
* checking compilation flags in Makevars ... OK
* checking for GNU extensions in Makefiles ... OK
* checking for portable use of $(BLAS_LIBS) and $(LAPACK_LIBS) ... OK
* checking use of PKG_*FLAGS in Makefiles ... OK
* checking compiled code ... NOTE
Note: information on .o files is not available
* checking files in ‘vignettes’ ... OK
* checking examples ... OK
Examples with CPU (user + system) or elapsed time > 5s
                        user system elapsed
mas5                  31.556  0.044  31.692
MAplot                15.280  0.188  15.514
expresso              12.680  0.032  12.748
bgc                    5.472  0.104   5.602
ProgressBarText-class  1.032  0.020  16.570
* checking for unstated dependencies in vignettes ... OK
* checking package vignettes in ‘inst/doc’ ... OK
* checking running R code from vignettes ... SKIPPED
* checking re-building of vignette outputs ... SKIPPED
* checking PDF version of manual ... OK
* DONE

Status: 1 WARNING, 2 NOTEs
See
  ‘/home/biocbuild/bbs-3.12-bioc/meat/affy.Rcheck/00check.log’
for details.



Installation output

affy.Rcheck/00install.out

##############################################################################
##############################################################################
###
### Running command:
###
###   /home/biocbuild/bbs-3.12-bioc/R/bin/R CMD INSTALL affy
###
##############################################################################
##############################################################################


* installing to library ‘/home/biocbuild/bbs-3.12-bioc/R/library’
* installing *source* package ‘affy’ ...
** using staged installation
creating cache ./config.cache
checking how to run the C preprocessor... cc -E
checking for main in -lz... yes
checking for zlib.h... yes
checking if zlib version >= 1.1.3... yes
updating cache ./config.cache
creating ./config.status
creating src/Makevars
** libs
gcc -I"/home/biocbuild/bbs-3.12-bioc/R/include" -DNDEBUG -DHAVE_ZLIB=1  -I'/home/biocbuild/bbs-3.12-bioc/R/library/preprocessCore/include' -I/usr/local/include   -fpic  -g -O2  -Wall -c chipbackground.c -o chipbackground.o
gcc -I"/home/biocbuild/bbs-3.12-bioc/R/include" -DNDEBUG -DHAVE_ZLIB=1  -I'/home/biocbuild/bbs-3.12-bioc/R/library/preprocessCore/include' -I/usr/local/include   -fpic  -g -O2  -Wall -c getall_locations.c -o getall_locations.o
gcc -I"/home/biocbuild/bbs-3.12-bioc/R/include" -DNDEBUG -DHAVE_ZLIB=1  -I'/home/biocbuild/bbs-3.12-bioc/R/library/preprocessCore/include' -I/usr/local/include   -fpic  -g -O2  -Wall -c mas5calls.c -o mas5calls.o
gcc -I"/home/biocbuild/bbs-3.12-bioc/R/include" -DNDEBUG -DHAVE_ZLIB=1  -I'/home/biocbuild/bbs-3.12-bioc/R/library/preprocessCore/include' -I/usr/local/include   -fpic  -g -O2  -Wall -c rma2.c -o rma2.o
gcc -I"/home/biocbuild/bbs-3.12-bioc/R/include" -DNDEBUG -DHAVE_ZLIB=1  -I'/home/biocbuild/bbs-3.12-bioc/R/library/preprocessCore/include' -I/usr/local/include   -fpic  -g -O2  -Wall -c rma_common.c -o rma_common.o
gcc -shared -L/home/biocbuild/bbs-3.12-bioc/R/lib -L/usr/local/lib -o affy.so chipbackground.o getall_locations.o mas5calls.o rma2.o rma_common.o -lz -L/home/biocbuild/bbs-3.12-bioc/R/lib -lR
installing to /home/biocbuild/bbs-3.12-bioc/R/library/00LOCK-affy/00new/affy/libs
** R
** data
** demo
** inst
** byte-compile and prepare package for lazy loading
** help
*** installing help indices
** building package indices
** installing vignettes
** testing if installed package can be loaded from temporary location
** checking absolute paths in shared objects and dynamic libraries
** testing if installed package can be loaded from final location
** testing if installed package keeps a record of temporary installation path
* DONE (affy)

Tests output


Example timings

affy.Rcheck/affy-Ex.timings

nameusersystemelapsed
AffyBatch-class4.4880.1164.611
AffyRNAdeg2.5840.0402.652
MAplot15.280 0.18815.514
ProbeSet-class0.5360.0120.551
ProgressBarText-class 1.032 0.02016.570
affy-options000
barplot.ProbeSet0.8760.0040.883
bgc5.4720.1045.602
cleancdfname0.0000.0040.004
expresso12.680 0.03212.748
expressoWidget000
fit.li.wong3.9920.0684.066
generateExprSet-methods0.5360.0000.533
generateExprVal-methods0.4840.0080.493
generateExprVal.method.avgdiff0.3360.0000.340
list.celfiles000
maffy.subset0.0160.0040.016
mas531.556 0.04431.692
mas5calls1.7920.0001.796
mva.pairs0.0800.0000.079
normalize-methods0.2480.0000.250
normalize.loess0.0480.0000.051
plot.ProbeSet0.0160.0000.018
plot.density0.7240.0000.727
plotLocation1.3960.0161.411
pmcorrect0.2640.0000.262
ppsetApply0.0000.0000.001
read.affybatch2.4200.0282.676
rma2.7600.0002.774
setAffyOptions000
xy2indices2.3680.0642.442