Back to Multiple platform build/check report for BioC 3.12
A[B]CDEFGHIJKLMNOPQRSTUVWXYZ

CHECK report for BiocIO on tokay1

This page was generated on 2021-01-25 11:52:18 -0500 (Mon, 25 Jan 2021).

TO THE DEVELOPERS/MAINTAINERS OF THE BiocIO PACKAGE: Please make sure to use the following settings in order to reproduce any error or warning you see on this page.
Package 162/1974HostnameOS / ArchINSTALLBUILDCHECKBUILD BIN
BiocIO 1.0.1
Bioconductor Package Maintainer
Snapshot Date: 2021-01-24 14:40:16 -0500 (Sun, 24 Jan 2021)
URL: https://git.bioconductor.org/packages/BiocIO
Branch: RELEASE_3_12
Last Commit: 724abe7
Last Changed Date: 2020-11-09 08:42:03 -0500 (Mon, 09 Nov 2020)
malbec1 Linux (Ubuntu 18.04.5 LTS) / x86_64  OK  OK  OK UNNEEDED, same version exists in internal repository
nebbiolo1 Linux (Ubuntu 20.04.1 LTS) / x86_64  OK  OK  OK 
tokay1 Windows Server 2012 R2 Standard / x64  OK  OK [ WARNINGS ] OK UNNEEDED, same version exists in internal repository
merida1 macOS 10.14.6 Mojave / x86_64  OK  OK  OK  OK UNNEEDED, same version exists in internal repository

Summary

Package: BiocIO
Version: 1.0.1
Command: C:\Users\biocbuild\bbs-3.12-bioc\R\bin\R.exe CMD check --force-multiarch --install=check:BiocIO.install-out.txt --library=C:\Users\biocbuild\bbs-3.12-bioc\R\library --no-vignettes --timings BiocIO_1.0.1.tar.gz
StartedAt: 2021-01-25 00:50:16 -0500 (Mon, 25 Jan 2021)
EndedAt: 2021-01-25 00:52:30 -0500 (Mon, 25 Jan 2021)
EllapsedTime: 133.9 seconds
RetCode: 0
Status:  WARNINGS  
CheckDir: BiocIO.Rcheck
Warnings: 1

Command output

##############################################################################
##############################################################################
###
### Running command:
###
###   C:\Users\biocbuild\bbs-3.12-bioc\R\bin\R.exe CMD check --force-multiarch --install=check:BiocIO.install-out.txt --library=C:\Users\biocbuild\bbs-3.12-bioc\R\library --no-vignettes --timings BiocIO_1.0.1.tar.gz
###
##############################################################################
##############################################################################


* using log directory 'C:/Users/biocbuild/bbs-3.12-bioc/meat/BiocIO.Rcheck'
* using R version 4.0.3 (2020-10-10)
* using platform: x86_64-w64-mingw32 (64-bit)
* using session charset: ISO8859-1
* using option '--no-vignettes'
* checking for file 'BiocIO/DESCRIPTION' ... OK
* this is package 'BiocIO' version '1.0.1'
* package encoding: UTF-8
* checking package namespace information ... OK
* checking package dependencies ... OK
* checking if this is a source package ... OK
* checking if there is a namespace ... OK
* checking for hidden files and directories ... OK
* checking for portable file names ... OK
* checking whether package 'BiocIO' can be installed ... WARNING
Found the following significant warnings:
  Rd warning: C:/Users/biocbuild/bbs-3.12-bioc/tmpdir/RtmpA9wR55/R.INSTALL2110364f77e5/BiocIO/man/BiocFile-class.Rd:146: file link 'TwoBitFile' in package 'rtracklayer' does not exist and so has been treated as a topic
  Rd warning: C:/Users/biocbuild/bbs-3.12-bioc/tmpdir/RtmpA9wR55/R.INSTALL2110364f77e5/BiocIO/man/BiocFile-class.Rd:146: file link 'BEDFile' in package 'rtracklayer' does not exist and so has been treated as a topic
  Rd warning: C:/Users/biocbuild/bbs-3.12-bioc/tmpdir/RtmpA9wR55/R.INSTALL2110364f77e5/BiocIO/man/BiocFile-class.Rd:147: file link 'GFFFile' in package 'rtracklayer' does not exist and so has been treated as a topic
  Rd warning: C:/Users/biocbuild/bbs-3.12-bioc/tmpdir/RtmpA9wR55/R.INSTALL2110364f77e5/BiocIO/man/BiocFile-class.Rd:147: file link 'WIGFile' in package 'rtracklayer' does not exist and so has been treated as a topic
  Rd warning: C:/Users/biocbuild/bbs-3.12-bioc/tmpdir/RtmpA9wR55/R.INSTALL2110364f77e5/BiocIO/man/export.Rd:59: file link 'GFFFile' in package 'rtracklayer' does not exist and so has been treated as a topic
  Rd warning: C:/Users/biocbuild/bbs-3.12-bioc/tmpdir/RtmpA9wR55/R.INSTALL2110364f77e5/BiocIO/man/export.Rd:60: file link 'BEDFile' in package 'rtracklayer' does not exist and so has been treated as a topic
  Rd warning: C:/Users/biocbuild/bbs-3.12-bioc/tmpdir/RtmpA9wR55/R.INSTALL2110364f77e5/BiocIO/man/export.Rd:61: file link 'BED15File' in package 'rtracklayer' does not exist and so has been treated as a topic
  Rd warning: C:/Users/biocbuild/bbs-3.12-bioc/tmpdir/RtmpA9wR55/R.INSTALL2110364f77e5/BiocIO/man/export.Rd:62: file link 'BEDGraphFile' in package 'rtracklayer' does not exist and so has been treated as a topic
  Rd warning: C:/Users/biocbuild/bbs-3.12-bioc/tmpdir/RtmpA9wR55/R.INSTALL2110364f77e5/BiocIO/man/export.Rd:63: file link 'WIGFile' in package 'rtracklayer' does not exist and so has been treated as a topic
See 'C:/Users/biocbuild/bbs-3.12-bioc/meat/BiocIO.Rcheck/00install.out' for details.
* checking installed package size ... OK
* checking package directory ... OK
* checking 'build' directory ... OK
* checking DESCRIPTION meta-information ... OK
* checking top-level files ... OK
* checking for left-over files ... OK
* checking index information ... OK
* checking package subdirectories ... OK
* checking R files for non-ASCII characters ... OK
* checking R files for syntax errors ... OK
* loading checks for arch 'i386'
** checking whether the package can be loaded ... OK
** checking whether the package can be loaded with stated dependencies ... OK
** checking whether the package can be unloaded cleanly ... OK
** checking whether the namespace can be loaded with stated dependencies ... OK
** checking whether the namespace can be unloaded cleanly ... OK
* loading checks for arch 'x64'
** checking whether the package can be loaded ... OK
** checking whether the package can be loaded with stated dependencies ... OK
** checking whether the package can be unloaded cleanly ... OK
** checking whether the namespace can be loaded with stated dependencies ... OK
** checking whether the namespace can be unloaded cleanly ... OK
* checking dependencies in R code ... OK
* checking S3 generic/method consistency ... OK
* checking replacement functions ... OK
* checking foreign function calls ... OK
* checking R code for possible problems ... OK
* checking Rd files ... OK
* checking Rd metadata ... OK
* checking Rd cross-references ... OK
* checking for missing documentation entries ... OK
* checking for code/documentation mismatches ... OK
* checking Rd \usage sections ... OK
* checking Rd contents ... OK
* checking for unstated dependencies in examples ... OK
* checking files in 'vignettes' ... OK
* checking examples ...
** running examples for arch 'i386' ... OK
** running examples for arch 'x64' ... OK
* checking for unstated dependencies in 'tests' ... OK
* checking tests ...
** running tests for arch 'i386' ...
  Running 'testthat.R'
 OK
** running tests for arch 'x64' ...
  Running 'testthat.R'
 OK
* checking for unstated dependencies in vignettes ... OK
* checking package vignettes in 'inst/doc' ... OK
* checking running R code from vignettes ... SKIPPED
* checking re-building of vignette outputs ... SKIPPED
* checking PDF version of manual ... OK
* DONE

Status: 1 WARNING
See
  'C:/Users/biocbuild/bbs-3.12-bioc/meat/BiocIO.Rcheck/00check.log'
for details.



Installation output

BiocIO.Rcheck/00install.out

##############################################################################
##############################################################################
###
### Running command:
###
###   C:\cygwin\bin\curl.exe -O https://malbec1.bioconductor.org/BBS/3.12/bioc/src/contrib/BiocIO_1.0.1.tar.gz && rm -rf BiocIO.buildbin-libdir && mkdir BiocIO.buildbin-libdir && C:\Users\biocbuild\bbs-3.12-bioc\R\bin\R.exe CMD INSTALL --merge-multiarch --build --library=BiocIO.buildbin-libdir BiocIO_1.0.1.tar.gz && C:\Users\biocbuild\bbs-3.12-bioc\R\bin\R.exe CMD INSTALL BiocIO_1.0.1.zip && rm BiocIO_1.0.1.tar.gz BiocIO_1.0.1.zip
###
##############################################################################
##############################################################################


  % Total    % Received % Xferd  Average Speed   Time    Time     Time  Current
                                 Dload  Upload   Total   Spent    Left  Speed

  0     0    0     0    0     0      0      0 --:--:-- --:--:-- --:--:--     0
100  8946  100  8946    0     0   256k      0 --:--:-- --:--:-- --:--:--  291k

install for i386

* installing *source* package 'BiocIO' ...
** using staged installation
** R
** byte-compile and prepare package for lazy loading
** help
*** installing help indices
  converting help for package 'BiocIO'
    finding HTML links ... done
    BiocFile-class                          html  
Rd warning: C:/Users/biocbuild/bbs-3.12-bioc/tmpdir/RtmpA9wR55/R.INSTALL2110364f77e5/BiocIO/man/BiocFile-class.Rd:146: file link 'TwoBitFile' in package 'rtracklayer' does not exist and so has been treated as a topic
Rd warning: C:/Users/biocbuild/bbs-3.12-bioc/tmpdir/RtmpA9wR55/R.INSTALL2110364f77e5/BiocIO/man/BiocFile-class.Rd:146: file link 'BEDFile' in package 'rtracklayer' does not exist and so has been treated as a topic
Rd warning: C:/Users/biocbuild/bbs-3.12-bioc/tmpdir/RtmpA9wR55/R.INSTALL2110364f77e5/BiocIO/man/BiocFile-class.Rd:147: file link 'GFFFile' in package 'rtracklayer' does not exist and so has been treated as a topic
Rd warning: C:/Users/biocbuild/bbs-3.12-bioc/tmpdir/RtmpA9wR55/R.INSTALL2110364f77e5/BiocIO/man/BiocFile-class.Rd:147: file link 'WIGFile' in package 'rtracklayer' does not exist and so has been treated as a topic
    export                                  html  
Rd warning: C:/Users/biocbuild/bbs-3.12-bioc/tmpdir/RtmpA9wR55/R.INSTALL2110364f77e5/BiocIO/man/export.Rd:59: file link 'GFFFile' in package 'rtracklayer' does not exist and so has been treated as a topic
Rd warning: C:/Users/biocbuild/bbs-3.12-bioc/tmpdir/RtmpA9wR55/R.INSTALL2110364f77e5/BiocIO/man/export.Rd:60: file link 'BEDFile' in package 'rtracklayer' does not exist and so has been treated as a topic
Rd warning: C:/Users/biocbuild/bbs-3.12-bioc/tmpdir/RtmpA9wR55/R.INSTALL2110364f77e5/BiocIO/man/export.Rd:61: file link 'BED15File' in package 'rtracklayer' does not exist and so has been treated as a topic
Rd warning: C:/Users/biocbuild/bbs-3.12-bioc/tmpdir/RtmpA9wR55/R.INSTALL2110364f77e5/BiocIO/man/export.Rd:62: file link 'BEDGraphFile' in package 'rtracklayer' does not exist and so has been treated as a topic
Rd warning: C:/Users/biocbuild/bbs-3.12-bioc/tmpdir/RtmpA9wR55/R.INSTALL2110364f77e5/BiocIO/man/export.Rd:63: file link 'WIGFile' in package 'rtracklayer' does not exist and so has been treated as a topic
** building package indices
** installing vignettes
** testing if installed package can be loaded from temporary location
** testing if installed package can be loaded from final location
** testing if installed package keeps a record of temporary installation path

install for x64

* installing *source* package 'BiocIO' ...
** testing if installed package can be loaded
* MD5 sums
packaged installation of 'BiocIO' as BiocIO_1.0.1.zip
* DONE (BiocIO)
* installing to library 'C:/Users/biocbuild/bbs-3.12-bioc/R/library'
package 'BiocIO' successfully unpacked and MD5 sums checked

Tests output

BiocIO.Rcheck/tests_i386/testthat.Rout


R version 4.0.3 (2020-10-10) -- "Bunny-Wunnies Freak Out"
Copyright (C) 2020 The R Foundation for Statistical Computing
Platform: i386-w64-mingw32/i386 (32-bit)

R is free software and comes with ABSOLUTELY NO WARRANTY.
You are welcome to redistribute it under certain conditions.
Type 'license()' or 'licence()' for distribution details.

R is a collaborative project with many contributors.
Type 'contributors()' for more information and
'citation()' on how to cite R or R packages in publications.

Type 'demo()' for some demos, 'help()' for on-line help, or
'help.start()' for an HTML browser interface to help.
Type 'q()' to quit R.

> library(testthat)
> library(BiocIO)
> 
> test_check("BiocIO")
[ FAIL 0 | WARN 0 | SKIP 0 | PASS 8 ]
> 
> proc.time()
   user  system elapsed 
   3.21    0.23    3.76 

BiocIO.Rcheck/tests_x64/testthat.Rout


R version 4.0.3 (2020-10-10) -- "Bunny-Wunnies Freak Out"
Copyright (C) 2020 The R Foundation for Statistical Computing
Platform: x86_64-w64-mingw32/x64 (64-bit)

R is free software and comes with ABSOLUTELY NO WARRANTY.
You are welcome to redistribute it under certain conditions.
Type 'license()' or 'licence()' for distribution details.

R is a collaborative project with many contributors.
Type 'contributors()' for more information and
'citation()' on how to cite R or R packages in publications.

Type 'demo()' for some demos, 'help()' for on-line help, or
'help.start()' for an HTML browser interface to help.
Type 'q()' to quit R.

> library(testthat)
> library(BiocIO)
> 
> test_check("BiocIO")
[ FAIL 0 | WARN 0 | SKIP 0 | PASS 8 ]
> 
> proc.time()
   user  system elapsed 
   4.03    0.15    4.25 

Example timings

BiocIO.Rcheck/examples_i386/BiocIO-Ex.timings

nameusersystemelapsed
BiocFile-class0.030.010.04
export0.040.000.04

BiocIO.Rcheck/examples_x64/BiocIO-Ex.timings

nameusersystemelapsed
BiocFile-class0.030.000.03
export0.010.000.02