Back to Multiple platform build/check report for BioC 3.12
[A]BCDEFGHIJKLMNOPQRSTUVWXYZ

BUILD report for AnnotationForge on nebbiolo1

This page was generated on 2021-01-17 11:50:48 -0500 (Sun, 17 Jan 2021).

TO THE DEVELOPERS/MAINTAINERS OF THE AnnotationForge PACKAGE: Please make sure to use the following settings in order to reproduce any error or warning you see on this page.
Package 64/1974HostnameOS / ArchINSTALLBUILDCHECKBUILD BIN
AnnotationForge 1.32.0
Bioconductor Package Maintainer
Snapshot Date: 2021-01-16 14:41:12 -0500 (Sat, 16 Jan 2021)
URL: https://git.bioconductor.org/packages/AnnotationForge
Branch: RELEASE_3_12
Last Commit: 3d17c2a
Last Changed Date: 2020-10-27 10:46:13 -0500 (Tue, 27 Oct 2020)
malbec1 Linux (Ubuntu 18.04.5 LTS) / x86_64  OK  OK  OK UNNEEDED, same version exists in internal repository
nebbiolo1 Linux (Ubuntu 20.04.1 LTS) / x86_64  OK [ ERROR ] skipped 
tokay1 Windows Server 2012 R2 Standard / x64  OK  OK  OK  OK UNNEEDED, same version exists in internal repository
merida1 macOS 10.14.6 Mojave / x86_64  OK  OK  OK  OK UNNEEDED, same version exists in internal repository

Summary

Package: AnnotationForge
Version: 1.32.0
Command: /home/biocbuild/bbs-3.12-bioc/R/bin/R CMD build --keep-empty-dirs --no-resave-data AnnotationForge
StartedAt: 2021-01-16 17:38:01 -0500 (Sat, 16 Jan 2021)
EndedAt: 2021-01-16 17:40:40 -0500 (Sat, 16 Jan 2021)
EllapsedTime: 158.7 seconds
RetCode: 1
Status:  ERROR 
PackageFile: None
PackageFileSize: NA

Command output

##############################################################################
##############################################################################
###
### Running command:
###
###   /home/biocbuild/bbs-3.12-bioc/R/bin/R CMD build --keep-empty-dirs --no-resave-data AnnotationForge
###
##############################################################################
##############################################################################


* checking for file ‘AnnotationForge/DESCRIPTION’ ... OK
* preparing ‘AnnotationForge’:
* checking DESCRIPTION meta-information ... OK
* installing the package to build vignettes
* creating vignettes ... ERROR
--- re-building ‘MakingNewAnnotationPackages.Rnw’ using knitr
Quitting from lines 196-202 (MakingNewAnnotationPackages.Rnw) 
Error: processing vignette 'MakingNewAnnotationPackages.Rnw' failed with diagnostics:
cannot open the connection to 'http://www.uniprot.org/uniprot/?query=P13368+or+Q6GZX4&format=tab'
--- failed re-building ‘MakingNewAnnotationPackages.Rnw’

--- re-building ‘MakingNewOrganismPackages.Rmd’ using knitr
--- finished re-building ‘MakingNewOrganismPackages.Rmd’

--- re-building ‘SQLForge.Rnw’ using knitr
--- finished re-building ‘SQLForge.Rnw’

--- re-building ‘makeProbePackage.Rnw’ using knitr
Warning: call dbDisconnect() when finished working with a connection

See
  ‘/tmp/Rtmp1PtLH7/hgu95av2probe.Rcheck/00check.log’
for details.


--- finished re-building ‘makeProbePackage.Rnw’

SUMMARY: processing the following file failed:
  ‘MakingNewAnnotationPackages.Rnw’

Error: Vignette re-building failed.
Execution halted